From mboxrd@z Thu Jan 1 00:00:00 1970 From: osstest service owner Subject: [xen-unstable test] 110994: regressions - FAIL Date: Sat, 24 Jun 2017 10:12:38 +0000 Message-ID: Mime-Version: 1.0 Content-Type: multipart/mixed; boundary="===============3374381766684040023==" Return-path: List-Unsubscribe: , List-Post: List-Help: List-Subscribe: , Errors-To: xen-devel-bounces@lists.xen.org Sender: "Xen-devel" To: xen-devel@lists.xensource.com, osstest-admin@xenproject.org List-Id: xen-devel@lists.xenproject.org --===============3374381766684040023== Content-Type: text/plain flight 110994 xen-unstable real [real] http://logs.test-lab.xenproject.org/osstest/logs/110994/ Regressions :-( Tests which did not succeed and are blocking, including tests which could not be run: test-amd64-i386-xl-qemuu-win7-amd64 15 guest-localmigrate/x10 fail REGR. vs. 110465 test-amd64-amd64-xl-qemuu-win7-amd64 15 guest-localmigrate/x10 fail REGR. vs. 110465 test-amd64-i386-xl-qemut-win7-amd64 15 guest-localmigrate/x10 fail REGR. vs. 110465 build-armhf-libvirt 5 libvirt-build fail REGR. vs. 110465 Tests which did not succeed, but are not blocking: test-armhf-armhf-libvirt 1 build-check(1) blocked n/a test-armhf-armhf-libvirt-raw 1 build-check(1) blocked n/a test-armhf-armhf-libvirt-xsm 1 build-check(1) blocked n/a test-amd64-amd64-xl-qemut-win7-amd64 15 guest-localmigrate/x10 fail like 110465 test-armhf-armhf-xl-rtds 15 guest-start/debian.repeat fail like 110465 test-amd64-amd64-xl-rtds 9 debian-install fail like 110465 test-amd64-amd64-xl-qemut-ws16-amd64 9 windows-install fail never pass build-amd64-prev 6 xen-build/dist-test fail never pass test-amd64-amd64-libvirt 12 migrate-support-check fail never pass test-amd64-i386-libvirt-xsm 12 migrate-support-check fail never pass test-amd64-amd64-libvirt-xsm 12 migrate-support-check fail never pass test-amd64-i386-libvirt 12 migrate-support-check fail never pass test-amd64-amd64-xl-qemuu-ws16-amd64 9 windows-install fail never pass build-i386-prev 6 xen-build/dist-test fail never pass test-arm64-arm64-libvirt-xsm 12 migrate-support-check fail never pass test-arm64-arm64-libvirt-xsm 13 saverestore-support-check fail never pass test-arm64-arm64-xl-credit2 12 migrate-support-check fail never pass test-arm64-arm64-xl-credit2 13 saverestore-support-check fail never pass test-arm64-arm64-xl-xsm 12 migrate-support-check fail never pass test-arm64-arm64-xl-xsm 13 saverestore-support-check fail never pass test-amd64-amd64-libvirt-qemuu-debianhvm-amd64-xsm 10 migrate-support-check fail never pass test-armhf-armhf-xl-arndale 12 migrate-support-check fail never pass test-armhf-armhf-xl-arndale 13 saverestore-support-check fail never pass test-amd64-amd64-libvirt-vhd 11 migrate-support-check fail never pass test-amd64-i386-xl-qemuu-ws16-amd64 12 guest-saverestore fail never pass test-amd64-amd64-qemuu-nested-amd 16 debian-hvm-install/l1/l2 fail never pass test-armhf-armhf-xl-xsm 12 migrate-support-check fail never pass test-armhf-armhf-xl-xsm 13 saverestore-support-check fail never pass test-armhf-armhf-xl-multivcpu 12 migrate-support-check fail never pass test-armhf-armhf-xl-multivcpu 13 saverestore-support-check fail never pass test-armhf-armhf-xl 12 migrate-support-check fail never pass test-armhf-armhf-xl 13 saverestore-support-check fail never pass test-amd64-i386-xl-qemut-ws16-amd64 12 guest-saverestore fail never pass test-armhf-armhf-xl-cubietruck 12 migrate-support-check fail never pass test-armhf-armhf-xl-cubietruck 13 saverestore-support-check fail never pass test-amd64-i386-libvirt-qemuu-debianhvm-amd64-xsm 10 migrate-support-check fail never pass test-armhf-armhf-xl-rtds 12 migrate-support-check fail never pass test-armhf-armhf-xl-rtds 13 saverestore-support-check fail never pass test-arm64-arm64-xl 12 migrate-support-check fail never pass test-arm64-arm64-xl 13 saverestore-support-check fail never pass test-armhf-armhf-xl-vhd 11 migrate-support-check fail never pass test-armhf-armhf-xl-vhd 12 saverestore-support-check fail never pass test-armhf-armhf-xl-credit2 12 migrate-support-check fail never pass test-armhf-armhf-xl-credit2 13 saverestore-support-check fail never pass test-amd64-i386-xl-qemut-win10-i386 9 windows-install fail never pass test-amd64-i386-xl-qemuu-win10-i386 9 windows-install fail never pass test-amd64-amd64-xl-qemut-win10-i386 9 windows-install fail never pass test-amd64-amd64-xl-qemuu-win10-i386 9 windows-install fail never pass version targeted for testing: xen 579d698da608a24ab334a6a38d932176bac5cecd baseline version: xen 695bb5f504ab48c1d546446f104c1b6c0ead126d Last test of basis 110465 2017-06-15 09:46:33 Z 9 days Failing since 110484 2017-06-16 09:32:22 Z 8 days 9 attempts Testing same since 110994 2017-06-23 11:01:32 Z 0 days 1 attempts ------------------------------------------------------------ People who touched revisions under test: Andrew Cooper Andrew Morton Artem Bityutskiy Bernhard M. Wiedemann Bernhard M. Wiedemann Dario Faggioli David Woodhouse Dushyant Behl George Dunlap Ian Jackson Jan Beulich Juergen Gross Julien Grall Konrad Rzeszutek Wilk Linus Torvalds Peter Zijlstra Petre Pircalabu Praveen Kumar Roger Pau Monné Ross Lagerwall Stefano Stabellini Tamas K Lengyel Tim Deegan Wei Liu Wolfram Strepp Zhongze Liu jobs: build-amd64-xsm pass build-arm64-xsm pass build-armhf-xsm pass build-i386-xsm pass build-amd64-xtf pass build-amd64 pass build-arm64 pass build-armhf pass build-i386 pass build-amd64-libvirt pass build-arm64-libvirt pass build-armhf-libvirt fail build-i386-libvirt pass build-amd64-prev pass build-i386-prev pass build-amd64-pvops pass build-arm64-pvops pass build-armhf-pvops pass build-i386-pvops pass build-amd64-rumprun pass build-i386-rumprun pass test-xtf-amd64-amd64-1 pass test-xtf-amd64-amd64-2 pass test-xtf-amd64-amd64-3 pass test-xtf-amd64-amd64-4 pass test-xtf-amd64-amd64-5 pass test-amd64-amd64-xl pass test-arm64-arm64-xl pass test-armhf-armhf-xl pass test-amd64-i386-xl pass test-amd64-amd64-xl-qemut-debianhvm-amd64-xsm pass test-amd64-i386-xl-qemut-debianhvm-amd64-xsm pass test-amd64-amd64-libvirt-qemuu-debianhvm-amd64-xsm pass test-amd64-i386-libvirt-qemuu-debianhvm-amd64-xsm pass test-amd64-amd64-xl-qemuu-debianhvm-amd64-xsm pass test-amd64-i386-xl-qemuu-debianhvm-amd64-xsm pass test-amd64-amd64-xl-qemut-stubdom-debianhvm-amd64-xsm pass test-amd64-i386-xl-qemut-stubdom-debianhvm-amd64-xsm pass test-amd64-amd64-libvirt-xsm pass test-arm64-arm64-libvirt-xsm pass test-armhf-armhf-libvirt-xsm blocked test-amd64-i386-libvirt-xsm pass test-amd64-amd64-xl-xsm pass test-arm64-arm64-xl-xsm pass test-armhf-armhf-xl-xsm pass test-amd64-i386-xl-xsm pass test-amd64-amd64-qemuu-nested-amd fail test-amd64-amd64-xl-pvh-amd pass test-amd64-i386-qemut-rhel6hvm-amd pass test-amd64-i386-qemuu-rhel6hvm-amd pass test-amd64-amd64-xl-qemut-debianhvm-amd64 pass test-amd64-i386-xl-qemut-debianhvm-amd64 pass test-amd64-amd64-xl-qemuu-debianhvm-amd64 pass test-amd64-i386-xl-qemuu-debianhvm-amd64 pass test-amd64-i386-freebsd10-amd64 pass test-amd64-amd64-xl-qemuu-ovmf-amd64 pass test-amd64-i386-xl-qemuu-ovmf-amd64 pass test-amd64-amd64-rumprun-amd64 pass test-amd64-amd64-xl-qemut-win7-amd64 fail test-amd64-i386-xl-qemut-win7-amd64 fail test-amd64-amd64-xl-qemuu-win7-amd64 fail test-amd64-i386-xl-qemuu-win7-amd64 fail test-amd64-amd64-xl-qemut-ws16-amd64 fail test-amd64-i386-xl-qemut-ws16-amd64 fail test-amd64-amd64-xl-qemuu-ws16-amd64 fail test-amd64-i386-xl-qemuu-ws16-amd64 fail test-armhf-armhf-xl-arndale pass test-amd64-amd64-xl-credit2 pass test-arm64-arm64-xl-credit2 pass test-armhf-armhf-xl-credit2 pass test-armhf-armhf-xl-cubietruck pass test-amd64-amd64-examine pass test-arm64-arm64-examine pass test-armhf-armhf-examine pass test-amd64-i386-examine pass test-amd64-i386-freebsd10-i386 pass test-amd64-i386-rumprun-i386 pass test-amd64-amd64-xl-qemut-win10-i386 fail test-amd64-i386-xl-qemut-win10-i386 fail test-amd64-amd64-xl-qemuu-win10-i386 fail test-amd64-i386-xl-qemuu-win10-i386 fail test-amd64-amd64-qemuu-nested-intel pass test-amd64-amd64-xl-pvh-intel pass test-amd64-i386-qemut-rhel6hvm-intel pass test-amd64-i386-qemuu-rhel6hvm-intel pass test-amd64-amd64-libvirt pass test-armhf-armhf-libvirt blocked test-amd64-i386-libvirt pass test-amd64-amd64-livepatch pass test-amd64-i386-livepatch pass test-amd64-amd64-migrupgrade pass test-amd64-i386-migrupgrade pass test-amd64-amd64-xl-multivcpu pass test-armhf-armhf-xl-multivcpu pass test-amd64-amd64-pair pass test-amd64-i386-pair pass test-amd64-amd64-libvirt-pair pass test-amd64-i386-libvirt-pair pass test-amd64-amd64-amd64-pvgrub pass test-amd64-amd64-i386-pvgrub pass test-amd64-amd64-pygrub pass test-amd64-amd64-xl-qcow2 pass test-armhf-armhf-libvirt-raw blocked test-amd64-i386-xl-raw pass test-amd64-amd64-xl-rtds fail test-armhf-armhf-xl-rtds fail test-amd64-amd64-libvirt-vhd pass test-armhf-armhf-xl-vhd pass ------------------------------------------------------------ sg-report-flight on osstest.test-lab.xenproject.org logs: /home/logs/logs images: /home/logs/images Logs, config files, etc. are available at http://logs.test-lab.xenproject.org/osstest/logs Explanation of these reports, and of osstest in general, is at http://xenbits.xen.org/gitweb/?p=osstest.git;a=blob;f=README.email;hb=master http://xenbits.xen.org/gitweb/?p=osstest.git;a=blob;f=README;hb=master Test harness code can be found at http://xenbits.xen.org/gitweb?p=osstest.git;a=summary Not pushing. (No revision log; it would be 1280 lines long.) --===============3374381766684040023== Content-Type: text/plain; charset="utf-8" MIME-Version: 1.0 Content-Transfer-Encoding: base64 Content-Disposition: inline X19fX19fX19fX19fX19fX19fX19fX19fX19fX19fX19fX19fX19fX19fX19fX18KWGVuLWRldmVs IG1haWxpbmcgbGlzdApYZW4tZGV2ZWxAbGlzdHMueGVuLm9yZwpodHRwczovL2xpc3RzLnhlbi5v cmcveGVuLWRldmVsCg== --===============3374381766684040023==--