* [linux-linus test] 111025: regressions - trouble: broken/fail/pass
@ 2017-06-25 13:13 osstest service owner
0 siblings, 0 replies; only message in thread
From: osstest service owner @ 2017-06-25 13:13 UTC (permalink / raw)
To: xen-devel, osstest-admin
[-- Attachment #1: Type: text/plain, Size: 20416 bytes --]
flight 111025 linux-linus real [real]
http://logs.test-lab.xenproject.org/osstest/logs/111025/
Regressions :-(
Tests which did not succeed and are blocking,
including tests which could not be run:
test-arm64-arm64-libvirt-xsm 3 host-install(3) broken REGR. vs. 110515
test-arm64-arm64-xl-credit2 3 host-install(3) broken REGR. vs. 110515
test-arm64-arm64-xl-xsm 3 host-install(3) broken REGR. vs. 110515
test-amd64-i386-qemut-rhel6hvm-amd 11 guest-start/redhat.repeat fail REGR. vs. 110515
test-amd64-amd64-xl-qemuu-win7-amd64 15 guest-localmigrate/x10 fail REGR. vs. 110515
test-amd64-amd64-xl-qemut-win7-amd64 15 guest-localmigrate/x10 fail REGR. vs. 110515
Tests which did not succeed, but are not blocking:
test-armhf-armhf-libvirt 13 saverestore-support-check fail like 110515
test-armhf-armhf-libvirt-xsm 13 saverestore-support-check fail like 110515
test-amd64-i386-xl-qemuu-win7-amd64 16 guest-stop fail like 110515
test-amd64-amd64-xl-rtds 9 debian-install fail like 110515
test-armhf-armhf-libvirt-raw 12 saverestore-support-check fail like 110515
test-amd64-amd64-libvirt-xsm 12 migrate-support-check fail never pass
test-amd64-amd64-xl-qemut-ws16-amd64 9 windows-install fail never pass
test-amd64-i386-libvirt 12 migrate-support-check fail never pass
test-amd64-i386-libvirt-xsm 12 migrate-support-check fail never pass
test-amd64-amd64-libvirt 12 migrate-support-check fail never pass
test-amd64-amd64-libvirt-qemuu-debianhvm-amd64-xsm 10 migrate-support-check fail never pass
test-arm64-arm64-xl 12 migrate-support-check fail never pass
test-arm64-arm64-xl 13 saverestore-support-check fail never pass
test-armhf-armhf-xl-arndale 12 migrate-support-check fail never pass
test-armhf-armhf-xl-arndale 13 saverestore-support-check fail never pass
test-amd64-i386-libvirt-qemuu-debianhvm-amd64-xsm 10 migrate-support-check fail never pass
test-amd64-amd64-libvirt-vhd 11 migrate-support-check fail never pass
test-amd64-amd64-qemuu-nested-amd 16 debian-hvm-install/l1/l2 fail never pass
test-armhf-armhf-xl-rtds 12 migrate-support-check fail never pass
test-armhf-armhf-xl-rtds 13 saverestore-support-check fail never pass
test-armhf-armhf-xl 12 migrate-support-check fail never pass
test-armhf-armhf-xl 13 saverestore-support-check fail never pass
test-armhf-armhf-libvirt 12 migrate-support-check fail never pass
test-armhf-armhf-xl-xsm 12 migrate-support-check fail never pass
test-armhf-armhf-xl-xsm 13 saverestore-support-check fail never pass
test-armhf-armhf-xl-cubietruck 12 migrate-support-check fail never pass
test-armhf-armhf-xl-cubietruck 13 saverestore-support-check fail never pass
test-armhf-armhf-libvirt-xsm 12 migrate-support-check fail never pass
test-amd64-amd64-xl-qemuu-ws16-amd64 9 windows-install fail never pass
test-amd64-i386-xl-qemut-ws16-amd64 12 guest-saverestore fail never pass
test-armhf-armhf-xl-vhd 11 migrate-support-check fail never pass
test-armhf-armhf-xl-vhd 12 saverestore-support-check fail never pass
test-armhf-armhf-xl-credit2 12 migrate-support-check fail never pass
test-armhf-armhf-xl-credit2 13 saverestore-support-check fail never pass
test-armhf-armhf-xl-multivcpu 12 migrate-support-check fail never pass
test-armhf-armhf-xl-multivcpu 13 saverestore-support-check fail never pass
test-armhf-armhf-libvirt-raw 11 migrate-support-check fail never pass
test-amd64-i386-xl-qemuu-ws16-amd64 12 guest-saverestore fail never pass
test-amd64-amd64-xl-qemut-win10-i386 9 windows-install fail never pass
test-amd64-amd64-xl-qemuu-win10-i386 9 windows-install fail never pass
test-amd64-i386-xl-qemuu-win10-i386 9 windows-install fail never pass
test-amd64-i386-xl-qemut-win10-i386 9 windows-install fail never pass
version targeted for testing:
linux 94a6df251dd08c6436ebd6d10c68f03659148ce1
baseline version:
linux 1439ccf73d9c07654fdd5b4969fd53c2feb8684d
Last test of basis 110515 2017-06-17 06:48:56 Z 8 days
Failing since 110536 2017-06-17 23:48:13 Z 7 days 8 attempts
Testing same since 111025 2017-06-24 01:14:32 Z 1 days 1 attempts
------------------------------------------------------------
People who touched revisions under test:
"H.J. Lu" <hjl.tools@gmail.com>
"Yan, Zheng" <zyan@redhat.com>
Al Viro <viro@zeniv.linux.org.uk>
Alan Stern <stern@rowland.harvard.edu>
Alex Deucher <alexander.deucher@amd.com>
Alexandre TORGUE <alexandre.torgue@st.com>
Alexey Khoroshilov <khoroshilov@ispras.ru>
Alistair Popple <alistair@popple.id.au>
Allen Hubbe <Allen.Hubbe@dell.com>
Andrei Vagin <avagin@openvz.org>
Andrew Morton <akpm@linux-foundation.org>
Andy Lutomirski <luto@kernel.org>
Angus Ainslie <angus@akkea.ca>
Ard Biesheuvel <ard.biesheuvel@linaro.org>
Arend van Spriel <arend.vanspriel@broadcom.com>
Arnaldo Carvalho de Melo <acme@redhat.com>
Arnd Bergmann <arnd@arndb.de>
Bart Van Assche <bart.vanassche@wdc.com>
Benjamin Gaignard <benjamin.gaignard@linaro.org>
Benjamin Tissoires <benjamin.tissoires@redhat.com>
Boris Brezillon <boris.brezillon@free-electrons.com>
Brian Foster <bfoster@redhat.com>
Charles Keepax <ckeepax@opensource.wolfsonmicro.com>
Chen-Yu Tsai <wens@csie.org>
Chris Mi <chrism@mellanox.com>
Chris Wilson <chris@chris-wilson.co.uk>
Christian Borntraeger <borntraeger@de.ibm.com>
Christian König <christian.koenig@amd.com>
Christophe JAILLET <christophe.jaillet@wanadoo.fr>
Chunming Zhou <david1.zhou@amd.com>
Colin Ian King <colin.king@canonical.com>
Cong Wang <xiyou.wangcong@gmail.com>
Corentin Labbe <clabbe.montjoie@gmail.com>
Dan Carpenter <dan.carpenter@oracle.com>
Daniel Stone <daniels@collabora.com>
Daniel Vetter <daniel.vetter@ffwll.ch>
Daniel Vetter <daniel.vetter@intel.com>
Darrick J. Wong <darrick.wong@oracle.com>
Dave Airlie <airlied@redhat.com>
Dave Jiang <dave.jiang@intel.com>
David Howells <dhowells@redhat.com>
David Rientjes <rientjes@google.com>
David S. Miller <davem@davemloft.net>
Dhinakaran Pandiyan <dhinakaran.pandiyan@intel.com>
Edward Cree <ecree@solarflare.com>
Eli Cohen <eli@mellanox.com>
Enric Balletbo i Serra <enric.balletbo@collabora.com>
Eric Dumazet <edumazet@google.com>
Eric Ren <zren@suse.com>
Fabrice Gasnier <fabrice.gasnier@st.com>
Felipe Balbi <felipe.balbi@linux.intel.com>
Fugang Duan <fugang.duan@nxp.com>
Ganesh Goudar <ganeshgr@chelsio.com>
Gao Feng <gfree.wind@vip.163.com>
Gary R Hook <gary.hook@amd.com>
Greg Kroah-Hartman <gregkh@linuxfoundation.org>
Gregory CLEMENT <gregory.clement@free-electrons.com>
Haishuang Yan <yanhaishuang@cmss.chinamobile.com>
Hannes Frederic Sowa <hannes@stressinduktion.org>
Heiko Carstens <heiko.carstens@de.ibm.com>
Heiner Kallweit <hkallweit1@gmail.com>
Heinrich Schuchardt <xypron.glpk@gmx.de>
Helge Deller <deller@gmx.de>
Helge Deller <deller@gmx.de> # parisc
Hendrik Brueckner <brueckner@linux.vnet.ibm.com>
Hugh Dickins <hughd@google.com>
Icenowy Zheng <icenowy@aosc.io>
Ilya Dryomov <idryomov@gmail.com>
Ilya Matveychikov <matvejchikov@gmail.com>
Ilya V. Matveychikov <matvejchikov@gmail.com>
Ingo Molnar <mingo@kernel.org>
Jacek Anaszewski <jacek.anaszewski@gmail.com>
James Cowgill <James.Cowgill@imgtec.com>
James Hogan <james.hogan@imgtec.com>
Jan Beulich <jbeulich@suse.com>
Jan Kara <jack@suse.cz>
Jan Kratochvil <jan.kratochvil@redhat.com>
Jani Nikula <jani.nikula@intel.com>
Jarkko Nikula <jarkko.nikula@linux.intel.com>
Jason A. Donenfeld <Jason@zx2c4.com>
Jason Wang <jasowang@redhat.com>
Jean-Baptiste Maneyrol <jmaneyrol@invensense.com>
Jens Axboe <axboe@kernel.dk>
Jiada Wang <jiada_wang@mentor.com>
Jiri Kosina <jkosina@suse.cz>
Jiri Olsa <jolsa@kernel.org>
Jiri Olsa <jolsa@redhat.com>
Johannes Berg <johannes.berg@intel.com>
Jon Mason <jdmason@kudzu.us>
Jonas Gorski <jonas.gorski@gmail.com>
Jonathan Cameron <jic23@kernel.org>
Josh Poimboeuf <jpoimboe@redhat.com>
Juergen Gross <jgross@suse.com>
Junshan Fang <Junshan.Fang@amd.com>
Kalle Valo <kvalo@codeaurora.org>
Kees Cook <keescook@chromium.org>
Konrad Rzeszutek Wilk <konrad.wilk@oracle.com>
Krzysztof Kozlowski <krzk@kernel.org>
Larry Finger <Larry.Finger@lwfinger.net>
Lars-Peter Clausen <lars@metafoo.de>
Lee Jones <lee.jones@linaro.org>
Lin Yun Sheng <linyunsheng@huawei.com>
Linus Torvalds <torvalds@linux-foundation.org>
Linus Walleij <linus.walleij@linaro.org>
Liwei Song <liwei.song@windriver.com>
Logan Gunthorpe <logang@deltatee.com>
Luis Henriques <lhenriques@suse.com>
Madalin Bucur <madalin.bucur@nxp.com>
Manish Rangankar <manish.rangankar@cavium.com>
Maor Dickman <maord@mellanox.com>
Marcin Nowakowski <marcin.nowakowski@imgtec.com>
Mark Rutland <mark.rutland@arm.com>
Martin Blumenstingl <martin.blumenstingl@googlemail.com>
Martin K. Petersen <martin.petersen@oracle.com>
Martin KaFai Lau <kafai@fb.com>
Masami Hiramatsu <mhiramat@kernel.org>
Mathias Nyman <mathias.nyman@linux.intel.com>
Matt Redfearn <matt.redfearn@imgtec.com>
Max Gurtovoy <maxg@mellanox.com>
Maxime Ripard <maxime.ripard@free-electrons.com>
Megha Dey <megha.dey@intel.com>
Michael Ellerman <mpe@ellerman.id.au>
Michael S. Tsirkin <mst@redhat.com>
Michael Turquette <mturquette@baylibre.com>
Michail G Etairidis <m.etairidis@beck-ipc.com>
Michail Georgios Etairidis <m.etairidis@beck-ipc.com>
Michal Hocko <mhocko@suse.com>
Mika Westerberg <mika.westerberg@linux.intel.com>
Mike Snitzer <snitzer@redhat.com>
Mikulas Patocka <mpatocka@redhat.com>
Milian Wolff <milian.wolff@kdab.com>
Miroslav Benes <mbenes@suse.cz>
Naveen N. Rao <naveen.n.rao@linux.vnet.ibm.com>
Neil Armstrong <narmstrong@baylibre.com>
Neil Horman <nhorman@tuxdrver.com>
NeilBrown <neilb@suse.com>
Nicholas Piggin <npiggin@gmail.com>
Niklas Cassel <niklas.cassel@axis.com>
Olof Johansson <olof@lixom.net>
Ondrej Kozina <okozina@redhat.com>
Ondrej Mosnacek <omosnacek@gmail.com>
Ondrej MosnáÄek <omosnacek@gmail.com>
Or Gerlitz <ogerlitz@mellanox.com>
Paolo Bonzini <pbonzini@redhat.com>
Paul Burton <paul.burton@imgtec.com>
Paul Mackerras <paulus@ozlabs.org>
Pavel Machek <pavel@ucw.cz>
Pavel Shilovsky <pshilov@microsoft.com>
Peter Dawson <peter.a.dawson@boeing.com>
Peter Zijlstra (Intel) <peterz@infradead.org>
Peter Zijlstra <peterz@infradead.org>
Petr Mladek <pmladek@suse.com>
Phil Reid <preid@electromag.com.au>
Pravin B Shelar <pshelar@ovn.org>
Puthikorn Voravootivat <puthik@chromium.org>
Radim KrÄmáŠ<rkrcmar@redhat.com>
Rafael J. Wysocki <rafael.j.wysocki@intel.com>
Raju Rangoju <rajur@chelsio.com>
Ralf Baechle <ralf@linux-mips.org>
Ralph Sennhauser <ralph.sennhauser@gmail.com>
Ravi Bangoria <ravi.bangoria@linux.vnet.ibm.com>
Rik van Riel <riel@redhat.com>
Rob Herring <robh@kernel.org>
Roger Pau Monné <roger.pau@citrix.com>
Saeed Mahameed <saeedm@mellanox.com>
Sebastian Andrzej Siewior <bigeasy@linutronix.de>
Sebastian Parschauer <sparschauer@suse.de>
Sebastian Siewior <bigeasy@linutronix.de>
Serhey Popovych <serhe.popovych@gmail.com>
Stephen Boyd <sboyd@codeaurora.org>
Stephen Rothwell <sfr@canb.auug.org.au>
Steve French <smfrench@gmail.com>
Steve Wise <swise@opengridcomputing.com>
Steven Haigh <netwiz@crc.id.au>
Steven Rostedt (VMware) <rostedt@goodmis.org>
Subhransu S. Prusty <subhransu.s.prusty@intel.com>
Takashi Iwai <tiwai@suse.de>
Takashi Sakamoto <o-takashi@sakamocchi.jp>
Tejun Heo <tj@kernel.org>
Theodore Ts'o <tytso@mit.edu>
Thomas Gleixner <tglx@linutronix.de>
Thomas Voegtle <tv@lio96.de>
Tobias Regnery <tobias.regnery@gmail.com>
Tony Lindgren <tony@atomide.com>
Uwe Kleine-König <u.kleine-koenig@pengutronix.de>
Ville Syrjälä <ville.syrjala@linux.intel.com>
Vinod Koul <vinod.koul@intel.com>
Vlastimil Babka <vbabka@suse.cz>
WANG Cong <xiyou.wangcong@gmail.com>
Wei Wang <weiwan@google.com>
Wei Yongjun <weiyongjun1@huawei.com>
Wolfram Sang <wsa+renesas@sang-engineering.com>
Wolfram Sang <wsa@the-dreams.de>
Xin Long <lucien.xin@gmail.com>
xypron.glpk@gmx.de <xypron.glpk@gmx.de>
Yan, Zheng <zyan@redhat.com>
YD Tseng <yd_tseng@asmedia.com.tw>
Yong Deng <iemdey@gmail.com>
Zhang Bo <bo.zhang@nxp.com>
Zhang Shengju <zhangshengju@cmss.chinamobile.com>
Ãlvaro Fernández Rojas <noltari@gmail.com>
jobs:
build-amd64-xsm pass
build-arm64-xsm pass
build-armhf-xsm pass
build-i386-xsm pass
build-amd64 pass
build-arm64 pass
build-armhf pass
build-i386 pass
build-amd64-libvirt pass
build-arm64-libvirt pass
build-armhf-libvirt pass
build-i386-libvirt pass
build-amd64-pvops pass
build-arm64-pvops pass
build-armhf-pvops pass
build-i386-pvops pass
build-amd64-rumprun pass
build-i386-rumprun pass
test-amd64-amd64-xl pass
test-arm64-arm64-xl pass
test-armhf-armhf-xl pass
test-amd64-i386-xl pass
test-amd64-amd64-xl-qemut-debianhvm-amd64-xsm pass
test-amd64-i386-xl-qemut-debianhvm-amd64-xsm pass
test-amd64-amd64-libvirt-qemuu-debianhvm-amd64-xsm pass
test-amd64-i386-libvirt-qemuu-debianhvm-amd64-xsm pass
test-amd64-amd64-xl-qemuu-debianhvm-amd64-xsm pass
test-amd64-i386-xl-qemuu-debianhvm-amd64-xsm pass
test-amd64-amd64-xl-qemut-stubdom-debianhvm-amd64-xsm pass
test-amd64-i386-xl-qemut-stubdom-debianhvm-amd64-xsm pass
test-amd64-amd64-libvirt-xsm pass
test-arm64-arm64-libvirt-xsm broken
test-armhf-armhf-libvirt-xsm pass
test-amd64-i386-libvirt-xsm pass
test-amd64-amd64-xl-xsm pass
test-arm64-arm64-xl-xsm broken
test-armhf-armhf-xl-xsm pass
test-amd64-i386-xl-xsm pass
test-amd64-amd64-qemuu-nested-amd fail
test-amd64-amd64-xl-pvh-amd pass
test-amd64-i386-qemut-rhel6hvm-amd fail
test-amd64-i386-qemuu-rhel6hvm-amd pass
test-amd64-amd64-xl-qemut-debianhvm-amd64 pass
test-amd64-i386-xl-qemut-debianhvm-amd64 pass
test-amd64-amd64-xl-qemuu-debianhvm-amd64 pass
test-amd64-i386-xl-qemuu-debianhvm-amd64 pass
test-amd64-i386-freebsd10-amd64 pass
test-amd64-amd64-xl-qemuu-ovmf-amd64 pass
test-amd64-i386-xl-qemuu-ovmf-amd64 pass
test-amd64-amd64-rumprun-amd64 pass
test-amd64-amd64-xl-qemut-win7-amd64 fail
test-amd64-i386-xl-qemut-win7-amd64 pass
test-amd64-amd64-xl-qemuu-win7-amd64 fail
test-amd64-i386-xl-qemuu-win7-amd64 fail
test-amd64-amd64-xl-qemut-ws16-amd64 fail
test-amd64-i386-xl-qemut-ws16-amd64 fail
test-amd64-amd64-xl-qemuu-ws16-amd64 fail
test-amd64-i386-xl-qemuu-ws16-amd64 fail
test-armhf-armhf-xl-arndale pass
test-amd64-amd64-xl-credit2 pass
test-arm64-arm64-xl-credit2 broken
test-armhf-armhf-xl-credit2 pass
test-armhf-armhf-xl-cubietruck pass
test-amd64-amd64-examine pass
test-arm64-arm64-examine pass
test-armhf-armhf-examine pass
test-amd64-i386-examine pass
test-amd64-i386-freebsd10-i386 pass
test-amd64-i386-rumprun-i386 pass
test-amd64-amd64-xl-qemut-win10-i386 fail
test-amd64-i386-xl-qemut-win10-i386 fail
test-amd64-amd64-xl-qemuu-win10-i386 fail
test-amd64-i386-xl-qemuu-win10-i386 fail
test-amd64-amd64-qemuu-nested-intel pass
test-amd64-amd64-xl-pvh-intel pass
test-amd64-i386-qemut-rhel6hvm-intel pass
test-amd64-i386-qemuu-rhel6hvm-intel pass
test-amd64-amd64-libvirt pass
test-armhf-armhf-libvirt pass
test-amd64-i386-libvirt pass
test-amd64-amd64-xl-multivcpu pass
test-armhf-armhf-xl-multivcpu pass
test-amd64-amd64-pair pass
test-amd64-i386-pair pass
test-amd64-amd64-libvirt-pair pass
test-amd64-i386-libvirt-pair pass
test-amd64-amd64-amd64-pvgrub pass
test-amd64-amd64-i386-pvgrub pass
test-amd64-amd64-pygrub pass
test-amd64-amd64-xl-qcow2 pass
test-armhf-armhf-libvirt-raw pass
test-amd64-i386-xl-raw pass
test-amd64-amd64-xl-rtds fail
test-armhf-armhf-xl-rtds pass
test-amd64-amd64-libvirt-vhd pass
test-armhf-armhf-xl-vhd pass
------------------------------------------------------------
sg-report-flight on osstest.test-lab.xenproject.org
logs: /home/logs/logs
images: /home/logs/images
Logs, config files, etc. are available at
http://logs.test-lab.xenproject.org/osstest/logs
Explanation of these reports, and of osstest in general, is at
http://xenbits.xen.org/gitweb/?p=osstest.git;a=blob;f=README.email;hb=master
http://xenbits.xen.org/gitweb/?p=osstest.git;a=blob;f=README;hb=master
Test harness code can be found at
http://xenbits.xen.org/gitweb?p=osstest.git;a=summary
broken-step test-arm64-arm64-libvirt-xsm host-install(3)
broken-step test-arm64-arm64-xl-credit2 host-install(3)
broken-step test-arm64-arm64-xl-xsm host-install(3)
Not pushing.
(No revision log; it would be 5744 lines long.)
[-- Attachment #2: Type: text/plain, Size: 127 bytes --]
_______________________________________________
Xen-devel mailing list
Xen-devel@lists.xen.org
https://lists.xen.org/xen-devel
^ permalink raw reply [flat|nested] only message in thread
only message in thread, other threads:[~2017-06-25 13:13 UTC | newest]
Thread overview: (only message) (download: mbox.gz follow: Atom feed
-- links below jump to the message on this page --
2017-06-25 13:13 [linux-linus test] 111025: regressions - trouble: broken/fail/pass osstest service owner
This is a public inbox, see mirroring instructions
for how to clone and mirror all data and code used for this inbox;
as well as URLs for NNTP newsgroup(s).