From: osstest service owner <osstest-admin@xenproject.org>
To: xen-devel@lists.xensource.com, osstest-admin@xenproject.org
Subject: [linux-4.9 test] 111027: regressions - trouble: blocked/broken/fail/pass
Date: Sun, 25 Jun 2017 15:16:06 +0000 [thread overview]
Message-ID: <osstest-111027-mainreport@xen.org> (raw)
[-- Attachment #1: Type: text/plain, Size: 15782 bytes --]
flight 111027 linux-4.9 real [real]
http://logs.test-lab.xenproject.org/osstest/logs/111027/
Regressions :-(
Tests which did not succeed and are blocking,
including tests which could not be run:
test-armhf-armhf-xl-xsm 16 guest-start/debian.repeat fail REGR. vs. 110557
Tests which did not succeed, but are not blocking:
test-arm64-arm64-libvirt-xsm 1 build-check(1) blocked n/a
test-arm64-arm64-xl 1 build-check(1) blocked n/a
test-arm64-arm64-examine 1 build-check(1) blocked n/a
test-arm64-arm64-xl-credit2 1 build-check(1) blocked n/a
test-arm64-arm64-xl-xsm 1 build-check(1) blocked n/a
build-arm64-pvops 4 host-install(4) broken never pass
build-arm64-libvirt 4 host-install(4) broken never pass
test-amd64-amd64-xl-qemuu-win7-amd64 18 guest-start/win.repeat fail blocked in 110557
test-amd64-i386-xl-qemuu-win7-amd64 16 guest-localmigrate/x10 fail like 110545
test-amd64-i386-xl-qemut-win7-amd64 16 guest-localmigrate/x10 fail like 110545
test-amd64-amd64-xl-qemut-win7-amd64 18 guest-start/win.repeat fail like 110557
test-amd64-amd64-xl-rtds 10 debian-install fail like 110557
test-armhf-armhf-xl-rtds 16 guest-start/debian.repeat fail like 110557
test-amd64-amd64-xl-qemuu-ws16-amd64 10 windows-install fail never pass
test-amd64-amd64-libvirt-xsm 13 migrate-support-check fail never pass
test-amd64-i386-libvirt 13 migrate-support-check fail never pass
test-amd64-i386-libvirt-xsm 13 migrate-support-check fail never pass
test-amd64-amd64-libvirt 13 migrate-support-check fail never pass
test-amd64-amd64-xl-qemut-ws16-amd64 10 windows-install fail never pass
test-amd64-amd64-libvirt-qemuu-debianhvm-amd64-xsm 11 migrate-support-check fail never pass
test-amd64-i386-libvirt-qemuu-debianhvm-amd64-xsm 11 migrate-support-check fail never pass
test-armhf-armhf-xl-arndale 13 migrate-support-check fail never pass
test-armhf-armhf-xl-arndale 14 saverestore-support-check fail never pass
test-amd64-amd64-qemuu-nested-amd 17 debian-hvm-install/l1/l2 fail never pass
test-amd64-i386-xl-qemuu-ws16-amd64 13 guest-saverestore fail never pass
test-armhf-armhf-libvirt 13 migrate-support-check fail never pass
test-armhf-armhf-libvirt 14 saverestore-support-check fail never pass
test-armhf-armhf-xl-multivcpu 13 migrate-support-check fail never pass
test-armhf-armhf-xl-multivcpu 14 saverestore-support-check fail never pass
test-armhf-armhf-xl 13 migrate-support-check fail never pass
test-armhf-armhf-xl 14 saverestore-support-check fail never pass
test-armhf-armhf-xl-credit2 13 migrate-support-check fail never pass
test-armhf-armhf-xl-credit2 14 saverestore-support-check fail never pass
test-armhf-armhf-libvirt-xsm 13 migrate-support-check fail never pass
test-armhf-armhf-libvirt-xsm 14 saverestore-support-check fail never pass
test-amd64-amd64-libvirt-vhd 12 migrate-support-check fail never pass
test-amd64-i386-xl-qemut-ws16-amd64 13 guest-saverestore fail never pass
test-armhf-armhf-libvirt-raw 12 migrate-support-check fail never pass
test-armhf-armhf-libvirt-raw 13 saverestore-support-check fail never pass
test-armhf-armhf-xl-cubietruck 13 migrate-support-check fail never pass
test-armhf-armhf-xl-cubietruck 14 saverestore-support-check fail never pass
test-armhf-armhf-xl-vhd 12 migrate-support-check fail never pass
test-armhf-armhf-xl-vhd 13 saverestore-support-check fail never pass
test-armhf-armhf-xl-xsm 13 migrate-support-check fail never pass
test-armhf-armhf-xl-xsm 14 saverestore-support-check fail never pass
test-amd64-i386-xl-qemut-win10-i386 10 windows-install fail never pass
test-amd64-amd64-xl-qemuu-win10-i386 10 windows-install fail never pass
test-amd64-amd64-xl-qemut-win10-i386 10 windows-install fail never pass
test-amd64-i386-xl-qemuu-win10-i386 10 windows-install fail never pass
test-armhf-armhf-xl-rtds 13 migrate-support-check fail never pass
test-armhf-armhf-xl-rtds 14 saverestore-support-check fail never pass
version targeted for testing:
linux 493ecd5cd73ed41e319fe39816c6d3638ef080ff
baseline version:
linux 050639ef5810e8ad17fb6a426eff3c63e616350c
Last test of basis 110557 2017-06-19 03:39:47 Z 6 days
Testing same since 111027 2017-06-24 05:45:36 Z 1 days 1 attempts
------------------------------------------------------------
People who touched revisions under test:
Alan Stern <stern@rowland.harvard.edu>
Alex Deucher <alexander.deucher@amd.com>
Andrew Morton <akpm@linux-foundation.org>
Andy Lutomirski <luto@kernel.org>
Anton Bondarenko <anton.bondarenko.sama@gmail.com>
Arnd Bergmann <arnd@arndb.de>
Bin Liu <b-liu@ti.com>
Bryant G. Ly <bryantly@linux.vnet.ibm.com>
Chris Brandt <chris.brandt@renesas.com>
Christoph Hellwig <hch@lst.de>
Christophe JAILLET <christophe.jaillet@wanadoo.fr>
CK Hu <ck.hu@mediatek.com>
Corentin Labbe <clabbe.montjoie@gmail.com>
Dan Carpenter <dan.carpenter@oracle.com>
David Miller <davem@davemloft.net>
David S. Miller <davem@davemloft.net>
Eli Cohen <eli@mellanox.com>
Emmanuel Grumbach <emmanuel.grumbach@intel.com>
Eric Anholt <eric@anholt.net>
Eva Rachel Retuya <eraretuya@gmail.com>
Felipe Balbi <felipe.balbi@linux.intel.com>
Geert Uytterhoeven <geert+renesas@glider.be>
Greg Kroah-Hartman <gregkh@linuxfoundation.org>
Hans Verkuil <hans.verkuil@cisco.com>
Heiner Kallweit <hkallweit1@gmail.com>
Helge Deller <deller@gmx.de>
Helge Deller <deller@gmx.de> # parisc
Herbert Xu <herbert@gondor.apana.org.au>
Hon Ching \(Vicky) Lo <honclo@linux.vnet.ibm.com>
Hon Ching(Vicky) Lo <honclo@linux.vnet.ibm.com>
Hugh Dickins <hughd@google.com>
Ingo Molnar <mingo@kernel.org>
James Morse <james.morse@arm.com>
Jani Nikula <jani.nikula@intel.com>
Jarkko Sakkinen <jarkko.sakkinen@linux.intel.com>
Jason A. Donenfeld <Jason@zx2c4.com>
Jean-Baptiste Maneyrol <jmaneyrol@invensense.com>
Johan Hovold <johan@kernel.org>
Johannes Berg <johannes.berg@intel.com>
Jonathan Cameron <jic23@kernel.org>
Joonas Lahtinen <joonas.lahtinen@linux.intel.com>
Kalle Valo <kvalo@qca.qualcomm.com>
Koen Vandeputte <koen.vandeputte@ncentric.com>
Laura Abbott <labbott@redhat.com>
Lee Jones <lee.jones@linaro.org>
Leon Romanovsky <leon@kernel.org>
Linus Torvalds <torvalds@linux-foundation.org>
Luca Coelho <luciano.coelho@intel.com>
Marc Kleine-Budde <mkl@pengutronix.de>
Marcin Niestroj <m.niestroj@grinn-global.com>
Mario Kleiner <mario.kleiner.de@gmail.com>
Mathias Nyman <mathias.nyman@linux.intel.com>
Matt Ranostay <matt.ranostay@konsulko.com>
Mauro Carvalho Chehab <mchehab@s-opensource.com>
Michal Hocko <mhocko@suse.com>
MikoÅaj Chwalisz <chwalisz@tkn.tu-berlin.de>
Naoya Horiguchi <n-horiguchi@ah.jp.nec.com>
Nicholas Bellinger <nab@linux-iscsi.org>
Nickey Yang <nickey.yang@rock-chips.com>
Paul Burton <paul.burton@imgtec.com>
Piotr Gawlowicz <gawlowicz@tkn.tu-berlin.de>
Punit Agrawal <punit.agrawal@arm.com>
Rafael J. Wysocki <rafael.j.wysocki@intel.com>
Rajkumar Manoharan <rmanohar@qti.qualcomm.com>
Ralf Baechle <ralf@linux-mips.org>
Rodolfo Giometti <giometti@linux.it>
Roger Quadros <rogerq@ti.com>
Saeed Mahameed <saeedm@mellanox.com>
Sasha Levin <alexander.levin@verizon.com>
Shuah Khan <shuahkh@osg.samsung.com>
Thomas Gleixner <tglx@linutronix.de>
Tomasz WilczyÅski <twilczynski@naver.com>
Tony Lindgren <tony@atomide.com>
Uwe Kleine-König <u.kleine-koenig@pengutronix.de>
Viresh Kumar <viresh.kumar@linaro.org>
Vladimir Davydov <vdavydov.dev@gmail.com>
Willy Tarreau <w@1wt.eu>
YD Tseng <yd_tseng@asmedia.com.tw>
Yoshihiro Shimoda <yoshihiro.shimoda.uh@renesas.com>
Yu Zhao <yuzhao@google.com>
YYS <nickey.yang@rock-chips.com>
Zhenyu Wang <zhenyuw@linux.intel.com>
jobs:
build-amd64-xsm pass
build-arm64-xsm pass
build-armhf-xsm pass
build-i386-xsm pass
build-amd64 pass
build-arm64 pass
build-armhf pass
build-i386 pass
build-amd64-libvirt pass
build-arm64-libvirt broken
build-armhf-libvirt pass
build-i386-libvirt pass
build-amd64-pvops pass
build-arm64-pvops broken
build-armhf-pvops pass
build-i386-pvops pass
build-amd64-rumprun pass
build-i386-rumprun pass
test-amd64-amd64-xl pass
test-arm64-arm64-xl blocked
test-armhf-armhf-xl pass
test-amd64-i386-xl pass
test-amd64-amd64-xl-qemut-debianhvm-amd64-xsm pass
test-amd64-i386-xl-qemut-debianhvm-amd64-xsm pass
test-amd64-amd64-libvirt-qemuu-debianhvm-amd64-xsm pass
test-amd64-i386-libvirt-qemuu-debianhvm-amd64-xsm pass
test-amd64-amd64-xl-qemuu-debianhvm-amd64-xsm pass
test-amd64-i386-xl-qemuu-debianhvm-amd64-xsm pass
test-amd64-amd64-xl-qemut-stubdom-debianhvm-amd64-xsm pass
test-amd64-i386-xl-qemut-stubdom-debianhvm-amd64-xsm pass
test-amd64-amd64-libvirt-xsm pass
test-arm64-arm64-libvirt-xsm blocked
test-armhf-armhf-libvirt-xsm pass
test-amd64-i386-libvirt-xsm pass
test-amd64-amd64-xl-xsm pass
test-arm64-arm64-xl-xsm blocked
test-armhf-armhf-xl-xsm fail
test-amd64-i386-xl-xsm pass
test-amd64-amd64-qemuu-nested-amd fail
test-amd64-amd64-xl-pvh-amd pass
test-amd64-i386-qemut-rhel6hvm-amd pass
test-amd64-i386-qemuu-rhel6hvm-amd pass
test-amd64-amd64-xl-qemut-debianhvm-amd64 pass
test-amd64-i386-xl-qemut-debianhvm-amd64 pass
test-amd64-amd64-xl-qemuu-debianhvm-amd64 pass
test-amd64-i386-xl-qemuu-debianhvm-amd64 pass
test-amd64-i386-freebsd10-amd64 pass
test-amd64-amd64-xl-qemuu-ovmf-amd64 pass
test-amd64-i386-xl-qemuu-ovmf-amd64 pass
test-amd64-amd64-rumprun-amd64 pass
test-amd64-amd64-xl-qemut-win7-amd64 fail
test-amd64-i386-xl-qemut-win7-amd64 fail
test-amd64-amd64-xl-qemuu-win7-amd64 fail
test-amd64-i386-xl-qemuu-win7-amd64 fail
test-amd64-amd64-xl-qemut-ws16-amd64 fail
test-amd64-i386-xl-qemut-ws16-amd64 fail
test-amd64-amd64-xl-qemuu-ws16-amd64 fail
test-amd64-i386-xl-qemuu-ws16-amd64 fail
test-armhf-armhf-xl-arndale pass
test-amd64-amd64-xl-credit2 pass
test-arm64-arm64-xl-credit2 blocked
test-armhf-armhf-xl-credit2 pass
test-armhf-armhf-xl-cubietruck pass
test-amd64-amd64-examine pass
test-arm64-arm64-examine blocked
test-armhf-armhf-examine pass
test-amd64-i386-examine pass
test-amd64-i386-freebsd10-i386 pass
test-amd64-i386-rumprun-i386 pass
test-amd64-amd64-xl-qemut-win10-i386 fail
test-amd64-i386-xl-qemut-win10-i386 fail
test-amd64-amd64-xl-qemuu-win10-i386 fail
test-amd64-i386-xl-qemuu-win10-i386 fail
test-amd64-amd64-qemuu-nested-intel pass
test-amd64-amd64-xl-pvh-intel pass
test-amd64-i386-qemut-rhel6hvm-intel pass
test-amd64-i386-qemuu-rhel6hvm-intel pass
test-amd64-amd64-libvirt pass
test-armhf-armhf-libvirt pass
test-amd64-i386-libvirt pass
test-amd64-amd64-xl-multivcpu pass
test-armhf-armhf-xl-multivcpu pass
test-amd64-amd64-pair pass
test-amd64-i386-pair pass
test-amd64-amd64-libvirt-pair pass
test-amd64-i386-libvirt-pair pass
test-amd64-amd64-amd64-pvgrub pass
test-amd64-amd64-i386-pvgrub pass
test-amd64-amd64-pygrub pass
test-amd64-amd64-xl-qcow2 pass
test-armhf-armhf-libvirt-raw pass
test-amd64-i386-xl-raw pass
test-amd64-amd64-xl-rtds fail
test-armhf-armhf-xl-rtds fail
test-amd64-amd64-libvirt-vhd pass
test-armhf-armhf-xl-vhd pass
------------------------------------------------------------
sg-report-flight on osstest.test-lab.xenproject.org
logs: /home/logs/logs
images: /home/logs/images
Logs, config files, etc. are available at
http://logs.test-lab.xenproject.org/osstest/logs
Explanation of these reports, and of osstest in general, is at
http://xenbits.xen.org/gitweb/?p=osstest.git;a=blob;f=README.email;hb=master
http://xenbits.xen.org/gitweb/?p=osstest.git;a=blob;f=README;hb=master
Test harness code can be found at
http://xenbits.xen.org/gitweb?p=osstest.git;a=summary
broken-step build-arm64-pvops host-install(4)
broken-step build-arm64-libvirt host-install(4)
Not pushing.
(No revision log; it would be 1679 lines long.)
[-- Attachment #2: Type: text/plain, Size: 127 bytes --]
_______________________________________________
Xen-devel mailing list
Xen-devel@lists.xen.org
https://lists.xen.org/xen-devel
reply other threads:[~2017-06-25 15:16 UTC|newest]
Thread overview: [no followups] expand[flat|nested] mbox.gz Atom feed
Reply instructions:
You may reply publicly to this message via plain-text email
using any one of the following methods:
* Save the following mbox file, import it into your mail client,
and reply-to-all from there: mbox
Avoid top-posting and favor interleaved quoting:
https://en.wikipedia.org/wiki/Posting_style#Interleaved_style
* Reply using the --to, --cc, and --in-reply-to
switches of git-send-email(1):
git send-email \
--in-reply-to=osstest-111027-mainreport@xen.org \
--to=osstest-admin@xenproject.org \
--cc=xen-devel@lists.xensource.com \
/path/to/YOUR_REPLY
https://kernel.org/pub/software/scm/git/docs/git-send-email.html
* If your mail client supports setting the In-Reply-To header
via mailto: links, try the mailto: link
Be sure your reply has a Subject: header at the top and a blank line
before the message body.
This is a public inbox, see mirroring instructions
for how to clone and mirror all data and code used for this inbox;
as well as URLs for NNTP newsgroup(s).