* [libvirt test] 111171: regressions - FAIL
@ 2017-06-30 1:21 osstest service owner
0 siblings, 0 replies; only message in thread
From: osstest service owner @ 2017-06-30 1:21 UTC (permalink / raw)
To: xen-devel, osstest-admin
flight 111171 libvirt real [real]
http://logs.test-lab.xenproject.org/osstest/logs/111171/
Regressions :-(
Tests which did not succeed and are blocking,
including tests which could not be run:
test-arm64-arm64-libvirt-qcow2 10 debian-di-install fail REGR. vs. 111061
Tests which did not succeed, but are not blocking:
test-armhf-armhf-libvirt 14 saverestore-support-check fail like 111061
test-armhf-armhf-libvirt-xsm 14 saverestore-support-check fail like 111061
test-armhf-armhf-libvirt-raw 13 saverestore-support-check fail like 111061
test-amd64-amd64-libvirt-xsm 13 migrate-support-check fail never pass
test-amd64-i386-libvirt 13 migrate-support-check fail never pass
test-amd64-amd64-libvirt 13 migrate-support-check fail never pass
test-amd64-i386-libvirt-xsm 13 migrate-support-check fail never pass
test-arm64-arm64-libvirt 13 migrate-support-check fail never pass
test-arm64-arm64-libvirt 14 saverestore-support-check fail never pass
test-arm64-arm64-libvirt-xsm 13 migrate-support-check fail never pass
test-arm64-arm64-libvirt-xsm 14 saverestore-support-check fail never pass
test-amd64-amd64-libvirt-qemuu-debianhvm-amd64-xsm 11 migrate-support-check fail never pass
test-amd64-amd64-libvirt-vhd 12 migrate-support-check fail never pass
test-armhf-armhf-libvirt 13 migrate-support-check fail never pass
test-armhf-armhf-libvirt-xsm 13 migrate-support-check fail never pass
test-amd64-i386-libvirt-qemuu-debianhvm-amd64-xsm 11 migrate-support-check fail never pass
test-armhf-armhf-libvirt-raw 12 migrate-support-check fail never pass
version targeted for testing:
libvirt f914b3f2d24d05615095e5ab5b0c91560c4dc903
baseline version:
libvirt 2065499b607a8df771761dc4249eff6ebc3adb5a
Last test of basis 111061 2017-06-25 20:57:28 Z 4 days
Failing since 111084 2017-06-27 05:51:54 Z 2 days 3 attempts
Testing same since 111171 2017-06-29 04:20:45 Z 0 days 1 attempts
------------------------------------------------------------
People who touched revisions under test:
Andrea Bolognani <abologna@redhat.com>
Cole Robinson <crobinso@redhat.com>
Daniel Liu <srwx4096@gmail.com>
Erik Skultety <eskultet@redhat.com>
Jiri Denemark <jdenemar@redhat.com>
John Ferlan <jferlan@redhat.com>
Julio Faracco <jcfaracco@gmail.com>
Lily Zhu <lizhu@redhat.com>
Martin Kletzander <mkletzan@redhat.com>
Michal Privoznik <mprivozn@redhat.com>
Peter Krempa <pkrempa@redhat.com>
Roman Bogorodskiy <bogorodskiy@gmail.com>
jobs:
build-amd64-xsm pass
build-arm64-xsm pass
build-armhf-xsm pass
build-i386-xsm pass
build-amd64 pass
build-arm64 pass
build-armhf pass
build-i386 pass
build-amd64-libvirt pass
build-arm64-libvirt pass
build-armhf-libvirt pass
build-i386-libvirt pass
build-amd64-pvops pass
build-arm64-pvops pass
build-armhf-pvops pass
build-i386-pvops pass
test-amd64-amd64-libvirt-qemuu-debianhvm-amd64-xsm pass
test-amd64-i386-libvirt-qemuu-debianhvm-amd64-xsm pass
test-amd64-amd64-libvirt-xsm pass
test-arm64-arm64-libvirt-xsm pass
test-armhf-armhf-libvirt-xsm pass
test-amd64-i386-libvirt-xsm pass
test-amd64-amd64-libvirt pass
test-arm64-arm64-libvirt pass
test-armhf-armhf-libvirt pass
test-amd64-i386-libvirt pass
test-amd64-amd64-libvirt-pair pass
test-amd64-i386-libvirt-pair pass
test-arm64-arm64-libvirt-qcow2 fail
test-armhf-armhf-libvirt-raw pass
test-amd64-amd64-libvirt-vhd pass
------------------------------------------------------------
sg-report-flight on osstest.test-lab.xenproject.org
logs: /home/logs/logs
images: /home/logs/images
Logs, config files, etc. are available at
http://logs.test-lab.xenproject.org/osstest/logs
Explanation of these reports, and of osstest in general, is at
http://xenbits.xen.org/gitweb/?p=osstest.git;a=blob;f=README.email;hb=master
http://xenbits.xen.org/gitweb/?p=osstest.git;a=blob;f=README;hb=master
Test harness code can be found at
http://xenbits.xen.org/gitweb?p=osstest.git;a=summary
Not pushing.
------------------------------------------------------------
commit f914b3f2d24d05615095e5ab5b0c91560c4dc903
Author: Peter Krempa <pkrempa@redhat.com>
Date: Wed Jun 28 09:22:57 2017 +0200
docs: news: Add entries for my recent changes
commit d077fbc2217f6e2cb07d35c020024fbc109efa49
Author: Peter Krempa <pkrempa@redhat.com>
Date: Wed Jun 28 14:14:53 2017 +0200
util: netdevbridge: Refactor error handling in virNetDevBridgeCreate
Replace the switch statement with a simpler if statement. This also
removes the fallthrough path that coverity was complaining about.
commit c06b623c53581e38c03c96a78ef0efa577747112
Author: John Ferlan <jferlan@redhat.com>
Date: Wed Jun 28 06:56:47 2017 -0400
hotplug: Create helper to remove vport
Combine and "clean up" a bit two places that are removing the vport
commit 045b75c51540fd27eedf79673a0bd2b41dbd535e
Author: John Ferlan <jferlan@redhat.com>
Date: Wed Jun 28 06:54:05 2017 -0400
nodedev: Add check for NULL obj before call Unlock
Commit id '95ea171b' was a bit too aggressive in removing the if (obj)
check since cleanup is reachable after Unlock and obj = NULL.
commit b183f17d76839587cbe411f4e12beca18d3ec702
Author: Peter Krempa <pkrempa@redhat.com>
Date: Wed Jun 28 10:42:49 2017 +0200
qemu: hotplug: Disallow modification of vcpu 0 in inactive config
vcpu 0 must be always enabled and non-hotpluggable, thus you can't
modify it using the vcpu hotplug APIs. Disallow it so that users can't
create invalid configurations.
Resolves: https://bugzilla.redhat.com/show_bug.cgi?id=1459785
commit 0f0c0921e61021f276bb57201cd501cdade19546
Author: Lily Zhu <lizhu@redhat.com>
Date: Wed Jun 28 14:00:48 2017 +0800
man: Fix documentation errors about the paths of the config files
The default conf files, for example libvirtd.conf, virtlockd.conf, and
virtlogd.conf, should be located under the directory "/etc/libvirt" when
root as root, rather than "/etc". When run as non-root, the configuration
files should be located under "$XDG_CONFIG_HOME/libvirt/", rather than
"XDG_CONFIG_HOME".
Signed-off-by: Lily Zhu <lizhu@redhat.com>
Signed-off-by: Erik Skultety <eskultet@redhat.com>
commit f1096c02473e231028b546af9d39d1931df9405f
Author: Martin Kletzander <mkletzan@redhat.com>
Date: Tue Jun 20 15:36:48 2017 +0200
docs: Add callback-related info to virStream{Abort,Finish}
When one has a non-blocking stream and aborts or finishes it without
removing the callback, any event loop invocation will trigger that
callback, but it cannot be removed any more. We cannot remove the
callback automatically from virStream{Abort,Finish} functions due to
forward-compatibility. So let's at least document this behaviour,
because it is not easy to find out the reason for.
Signed-off-by: Martin Kletzander <mkletzan@redhat.com>
commit fdeac7a05fdf85458d72e89efcfa0f444525aaad
Author: Daniel Liu <srwx4096@gmail.com>
Date: Tue Jun 27 11:54:50 2017 -0400
virsh: Fix --help problem for domxml-to-native DOMAIN COMMAND
Resolves a bug in domxml-to-native command option, so that the
following command displays the help information correctly:
'virsh domxml-to-native --help'.
Signed-off-by: Daniel Liu <srwx4096@gmail.com>
Signed-off-by: Julio Faracco <jcfaracco@gmail.com>
commit 78fc843c7b53b5251475a5fc1ef57ecea59791b7
Author: Roman Bogorodskiy <bogorodskiy@gmail.com>
Date: Tue May 9 14:48:30 2017 +0400
bhyve: add vga configuration for video driver
Add support for vgaconf driver configuration. In domain xml it looks like
this:
<video>
<driver vgaconf='io|on|off'>
<model .../>
</video>
It was added with bhyve gop video in mind to allow users control how the
video device is exposed to the guest, specifically, how VGA I/O is
handled.
One can refer to the bhyve manual page to get more detailed description
of the possible VGA configuration options:
https://www.freebsd.org/cgi/man.cgi?query=bhyve&manpath=FreeBSD+12-current
The relevant part could be found using the 'vgaconf' keyword.
Also, add some tests for this new feature.
Signed-off-by: Roman Bogorodskiy <bogorodskiy@gmail.com>
Reviewed-by: John Ferlan <jferlan@redhat.com>
commit e4574da0b79a1d07c89b873ed6f0275f035ae31f
Author: Cole Robinson <crobinso@redhat.com>
Date: Mon Jun 26 10:48:33 2017 -0400
Revert "qemu: Support chardevs with ARM virt machines"
This reverts commit 70c9b44270f75bfb7a5701d81aa49380d139e8f0.
This commit breaks existing aarch64 machvirt configs with:
<serial type='pty'>
<target port='0'/>
</serial>
<console type='pty'>
<target type='serial' port='0'/>
</console>
Which fails with:
error: Failed to start domain fedora25-aarch64
error: internal error: process exited while connecting to monitor:
2017-06-26T13:55:34.726293Z qemu-system-aarch64: -chardev pty,id=charserial0:
char device redirected to /dev/pts/5 (label charserial0)
2017-06-26T13:55:34.782121Z qemu-system-aarch64: -device
isa-serial,chardev=charserial0,id=serial0: No 'ISA' bus found for device
'isa-serial'
commit 2503e4b03c0003a8d60ce9483868dd3317deebcf
Author: Andrea Bolognani <abologna@redhat.com>
Date: Mon Jun 26 19:13:28 2017 +0200
conf: Copy loadparm in virDomainDeviceInfoCopy()
Commit 54fa1b44afc8 added virDomainDeviceInfo::loadparm
and updated virDomainDeviceInfoClear() accordingly, but
omitted the necessary virDomainDeviceInfoCopy() changes.
Signed-off-by: Andrea Bolognani <abologna@redhat.com>
commit d672551816e106f2ce8a6a04658691db96435fb5
Author: Andrea Bolognani <abologna@redhat.com>
Date: Mon Jun 26 08:45:44 2017 +0200
HACKING: Drop from the git repository
Despite being a generated file, HACKING has been tracked in
the git repository along with actual source files. As far as
I'm aware, it's the only generated file for which that happens.
Times and times again, people[1] have committed changes to
the source file without refreshing the generated copy at the
same time.
The rationale for tracking the generated file is to help out
people who just cloned the git repository looking to contribue;
however, README-hacking already contains enough information to
get perspective contributors to a place where they can simply
look at docs/hacking.html instead.
[1] Mostly me, to be honest
Signed-off-by: Andrea Bolognani <abologna@redhat.com>
commit e49f2f9280d526ea7c95e1431001d2007f77eac4
Author: Andrea Bolognani <abologna@redhat.com>
Date: Mon Jun 26 10:48:20 2017 +0200
README: Remove 'git send-email' mention
The use of 'git send-email' is described in detail in the
contributor guidelines (docs/hacking.html), which are
mentioned in docs/contribute.html, the non-local version
of which is in turn mentioned in README.
Signed-off-by: Andrea Bolognani <abologna@redhat.com>
commit 558040ddeb97cd6801a8db59dab5955598d1f50a
Author: Andrea Bolognani <abologna@redhat.com>
Date: Mon Jun 26 11:01:03 2017 +0200
README: Various minor style tweaks
Signed-off-by: Andrea Bolognani <abologna@redhat.com>
commit d76f425843b0eb6213155a4b5d0f76763e8c7700
Author: Andrea Bolognani <abologna@redhat.com>
Date: Mon Jun 26 10:39:02 2017 +0200
docs: Point to hacking.html from contribute.html
People looking to help out should really go through the
contributor guidelines when getting started, so the more
documents point to them the better.
Signed-off-by: Andrea Bolognani <abologna@redhat.com>
commit 2abb0e4bb21928ba281b68c142d3352c75645eb3
Author: Jiri Denemark <jdenemar@redhat.com>
Date: Mon Jun 19 17:00:28 2017 +0200
qemu: Avoid fd leak on incoming tunneled migration
While qemuProcessIncomingDefNew takes an fd argument and stores it in
qemuProcessIncomingDef structure, the caller is still responsible for
closing the file descriptor.
Introduced by commit v1.2.21-140-ge7c6f4575.
Signed-off-by: Jiri Denemark <jdenemar@redhat.com>
Reviewed-by: John Ferlan <jferlan@redhat.com>
commit f454464ddddb72301ea9885d3673f9babc9ee192
Author: Andrea Bolognani <abologna@redhat.com>
Date: Mon Jun 26 10:14:38 2017 +0200
README: Remove unnecessary empty line
Signed-off-by: Andrea Bolognani <abologna@redhat.com>
commit 8110b4e073e92ab9ac522989f11ce4caf981f628
Author: Martin Kletzander <mkletzan@redhat.com>
Date: Thu Jun 22 14:36:53 2017 +0200
util: Extract locale-related fixes into separate functions
Signed-off-by: Martin Kletzander <mkletzan@redhat.com>
Signed-off-by: Peter Krempa <pkrempa@redhat.com>
commit c578b515cbc43d034a33e8c62fdb991fe4701c9c
Author: Andrea Bolognani <abologna@redhat.com>
Date: Mon Jun 26 08:34:56 2017 +0200
HACKING: Refresh after changes to source file
Commit 79c1900fc1eb changed docs/hacking.html.in, but *of
course* I forgot once again to update the text-only version
of the file at the same time.
Signed-off-by: Andrea Bolognani <abologna@redhat.com>
commit 79c1900fc1eb2df9c99c88cad1a8718560eb091d
Author: Andrea Bolognani <abologna@redhat.com>
Date: Thu Jun 15 11:25:31 2017 +0800
hacking: Improve 'git send-email' documentation
For the benefit of first time contributors, we point out that 'git
send-email' might have to be installed separately; however, we omit
the fact that some configuration will likely be needed before it
can successfully deliver patches to the mailing list.
Some minor tweaks to the existing contents are included as well.
Signed-off-by: Andrea Bolognani <abologna@redhat.com>
Reviewed-by: John Ferlan <jferlan@redhat.com>
commit 8ad01d5cc83d11c227315c34c3867e6a128227e7
Author: Michal Privoznik <mprivozn@redhat.com>
Date: Thu Jun 15 15:46:32 2017 +0200
qemuMonitorTextAddDrive: Fail on unrecognized disk format
Since qemu commit 3ef6c40ad0b it can fail if trying to hotplug a
disk that is not qcow2 despite us saying it is. We need to error
out in that case.
Signed-off-by: Michal Privoznik <mprivozn@redhat.com>
Reviewed-by: John Ferlan <jferlan@redhat.com>
_______________________________________________
Xen-devel mailing list
Xen-devel@lists.xen.org
https://lists.xen.org/xen-devel
^ permalink raw reply [flat|nested] only message in thread
only message in thread, other threads:[~2017-06-30 1:21 UTC | newest]
Thread overview: (only message) (download: mbox.gz follow: Atom feed
-- links below jump to the message on this page --
2017-06-30 1:21 [libvirt test] 111171: regressions - FAIL osstest service owner
This is a public inbox, see mirroring instructions
for how to clone and mirror all data and code used for this inbox;
as well as URLs for NNTP newsgroup(s).