From mboxrd@z Thu Jan 1 00:00:00 1970 From: osstest service owner Subject: [linux-linus test] 111222: regressions - FAIL Date: Sat, 01 Jul 2017 15:58:14 +0000 Message-ID: Mime-Version: 1.0 Content-Type: multipart/mixed; boundary="===============6065746827421129987==" Return-path: List-Unsubscribe: , List-Post: List-Help: List-Subscribe: , Errors-To: xen-devel-bounces@lists.xen.org Sender: "Xen-devel" To: xen-devel@lists.xensource.com, osstest-admin@xenproject.org List-Id: xen-devel@lists.xenproject.org --===============6065746827421129987== Content-Type: text/plain flight 111222 linux-linus real [real] http://logs.test-lab.xenproject.org/osstest/logs/111222/ Regressions :-( Tests which did not succeed and are blocking, including tests which could not be run: test-amd64-i386-xl-qemuu-win7-amd64 16 guest-localmigrate/x10 fail REGR. vs. 110515 Tests which did not succeed, but are not blocking: test-armhf-armhf-libvirt 14 saverestore-support-check fail like 110515 test-armhf-armhf-libvirt-xsm 14 saverestore-support-check fail like 110515 test-amd64-amd64-xl-qemut-win7-amd64 17 guest-stop fail like 110515 test-amd64-amd64-xl-qemuu-win7-amd64 17 guest-stop fail like 110515 test-amd64-amd64-xl-rtds 10 debian-install fail like 110515 test-armhf-armhf-libvirt-raw 13 saverestore-support-check fail like 110515 test-amd64-amd64-xl-qemut-ws16-amd64 10 windows-install fail never pass test-amd64-i386-libvirt-xsm 13 migrate-support-check fail never pass test-amd64-i386-libvirt 13 migrate-support-check fail never pass test-amd64-amd64-libvirt-xsm 13 migrate-support-check fail never pass test-amd64-amd64-libvirt 13 migrate-support-check fail never pass test-amd64-amd64-xl-qemuu-ws16-amd64 10 windows-install fail never pass test-arm64-arm64-libvirt-xsm 13 migrate-support-check fail never pass test-arm64-arm64-libvirt-xsm 14 saverestore-support-check fail never pass test-arm64-arm64-xl-credit2 13 migrate-support-check fail never pass test-arm64-arm64-xl-credit2 14 saverestore-support-check fail never pass test-arm64-arm64-xl-xsm 13 migrate-support-check fail never pass test-arm64-arm64-xl-xsm 14 saverestore-support-check fail never pass test-arm64-arm64-xl 13 migrate-support-check fail never pass test-arm64-arm64-xl 14 saverestore-support-check fail never pass test-amd64-amd64-libvirt-qemuu-debianhvm-amd64-xsm 11 migrate-support-check fail never pass test-amd64-i386-libvirt-qemuu-debianhvm-amd64-xsm 11 migrate-support-check fail never pass test-amd64-amd64-qemuu-nested-amd 17 debian-hvm-install/l1/l2 fail never pass test-amd64-amd64-libvirt-vhd 12 migrate-support-check fail never pass test-armhf-armhf-xl 13 migrate-support-check fail never pass test-armhf-armhf-xl 14 saverestore-support-check fail never pass test-armhf-armhf-libvirt 13 migrate-support-check fail never pass test-armhf-armhf-xl-xsm 13 migrate-support-check fail never pass test-armhf-armhf-xl-xsm 14 saverestore-support-check fail never pass test-armhf-armhf-xl-credit2 13 migrate-support-check fail never pass test-armhf-armhf-xl-credit2 14 saverestore-support-check fail never pass test-armhf-armhf-libvirt-xsm 13 migrate-support-check fail never pass test-armhf-armhf-xl-cubietruck 13 migrate-support-check fail never pass test-armhf-armhf-xl-cubietruck 14 saverestore-support-check fail never pass test-armhf-armhf-xl-rtds 13 migrate-support-check fail never pass test-armhf-armhf-xl-rtds 14 saverestore-support-check fail never pass test-armhf-armhf-xl-vhd 12 migrate-support-check fail never pass test-armhf-armhf-xl-vhd 13 saverestore-support-check fail never pass test-armhf-armhf-xl-multivcpu 13 migrate-support-check fail never pass test-armhf-armhf-xl-multivcpu 14 saverestore-support-check fail never pass test-armhf-armhf-xl-arndale 13 migrate-support-check fail never pass test-armhf-armhf-xl-arndale 14 saverestore-support-check fail never pass test-armhf-armhf-libvirt-raw 12 migrate-support-check fail never pass test-amd64-i386-xl-qemuu-ws16-amd64 13 guest-saverestore fail never pass test-amd64-i386-xl-qemut-ws16-amd64 13 guest-saverestore fail never pass test-amd64-amd64-xl-qemut-win10-i386 10 windows-install fail never pass test-amd64-amd64-xl-qemuu-win10-i386 10 windows-install fail never pass test-amd64-i386-xl-qemuu-win10-i386 10 windows-install fail never pass test-amd64-i386-xl-qemut-win10-i386 10 windows-install fail never pass version targeted for testing: linux 4d8a991d460d4fa4829beaffdcba45a217ca0fa7 baseline version: linux 1439ccf73d9c07654fdd5b4969fd53c2feb8684d Last test of basis 110515 2017-06-17 06:48:56 Z 14 days Failing since 110536 2017-06-17 23:48:13 Z 13 days 14 attempts Testing same since 111222 2017-06-30 09:21:15 Z 1 days 1 attempts ------------------------------------------------------------ People who touched revisions under test: "Eric W. Biederman" "H.J. Lu" "Yan, Zheng" Al Viro Alan Stern Alex Deucher Alexander Shishkin Alexandre TORGUE Alexei Starovoitov Alexey Khoroshilov Alistair Popple Allen Hubbe Andrei Vagin Andrew Duggan Andrew F. Davis Andrew Morton Andrey Konovalov Andy Lutomirski Angus Ainslie Ard Biesheuvel Arend van Spriel Arnaldo Carvalho de Melo Arnd Bergmann Aurelien Jacquiot Bart Van Assche Bart Van Assche Benjamin Coddington Benjamin Gaignard Benjamin Tissoires Bert Kenward bkenward@solarflare.com Björn Töpel Boris Brezillon Borislav Petkov Brian Foster Cao jin Charles Keepax Chen-Yu Tsai Chris Mi Chris Wilson Christian Borntraeger Christian König Christophe JAILLET Chu Yuan Lin Chunming Zhou Colin Ian King Cong Wang Corentin Labbe Dan Carpenter Daniel Borkmann Daniel Drake Daniel Lezcano Daniel Mentz Daniel Stone Daniel Vetter Daniel Vetter Darrick J. Wong Dave Airlie Dave Jiang David Ahern David Howells David Rientjes David S. Miller Deepak Rawat Dhinakaran Pandiyan Dmitry Torokhov Edward Cree Eli Cohen Enric Balletbo i Serra Eric Dumazet Eric Ren Eric W. Biederman Fabrice Gasnier Felipe Balbi Frank Rowand Fugang Duan Ganesh Goudar Gao Feng Gary Guo Gary R Hook Geert Uytterhoeven Greg Kroah-Hartman Gregory CLEMENT Haishuang Yan Hangbin Liu Hannes Frederic Sowa Hans de Goede Heiko Carstens Heiner Kallweit Heinrich Schuchardt Heinz Mauelshagen Helge Deller Helge Deller # parisc Hendrik Brueckner Hugh Dickins Icenowy Zheng Ido Schimmel Ilya Dryomov Ilya Matveychikov Ilya V. Matveychikov Ingo Molnar Jacek Anaszewski James Cowgill James Hogan Jan Beulich Jan Kara Jan Kratochvil Jani Nikula Jarkko Nikula Jason A. Donenfeld Jason Wang Jean-Baptiste Maneyrol Jean-Louis Dupond Jean-Philippe Menil Jens Axboe Jiada Wang Jiri Kosina Jiri Olsa Jiri Olsa Johannes Berg John Stultz Jon Mason Jonas Gorski Jonathan Cameron Josh Poimboeuf Juergen Gross Junshan Fang Kalle Valo Kan Liang Kees Cook Keith Busch Kevin Brodsky Konrad Rzeszutek Wilk Krzysztof Kozlowski Larry Finger Lars-Peter Clausen Lee Jones Lin Yun Sheng Linus Torvalds Linus Walleij Liwei Song Logan Gunthorpe Lokesh Vutla Lucas Stach Luis Henriques Maciej Żenczykowski Madalin Bucur Magnus Karlsson Manish Rangankar Maor Dickman Marc Zyngier Marcin Nowakowski Mark Rutland Mark Salter Martin Blumenstingl Martin Habets Martin K. Petersen Martin KaFai Lau Martin Schwidefsky Masahiro Yamada Masami Hiramatsu Mathias Nyman Matt Redfearn Max Gurtovoy Maxime Ripard Megha Dey Michael Chan Michael Ellerman Michael Grzeschik Michael S. Tsirkin Michael Turquette Michail G Etairidis Michail Georgios Etairidis Michal Hocko Michal Kubecek Michal Kubeček Michal Simek Mika Westerberg Mike Snitzer Mikulas Patocka Milian Wolff Mintz, Yuval Miroslav Benes Naveen N. Rao Neil Armstrong Neil Horman NeilBrown Nicholas Bellinger Nicholas Piggin Nicolas Iooss Nicolas Pitre Niklas Cassel Olof Johansson Ondrej Kozina Ondrej Mosnacek Ondrej Mosnáček Or Gerlitz Paolo Bonzini Paul Burton Paul Mackerras Pavel Machek Pavel Shilovsky Peter Dawson Peter Zijlstra (Intel) Peter Zijlstra Petr Machata Petr Mladek Phil Reid Pravin B Shelar Puthikorn Voravootivat Radim Krčmář Rafael J. Wysocki Raju Rangoju Ralf Baechle Ralph Sennhauser Randy Dunlap Ravi Bangoria Richard Cochran Richard Genoud Rik van Riel Rob Herring Robert Jarzmik Robert McCabe Roger Pau Monné Russell King Saeed Mahameed Sebastian Andrzej Siewior Sebastian Parschauer Sebastian Siewior Serhey Popovych Steffen Klassert Stephen Boyd Stephen Hemminger Stephen Rothwell Steve French Steve Wise Steven Haigh Steven Rostedt (VMware) Subhransu S. Prusty Takashi Iwai Takashi Sakamoto Tejun Heo Theodore Ts'o Thomas Gleixner Thomas Hellstrom Thomas Voegtle Tobias Klauser Tobias Regnery Tony Lindgren Trond Myklebust Uwe Kleine-König Vallish Vaidyeshwara Ville Syrjälä Vinod Koul Vlad Yasevich Vlad Yasevich Vladimir Murzin Vladislav Yasevich Vlastimil Babka WANG Cong Wei Liu Wei Wang Wei Yongjun Will Deacon Wolfram Sang Wolfram Sang Xin Long xypron.glpk@gmx.de Yan, Zheng YD Tseng Yisheng Xie Yong Deng Yossi Kuperman Yuval Mintz Zach Brown Zhang Bo Zhang Shengju Álvaro Fernández Rojas jobs: build-amd64-xsm pass build-arm64-xsm pass build-armhf-xsm pass build-i386-xsm pass build-amd64 pass build-arm64 pass build-armhf pass build-i386 pass build-amd64-libvirt pass build-arm64-libvirt pass build-armhf-libvirt pass build-i386-libvirt pass build-amd64-pvops pass build-arm64-pvops pass build-armhf-pvops pass build-i386-pvops pass build-amd64-rumprun pass build-i386-rumprun pass test-amd64-amd64-xl pass test-arm64-arm64-xl pass test-armhf-armhf-xl pass test-amd64-i386-xl pass test-amd64-amd64-xl-qemut-debianhvm-amd64-xsm pass test-amd64-i386-xl-qemut-debianhvm-amd64-xsm pass test-amd64-amd64-libvirt-qemuu-debianhvm-amd64-xsm pass test-amd64-i386-libvirt-qemuu-debianhvm-amd64-xsm pass test-amd64-amd64-xl-qemuu-debianhvm-amd64-xsm pass test-amd64-i386-xl-qemuu-debianhvm-amd64-xsm pass test-amd64-amd64-xl-qemut-stubdom-debianhvm-amd64-xsm pass test-amd64-i386-xl-qemut-stubdom-debianhvm-amd64-xsm pass test-amd64-amd64-libvirt-xsm pass test-arm64-arm64-libvirt-xsm pass test-armhf-armhf-libvirt-xsm pass test-amd64-i386-libvirt-xsm pass test-amd64-amd64-xl-xsm pass test-arm64-arm64-xl-xsm pass test-armhf-armhf-xl-xsm pass test-amd64-i386-xl-xsm pass test-amd64-amd64-qemuu-nested-amd fail test-amd64-amd64-xl-pvh-amd pass test-amd64-i386-qemut-rhel6hvm-amd pass test-amd64-i386-qemuu-rhel6hvm-amd pass test-amd64-amd64-xl-qemut-debianhvm-amd64 pass test-amd64-i386-xl-qemut-debianhvm-amd64 pass test-amd64-amd64-xl-qemuu-debianhvm-amd64 pass test-amd64-i386-xl-qemuu-debianhvm-amd64 pass test-amd64-i386-freebsd10-amd64 pass test-amd64-amd64-xl-qemuu-ovmf-amd64 pass test-amd64-i386-xl-qemuu-ovmf-amd64 pass test-amd64-amd64-rumprun-amd64 pass test-amd64-amd64-xl-qemut-win7-amd64 fail test-amd64-i386-xl-qemut-win7-amd64 pass test-amd64-amd64-xl-qemuu-win7-amd64 fail test-amd64-i386-xl-qemuu-win7-amd64 fail test-amd64-amd64-xl-qemut-ws16-amd64 fail test-amd64-i386-xl-qemut-ws16-amd64 fail test-amd64-amd64-xl-qemuu-ws16-amd64 fail test-amd64-i386-xl-qemuu-ws16-amd64 fail test-armhf-armhf-xl-arndale pass test-amd64-amd64-xl-credit2 pass test-arm64-arm64-xl-credit2 pass test-armhf-armhf-xl-credit2 pass test-armhf-armhf-xl-cubietruck pass test-amd64-amd64-examine pass test-arm64-arm64-examine pass test-armhf-armhf-examine pass test-amd64-i386-examine pass test-amd64-i386-freebsd10-i386 pass test-amd64-i386-rumprun-i386 pass test-amd64-amd64-xl-qemut-win10-i386 fail test-amd64-i386-xl-qemut-win10-i386 fail test-amd64-amd64-xl-qemuu-win10-i386 fail test-amd64-i386-xl-qemuu-win10-i386 fail test-amd64-amd64-qemuu-nested-intel pass test-amd64-amd64-xl-pvh-intel pass test-amd64-i386-qemut-rhel6hvm-intel pass test-amd64-i386-qemuu-rhel6hvm-intel pass test-amd64-amd64-libvirt pass test-armhf-armhf-libvirt pass test-amd64-i386-libvirt pass test-amd64-amd64-xl-multivcpu pass test-armhf-armhf-xl-multivcpu pass test-amd64-amd64-pair pass test-amd64-i386-pair pass test-amd64-amd64-libvirt-pair pass test-amd64-i386-libvirt-pair pass test-amd64-amd64-amd64-pvgrub pass test-amd64-amd64-i386-pvgrub pass test-amd64-amd64-pygrub pass test-amd64-amd64-xl-qcow2 pass test-armhf-armhf-libvirt-raw pass test-amd64-i386-xl-raw pass test-amd64-amd64-xl-rtds fail test-armhf-armhf-xl-rtds pass test-amd64-amd64-libvirt-vhd pass test-armhf-armhf-xl-vhd pass ------------------------------------------------------------ sg-report-flight on osstest.test-lab.xenproject.org logs: /home/logs/logs images: /home/logs/images Logs, config files, etc. are available at http://logs.test-lab.xenproject.org/osstest/logs Explanation of these reports, and of osstest in general, is at http://xenbits.xen.org/gitweb/?p=osstest.git;a=blob;f=README.email;hb=master http://xenbits.xen.org/gitweb/?p=osstest.git;a=blob;f=README;hb=master Test harness code can be found at http://xenbits.xen.org/gitweb?p=osstest.git;a=summary Not pushing. (No revision log; it would be 8684 lines long.) --===============6065746827421129987== Content-Type: text/plain; charset="utf-8" MIME-Version: 1.0 Content-Transfer-Encoding: base64 Content-Disposition: inline X19fX19fX19fX19fX19fX19fX19fX19fX19fX19fX19fX19fX19fX19fX19fX18KWGVuLWRldmVs IG1haWxpbmcgbGlzdApYZW4tZGV2ZWxAbGlzdHMueGVuLm9yZwpodHRwczovL2xpc3RzLnhlbi5v cmcveGVuLWRldmVsCg== --===============6065746827421129987==--