From mboxrd@z Thu Jan 1 00:00:00 1970 From: osstest service owner Subject: [qemu-mainline test] 111265: tolerable FAIL - PUSHED Date: Sun, 02 Jul 2017 13:18:13 +0000 Message-ID: Mime-Version: 1.0 Content-Type: multipart/mixed; boundary="===============4013560689991395482==" Return-path: List-Unsubscribe: , List-Post: List-Help: List-Subscribe: , Errors-To: xen-devel-bounces@lists.xen.org Sender: "Xen-devel" To: xen-devel@lists.xensource.com, osstest-admin@xenproject.org List-Id: xen-devel@lists.xenproject.org --===============4013560689991395482== Content-Type: text/plain flight 111265 qemu-mainline real [real] http://logs.test-lab.xenproject.org/osstest/logs/111265/ Failures :-/ but no regressions. Tests which did not succeed, but are not blocking: test-amd64-i386-xl-qemuu-win7-amd64 17 guest-stop fail blocked in 111177 test-amd64-amd64-xl-qemuu-win7-amd64 16 guest-localmigrate/x10 fail like 111177 test-armhf-armhf-libvirt 14 saverestore-support-check fail like 111177 test-armhf-armhf-libvirt-xsm 14 saverestore-support-check fail like 111177 test-amd64-amd64-xl-rtds 10 debian-install fail like 111177 test-armhf-armhf-xl-rtds 16 guest-start/debian.repeat fail like 111177 test-armhf-armhf-libvirt-raw 13 saverestore-support-check fail like 111177 test-amd64-amd64-xl-qemuu-ws16-amd64 10 windows-install fail never pass test-amd64-i386-libvirt-xsm 13 migrate-support-check fail never pass test-amd64-i386-libvirt 13 migrate-support-check fail never pass test-amd64-amd64-libvirt 13 migrate-support-check fail never pass test-amd64-amd64-libvirt-xsm 13 migrate-support-check fail never pass test-arm64-arm64-xl-credit2 13 migrate-support-check fail never pass test-arm64-arm64-xl-credit2 14 saverestore-support-check fail never pass test-arm64-arm64-libvirt-xsm 13 migrate-support-check fail never pass test-arm64-arm64-libvirt-xsm 14 saverestore-support-check fail never pass test-amd64-i386-libvirt-qemuu-debianhvm-amd64-xsm 11 migrate-support-check fail never pass test-arm64-arm64-xl 13 migrate-support-check fail never pass test-arm64-arm64-xl 14 saverestore-support-check fail never pass test-arm64-arm64-xl-xsm 13 migrate-support-check fail never pass test-arm64-arm64-xl-xsm 14 saverestore-support-check fail never pass test-amd64-amd64-libvirt-qemuu-debianhvm-amd64-xsm 11 migrate-support-check fail never pass test-amd64-amd64-libvirt-vhd 12 migrate-support-check fail never pass test-amd64-amd64-qemuu-nested-amd 17 debian-hvm-install/l1/l2 fail never pass test-armhf-armhf-xl-credit2 13 migrate-support-check fail never pass test-armhf-armhf-xl-credit2 14 saverestore-support-check fail never pass test-armhf-armhf-xl-cubietruck 13 migrate-support-check fail never pass test-armhf-armhf-xl-cubietruck 14 saverestore-support-check fail never pass test-amd64-i386-xl-qemuu-ws16-amd64 13 guest-saverestore fail never pass test-armhf-armhf-xl 13 migrate-support-check fail never pass test-armhf-armhf-xl-arndale 13 migrate-support-check fail never pass test-armhf-armhf-xl-xsm 13 migrate-support-check fail never pass test-armhf-armhf-xl 14 saverestore-support-check fail never pass test-armhf-armhf-xl-arndale 14 saverestore-support-check fail never pass test-armhf-armhf-libvirt 13 migrate-support-check fail never pass test-armhf-armhf-xl-xsm 14 saverestore-support-check fail never pass test-armhf-armhf-libvirt-xsm 13 migrate-support-check fail never pass test-armhf-armhf-xl-multivcpu 13 migrate-support-check fail never pass test-armhf-armhf-xl-multivcpu 14 saverestore-support-check fail never pass test-armhf-armhf-xl-vhd 12 migrate-support-check fail never pass test-armhf-armhf-xl-vhd 13 saverestore-support-check fail never pass test-armhf-armhf-xl-rtds 13 migrate-support-check fail never pass test-armhf-armhf-xl-rtds 14 saverestore-support-check fail never pass test-armhf-armhf-libvirt-raw 12 migrate-support-check fail never pass test-amd64-i386-xl-qemuu-win10-i386 10 windows-install fail never pass test-amd64-amd64-xl-qemuu-win10-i386 10 windows-install fail never pass version targeted for testing: qemuu 82d76dc7fc19a5eb9f731d7faed1792bb97214e0 baseline version: qemuu 577caa2672ccde7352fda3ef17e44993de862f0e Last test of basis 111177 2017-06-29 06:48:31 Z 3 days Failing since 111211 2017-06-30 04:51:44 Z 2 days 2 attempts Testing same since 111265 2017-07-01 10:02:26 Z 1 days 1 attempts ------------------------------------------------------------ People who touched revisions under test: Aaron Larson Andrea Bolognani Anthony PERARD Bharata B Rao Bruce Rogers Daniel Henrique Barboza David Gibson Dr. David Alan Gilbert Eric Blake Fam Zheng Greg Kurz Halil Pasic Haozhong Zhang Jan Beulich John Arbuckle Juan Quintela Kevin Wolf Laurent Vivier Marc-André Lureau Paul Durrant Peter Maydell Peter Xu Richard Henderson Stefan Fritsch Stefan Hajnoczi Stefano Stabellini Stefano Stabellini Suraj Jitindar Singh Thomas Huth Tobias Schramm jobs: build-amd64-xsm pass build-arm64-xsm pass build-armhf-xsm pass build-i386-xsm pass build-amd64 pass build-arm64 pass build-armhf pass build-i386 pass build-amd64-libvirt pass build-arm64-libvirt pass build-armhf-libvirt pass build-i386-libvirt pass build-amd64-pvops pass build-arm64-pvops pass build-armhf-pvops pass build-i386-pvops pass test-amd64-amd64-xl pass test-arm64-arm64-xl pass test-armhf-armhf-xl pass test-amd64-i386-xl pass test-amd64-amd64-libvirt-qemuu-debianhvm-amd64-xsm pass test-amd64-i386-libvirt-qemuu-debianhvm-amd64-xsm pass test-amd64-amd64-xl-qemuu-debianhvm-amd64-xsm pass test-amd64-i386-xl-qemuu-debianhvm-amd64-xsm pass test-amd64-amd64-libvirt-xsm pass test-arm64-arm64-libvirt-xsm pass test-armhf-armhf-libvirt-xsm pass test-amd64-i386-libvirt-xsm pass test-amd64-amd64-xl-xsm pass test-arm64-arm64-xl-xsm pass test-armhf-armhf-xl-xsm pass test-amd64-i386-xl-xsm pass test-amd64-amd64-qemuu-nested-amd fail test-amd64-amd64-xl-pvh-amd pass test-amd64-i386-qemuu-rhel6hvm-amd pass test-amd64-amd64-xl-qemuu-debianhvm-amd64 pass test-amd64-i386-xl-qemuu-debianhvm-amd64 pass test-amd64-i386-freebsd10-amd64 pass test-amd64-amd64-xl-qemuu-ovmf-amd64 pass test-amd64-i386-xl-qemuu-ovmf-amd64 pass test-amd64-amd64-xl-qemuu-win7-amd64 fail test-amd64-i386-xl-qemuu-win7-amd64 fail test-amd64-amd64-xl-qemuu-ws16-amd64 fail test-amd64-i386-xl-qemuu-ws16-amd64 fail test-armhf-armhf-xl-arndale pass test-amd64-amd64-xl-credit2 pass test-arm64-arm64-xl-credit2 pass test-armhf-armhf-xl-credit2 pass test-armhf-armhf-xl-cubietruck pass test-amd64-i386-freebsd10-i386 pass test-amd64-amd64-xl-qemuu-win10-i386 fail test-amd64-i386-xl-qemuu-win10-i386 fail test-amd64-amd64-qemuu-nested-intel pass test-amd64-amd64-xl-pvh-intel pass test-amd64-i386-qemuu-rhel6hvm-intel pass test-amd64-amd64-libvirt pass test-armhf-armhf-libvirt pass test-amd64-i386-libvirt pass test-amd64-amd64-xl-multivcpu pass test-armhf-armhf-xl-multivcpu pass test-amd64-amd64-pair pass test-amd64-i386-pair pass test-amd64-amd64-libvirt-pair pass test-amd64-i386-libvirt-pair pass test-amd64-amd64-amd64-pvgrub pass test-amd64-amd64-i386-pvgrub pass test-amd64-amd64-pygrub pass test-amd64-amd64-xl-qcow2 pass test-armhf-armhf-libvirt-raw pass test-amd64-i386-xl-raw pass test-amd64-amd64-xl-rtds fail test-armhf-armhf-xl-rtds fail test-amd64-amd64-libvirt-vhd pass test-armhf-armhf-xl-vhd pass ------------------------------------------------------------ sg-report-flight on osstest.test-lab.xenproject.org logs: /home/logs/logs images: /home/logs/images Logs, config files, etc. are available at http://logs.test-lab.xenproject.org/osstest/logs Explanation of these reports, and of osstest in general, is at http://xenbits.xen.org/gitweb/?p=osstest.git;a=blob;f=README.email;hb=master http://xenbits.xen.org/gitweb/?p=osstest.git;a=blob;f=README;hb=master Test harness code can be found at http://xenbits.xen.org/gitweb?p=osstest.git;a=summary Pushing revision : + branch=qemu-mainline + revision=82d76dc7fc19a5eb9f731d7faed1792bb97214e0 + . ./cri-lock-repos ++ . ./cri-common +++ . ./cri-getconfig +++ umask 002 +++ getrepos ++++ getconfig Repos ++++ perl -e ' use Osstest; readglobalconfig(); print $c{"Repos"} or die $!; ' +++ local repos=/home/osstest/repos +++ '[' -z /home/osstest/repos ']' +++ '[' '!' -d /home/osstest/repos ']' +++ echo /home/osstest/repos ++ repos=/home/osstest/repos ++ repos_lock=/home/osstest/repos/lock ++ '[' x '!=' x/home/osstest/repos/lock ']' ++ OSSTEST_REPOS_LOCK_LOCKED=/home/osstest/repos/lock ++ exec with-lock-ex -w /home/osstest/repos/lock ./ap-push qemu-mainline 82d76dc7fc19a5eb9f731d7faed1792bb97214e0 + branch=qemu-mainline + revision=82d76dc7fc19a5eb9f731d7faed1792bb97214e0 + . ./cri-lock-repos ++ . ./cri-common +++ . ./cri-getconfig +++ umask 002 +++ getrepos ++++ getconfig Repos ++++ perl -e ' use Osstest; readglobalconfig(); print $c{"Repos"} or die $!; ' +++ local repos=/home/osstest/repos +++ '[' -z /home/osstest/repos ']' +++ '[' '!' -d /home/osstest/repos ']' +++ echo /home/osstest/repos ++ repos=/home/osstest/repos ++ repos_lock=/home/osstest/repos/lock ++ '[' x/home/osstest/repos/lock '!=' x/home/osstest/repos/lock ']' + . ./cri-common ++ . ./cri-getconfig ++ umask 002 + select_xenbranch + case "$branch" in + tree=qemuu + xenbranch=xen-unstable + qemuubranch=qemu-mainline + '[' xqemuu = xlinux ']' + linuxbranch= + '[' xqemu-mainline = x ']' + select_prevxenbranch ++ ./cri-getprevxenbranch xen-unstable + prevxenbranch=xen-4.9-testing + '[' x82d76dc7fc19a5eb9f731d7faed1792bb97214e0 = x ']' + : tested/2.6.39.x + . ./ap-common ++ : osstest@xenbits.xen.org +++ getconfig OsstestUpstream +++ perl -e ' use Osstest; readglobalconfig(); print $c{"OsstestUpstream"} or die $!; ' ++ : ++ : git://xenbits.xen.org/xen.git ++ : osstest@xenbits.xen.org:/home/xen/git/xen.git ++ : git://xenbits.xen.org/qemu-xen-traditional.git ++ : git://git.kernel.org ++ : git://git.kernel.org/pub/scm/linux/kernel/git ++ : git ++ : git://xenbits.xen.org/xtf.git ++ : osstest@xenbits.xen.org:/home/xen/git/xtf.git ++ : git://xenbits.xen.org/xtf.git ++ : git://xenbits.xen.org/libvirt.git ++ : osstest@xenbits.xen.org:/home/xen/git/libvirt.git ++ : git://xenbits.xen.org/libvirt.git ++ : git://xenbits.xen.org/osstest/rumprun.git ++ : git ++ : git://xenbits.xen.org/osstest/rumprun.git ++ : osstest@xenbits.xen.org:/home/xen/git/osstest/rumprun.git ++ : git://git.seabios.org/seabios.git ++ : osstest@xenbits.xen.org:/home/xen/git/osstest/seabios.git ++ : git://xenbits.xen.org/osstest/seabios.git ++ : https://github.com/tianocore/edk2.git ++ : osstest@xenbits.xen.org:/home/xen/git/osstest/ovmf.git ++ : git://xenbits.xen.org/osstest/ovmf.git ++ : git://xenbits.xen.org/osstest/linux-firmware.git ++ : osstest@xenbits.xen.org:/home/osstest/ext/linux-firmware.git ++ : git://git.kernel.org/pub/scm/linux/kernel/git/firmware/linux-firmware.git ++ : osstest@xenbits.xen.org:/home/xen/git/linux-pvops.git ++ : git://xenbits.xen.org/linux-pvops.git ++ : tested/linux-3.14 ++ : tested/linux-arm-xen ++ '[' xgit://xenbits.xen.org/linux-pvops.git = x ']' ++ '[' x = x ']' ++ : git://xenbits.xen.org/linux-pvops.git ++ : tested/linux-arm-xen ++ : git://git.kernel.org/pub/scm/linux/kernel/git/konrad/xen.git ++ : tested/2.6.39.x ++ : daily-cron.qemu-mainline ++ : daily-cron.qemu-mainline ++ : daily-cron.qemu-mainline ++ : daily-cron.qemu-mainline ++ : daily-cron.qemu-mainline ++ : daily-cron.qemu-mainline ++ : daily-cron.qemu-mainline ++ : http://hg.uk.xensource.com/carbon/trunk/linux-2.6.27 ++ : git://xenbits.xen.org/qemu-xen.git ++ : osstest@xenbits.xen.org:/home/xen/git/qemu-xen.git ++ : daily-cron.qemu-mainline ++ : git://git.qemu.org/qemu.git ++ : git://git.qemu.org/qemu.git + TREE_LINUX=osstest@xenbits.xen.org:/home/xen/git/linux-pvops.git + TREE_QEMU_UPSTREAM=osstest@xenbits.xen.org:/home/xen/git/qemu-xen.git + TREE_XEN=osstest@xenbits.xen.org:/home/xen/git/xen.git + TREE_LIBVIRT=osstest@xenbits.xen.org:/home/xen/git/libvirt.git + TREE_RUMPRUN=osstest@xenbits.xen.org:/home/xen/git/osstest/rumprun.git + TREE_SEABIOS=osstest@xenbits.xen.org:/home/xen/git/osstest/seabios.git + TREE_OVMF=osstest@xenbits.xen.org:/home/xen/git/osstest/ovmf.git + TREE_XTF=osstest@xenbits.xen.org:/home/xen/git/xtf.git + info_linux_tree qemu-mainline + case $1 in + return 1 + case "$branch" in + cd /home/osstest/repos/qemu-mainline + git push osstest@xenbits.xen.org:/home/xen/git/qemu-xen.git 82d76dc7fc19a5eb9f731d7faed1792bb97214e0:refs/heads/upstream-tested To osstest@xenbits.xen.org:/home/xen/git/qemu-xen.git 577caa2..82d76dc 82d76dc7fc19a5eb9f731d7faed1792bb97214e0 -> upstream-tested --===============4013560689991395482== Content-Type: text/plain; charset="utf-8" MIME-Version: 1.0 Content-Transfer-Encoding: base64 Content-Disposition: inline X19fX19fX19fX19fX19fX19fX19fX19fX19fX19fX19fX19fX19fX19fX19fX18KWGVuLWRldmVs IG1haWxpbmcgbGlzdApYZW4tZGV2ZWxAbGlzdHMueGVuLm9yZwpodHRwczovL2xpc3RzLnhlbi5v cmcveGVuLWRldmVsCg== --===============4013560689991395482==--