* [linux-4.9 test] 111294: regressions - FAIL
@ 2017-07-02 21:04 osstest service owner
0 siblings, 0 replies; only message in thread
From: osstest service owner @ 2017-07-02 21:04 UTC (permalink / raw)
To: xen-devel, osstest-admin
[-- Attachment #1: Type: text/plain, Size: 16296 bytes --]
flight 111294 linux-4.9 real [real]
http://logs.test-lab.xenproject.org/osstest/logs/111294/
Regressions :-(
Tests which did not succeed and are blocking,
including tests which could not be run:
build-armhf-xsm 6 xen-build fail in 111228 REGR. vs. 111054
Tests which are failing intermittently (not blocking):
test-amd64-amd64-xl-qemuu-win7-amd64 16 guest-localmigrate/x10 fail in 111184 pass in 111294
test-amd64-amd64-xl-qemut-win7-amd64 17 guest-stop fail in 111228 pass in 111184
test-amd64-i386-libvirt-qemuu-debianhvm-amd64-xsm 15 guest-stop fail pass in 111228
test-armhf-armhf-xl-rtds 10 debian-install fail pass in 111228
Tests which did not succeed, but are not blocking:
test-armhf-armhf-libvirt-xsm 1 build-check(1) blocked in 111228 n/a
test-armhf-armhf-xl-xsm 1 build-check(1) blocked in 111228 n/a
test-amd64-i386-xl-qemuu-win7-amd64 17 guest-stop fail blocked in 111054
test-amd64-amd64-xl-qemut-win7-amd64 18 guest-start/win.repeat fail in 111184 like 111027
test-armhf-armhf-xl-rtds 16 guest-start/debian.repeat fail in 111228 like 111054
test-amd64-i386-xl-qemut-win7-amd64 16 guest-localmigrate/x10 fail in 111228 like 111054
test-armhf-armhf-xl-rtds 13 migrate-support-check fail in 111228 never pass
test-armhf-armhf-xl-rtds 14 saverestore-support-check fail in 111228 never pass
test-amd64-amd64-xl-qemut-win7-amd64 16 guest-localmigrate/x10 fail like 111054
test-amd64-amd64-xl-qemuu-win7-amd64 17 guest-stop fail like 111054
test-amd64-amd64-xl-rtds 10 debian-install fail like 111054
test-amd64-amd64-xl-qemuu-ws16-amd64 10 windows-install fail never pass
test-amd64-amd64-libvirt 13 migrate-support-check fail never pass
test-amd64-amd64-libvirt-xsm 13 migrate-support-check fail never pass
test-amd64-i386-libvirt-xsm 13 migrate-support-check fail never pass
test-amd64-i386-libvirt 13 migrate-support-check fail never pass
test-amd64-amd64-xl-qemut-ws16-amd64 10 windows-install fail never pass
test-arm64-arm64-xl-credit2 13 migrate-support-check fail never pass
test-arm64-arm64-xl-credit2 14 saverestore-support-check fail never pass
test-amd64-amd64-libvirt-qemuu-debianhvm-amd64-xsm 11 migrate-support-check fail never pass
test-arm64-arm64-xl 13 migrate-support-check fail never pass
test-arm64-arm64-xl 14 saverestore-support-check fail never pass
test-arm64-arm64-libvirt-xsm 13 migrate-support-check fail never pass
test-arm64-arm64-libvirt-xsm 14 saverestore-support-check fail never pass
test-arm64-arm64-xl-xsm 13 migrate-support-check fail never pass
test-arm64-arm64-xl-xsm 14 saverestore-support-check fail never pass
test-amd64-i386-libvirt-qemuu-debianhvm-amd64-xsm 11 migrate-support-check fail never pass
test-amd64-amd64-qemuu-nested-amd 17 debian-hvm-install/l1/l2 fail never pass
test-amd64-amd64-libvirt-vhd 12 migrate-support-check fail never pass
test-amd64-i386-xl-qemuu-ws16-amd64 13 guest-saverestore fail never pass
test-armhf-armhf-xl-multivcpu 13 migrate-support-check fail never pass
test-armhf-armhf-xl-multivcpu 14 saverestore-support-check fail never pass
test-armhf-armhf-xl 13 migrate-support-check fail never pass
test-armhf-armhf-xl 14 saverestore-support-check fail never pass
test-armhf-armhf-xl-xsm 13 migrate-support-check fail never pass
test-armhf-armhf-xl-xsm 14 saverestore-support-check fail never pass
test-armhf-armhf-xl-credit2 13 migrate-support-check fail never pass
test-armhf-armhf-xl-credit2 14 saverestore-support-check fail never pass
test-armhf-armhf-xl-cubietruck 13 migrate-support-check fail never pass
test-armhf-armhf-xl-cubietruck 14 saverestore-support-check fail never pass
test-armhf-armhf-libvirt-xsm 13 migrate-support-check fail never pass
test-armhf-armhf-libvirt-xsm 14 saverestore-support-check fail never pass
test-armhf-armhf-libvirt 13 migrate-support-check fail never pass
test-armhf-armhf-libvirt 14 saverestore-support-check fail never pass
test-amd64-i386-xl-qemut-win7-amd64 18 guest-start/win.repeat fail never pass
test-amd64-i386-xl-qemut-ws16-amd64 13 guest-saverestore fail never pass
test-armhf-armhf-xl-vhd 12 migrate-support-check fail never pass
test-armhf-armhf-xl-vhd 13 saverestore-support-check fail never pass
test-armhf-armhf-xl-arndale 13 migrate-support-check fail never pass
test-armhf-armhf-xl-arndale 14 saverestore-support-check fail never pass
test-armhf-armhf-libvirt-raw 12 migrate-support-check fail never pass
test-armhf-armhf-libvirt-raw 13 saverestore-support-check fail never pass
test-amd64-i386-xl-qemut-win10-i386 10 windows-install fail never pass
test-amd64-amd64-xl-qemuu-win10-i386 10 windows-install fail never pass
test-amd64-i386-xl-qemuu-win10-i386 10 windows-install fail never pass
test-amd64-amd64-xl-qemut-win10-i386 10 windows-install fail never pass
version targeted for testing:
linux 92905e331aea278665c4b27fbb13c4547a8bcbb0
baseline version:
linux 493ecd5cd73ed41e319fe39816c6d3638ef080ff
Last test of basis 111054 2017-06-25 15:21:19 Z 7 days
Testing same since 111184 2017-06-29 11:28:14 Z 3 days 3 attempts
------------------------------------------------------------
People who touched revisions under test:
"Eric W. Biederman" <ebiederm@xmission.com>
Alex Deucher <alexander.deucher@amd.com>
Amit Pundir <amit.pundir@linaro.org>
Andrew Morton <akpm@linux-foundation.org>
Arend van Spriel <arend.vanspriel@broadcom.com>
Bart Van Assche <bart.vanassche@sandisk.com>
Chen-Yu Tsai <wens@csie.org>
Christian Borntraeger <borntraeger@de.ibm.com>
Christian König <christian.koenig@amd.com>
Chu Yuan Lin <cyl@datera.io>
Chunming Zhou <david1.zhou@amd.com>
Clive Messer <clive.messer@digitaldreamtime.co.uk>
Cyrille Pitchen <cyrille.pitchen@atmel.com>
Daniel Drake <drake@endlessm.com>
Daniel Mentz <danielmentz@google.com>
David Howells <dhowells@redhat.com>
David Lin <dtwlin@google.com>
David S. Miller <davem@davemloft.net>
Dmitry Torokhov <dmitry.torokhov@gmail.com>
Dmitry V. Levin <ldv@altlinux.org>
Enric Balletbo i Serra <enric.balletbo@collabora.com>
Eric W. Biederman <ebiederm@xmission.com>
Felipe Balbi <felipe.balbi@linux.intel.com>
Ganesh Goudar <ganeshgr@chelsio.com>
Gary Guo <ghg@datera.io>
Gleb Fotengauer-Malinovskiy <glebfm@altlinux.org>
Greg Kroah-Hartman <gregkh@linuxfoundation.org>
Hauke Mehrtens <hauke@hauke-m.de>
Heiko Carstens <heiko.carstens@de.ibm.com>
Ilya Matveychikov <matvejchikov@gmail.com>
Ilya V. Matveychikov <matvejchikov@gmail.com>
Ingo Molnar <mingo@kernel.org>
Jan Beulich <jbeulich@suse.com>
Jiri Kosina <jkosina@suse.cz>
John Stultz <john.stultz@linaro.org>
Jon Mason <jon.mason@broadcom.com>
Joël Esponde <joel.esponde@honeywell.com>
Juergen Gross <jgross@suse.com>
Kalle Valo <kvalo@codeaurora.org>
Kan Liang <Kan.liang@intel.com>
Kees Cook <keescook@chromium.org>
Kevin Brodsky <kevin.brodsky@arm.com>
Konrad Rzeszutek Wilk <konrad.wilk@oracle.com>
Linus Torvalds <torvalds@linux-foundation.org>
Mark Brown <broonie@kernel.org>
Martin Sperl <kernel@martin.sperl.org>
Masahiro Yamada <yamada.masahiro@socionext.com>
Masami Hiramatsu <mhiramat@kernel.org>
Matthias Reichl <hias@horus.com>
Maxime Ripard <maxime.ripard@free-electrons.com>
Michael Ellerman <mpe@ellerman.id.au>
Michal Hocko <mhocko@suse.com>
Naveen N. Rao <naveen.n.rao@linux.vnet.ibm.com>
NeilBrown <neilb@suse.com>
Nicholas Bellinger <nab@linux-iscsi.org>
Paul Mackerras <paulus@ozlabs.org>
Pavel Shilovsky <pshilov@microsoft.com>
Raju Rangoju <rajur@chelsio.com>
Ralf Baechle <ralf@linux-mips.org>
Ravi Bangoria <ravi.bangoria@linux.vnet.ibm.com>
Rik van Riel <riel@redhat.com>
Roger Pau Monné <roger.pau@citrix.com>
Russell King <rmk+kernel@armlinux.org.uk>
Sebastian Parschauer <sparschauer@suse.de>
Stanislaw Gruszka <sgruszka@redhat.com>
Steve French <smfrench@gmail.com>
Steve Wise <swise@opengridcomputing.com>
Steven Haigh <netwiz@crc.id.au>
Steven Rostedt (VMware) <rostedt@goodmis.org>
Takashi Iwai <tiwai@suse.de>
Takashi Sakamoto <o-takashi@sakamocchi.jp>
Thomas Gleixner <tglx@linutronix.de>
Tobias Wolf <dev-NTEO@vplace.de>
Vinod Koul <vinod.koul@intel.com>
Will Deacon <will.deacon@arm.com>
William Wu <william.wu@rock-chips.com>
Yendapally Reddy Dhananjaya Reddy <yendapally.reddy@broadcom.com>
jobs:
build-amd64-xsm pass
build-arm64-xsm pass
build-armhf-xsm pass
build-i386-xsm pass
build-amd64 pass
build-arm64 pass
build-armhf pass
build-i386 pass
build-amd64-libvirt pass
build-arm64-libvirt pass
build-armhf-libvirt pass
build-i386-libvirt pass
build-amd64-pvops pass
build-arm64-pvops pass
build-armhf-pvops pass
build-i386-pvops pass
build-amd64-rumprun pass
build-i386-rumprun pass
test-amd64-amd64-xl pass
test-arm64-arm64-xl pass
test-armhf-armhf-xl pass
test-amd64-i386-xl pass
test-amd64-amd64-xl-qemut-debianhvm-amd64-xsm pass
test-amd64-i386-xl-qemut-debianhvm-amd64-xsm pass
test-amd64-amd64-libvirt-qemuu-debianhvm-amd64-xsm pass
test-amd64-i386-libvirt-qemuu-debianhvm-amd64-xsm fail
test-amd64-amd64-xl-qemuu-debianhvm-amd64-xsm pass
test-amd64-i386-xl-qemuu-debianhvm-amd64-xsm pass
test-amd64-amd64-xl-qemut-stubdom-debianhvm-amd64-xsm pass
test-amd64-i386-xl-qemut-stubdom-debianhvm-amd64-xsm pass
test-amd64-amd64-libvirt-xsm pass
test-arm64-arm64-libvirt-xsm pass
test-armhf-armhf-libvirt-xsm pass
test-amd64-i386-libvirt-xsm pass
test-amd64-amd64-xl-xsm pass
test-arm64-arm64-xl-xsm pass
test-armhf-armhf-xl-xsm pass
test-amd64-i386-xl-xsm pass
test-amd64-amd64-qemuu-nested-amd fail
test-amd64-amd64-xl-pvh-amd pass
test-amd64-i386-qemut-rhel6hvm-amd pass
test-amd64-i386-qemuu-rhel6hvm-amd pass
test-amd64-amd64-xl-qemut-debianhvm-amd64 pass
test-amd64-i386-xl-qemut-debianhvm-amd64 pass
test-amd64-amd64-xl-qemuu-debianhvm-amd64 pass
test-amd64-i386-xl-qemuu-debianhvm-amd64 pass
test-amd64-i386-freebsd10-amd64 pass
test-amd64-amd64-xl-qemuu-ovmf-amd64 pass
test-amd64-i386-xl-qemuu-ovmf-amd64 pass
test-amd64-amd64-rumprun-amd64 pass
test-amd64-amd64-xl-qemut-win7-amd64 fail
test-amd64-i386-xl-qemut-win7-amd64 fail
test-amd64-amd64-xl-qemuu-win7-amd64 fail
test-amd64-i386-xl-qemuu-win7-amd64 fail
test-amd64-amd64-xl-qemut-ws16-amd64 fail
test-amd64-i386-xl-qemut-ws16-amd64 fail
test-amd64-amd64-xl-qemuu-ws16-amd64 fail
test-amd64-i386-xl-qemuu-ws16-amd64 fail
test-armhf-armhf-xl-arndale pass
test-amd64-amd64-xl-credit2 pass
test-arm64-arm64-xl-credit2 pass
test-armhf-armhf-xl-credit2 pass
test-armhf-armhf-xl-cubietruck pass
test-amd64-amd64-examine pass
test-arm64-arm64-examine pass
test-armhf-armhf-examine pass
test-amd64-i386-examine pass
test-amd64-i386-freebsd10-i386 pass
test-amd64-i386-rumprun-i386 pass
test-amd64-amd64-xl-qemut-win10-i386 fail
test-amd64-i386-xl-qemut-win10-i386 fail
test-amd64-amd64-xl-qemuu-win10-i386 fail
test-amd64-i386-xl-qemuu-win10-i386 fail
test-amd64-amd64-qemuu-nested-intel pass
test-amd64-amd64-xl-pvh-intel pass
test-amd64-i386-qemut-rhel6hvm-intel pass
test-amd64-i386-qemuu-rhel6hvm-intel pass
test-amd64-amd64-libvirt pass
test-armhf-armhf-libvirt pass
test-amd64-i386-libvirt pass
test-amd64-amd64-xl-multivcpu pass
test-armhf-armhf-xl-multivcpu pass
test-amd64-amd64-pair pass
test-amd64-i386-pair pass
test-amd64-amd64-libvirt-pair pass
test-amd64-i386-libvirt-pair pass
test-amd64-amd64-amd64-pvgrub pass
test-amd64-amd64-i386-pvgrub pass
test-amd64-amd64-pygrub pass
test-amd64-amd64-xl-qcow2 pass
test-armhf-armhf-libvirt-raw pass
test-amd64-i386-xl-raw pass
test-amd64-amd64-xl-rtds fail
test-armhf-armhf-xl-rtds fail
test-amd64-amd64-libvirt-vhd pass
test-armhf-armhf-xl-vhd pass
------------------------------------------------------------
sg-report-flight on osstest.test-lab.xenproject.org
logs: /home/logs/logs
images: /home/logs/images
Logs, config files, etc. are available at
http://logs.test-lab.xenproject.org/osstest/logs
Explanation of these reports, and of osstest in general, is at
http://xenbits.xen.org/gitweb/?p=osstest.git;a=blob;f=README.email;hb=master
http://xenbits.xen.org/gitweb/?p=osstest.git;a=blob;f=README;hb=master
Test harness code can be found at
http://xenbits.xen.org/gitweb?p=osstest.git;a=summary
Not pushing.
(No revision log; it would be 1447 lines long.)
[-- Attachment #2: Type: text/plain, Size: 127 bytes --]
_______________________________________________
Xen-devel mailing list
Xen-devel@lists.xen.org
https://lists.xen.org/xen-devel
^ permalink raw reply [flat|nested] only message in thread
only message in thread, other threads:[~2017-07-02 21:04 UTC | newest]
Thread overview: (only message) (download: mbox.gz follow: Atom feed
-- links below jump to the message on this page --
2017-07-02 21:04 [linux-4.9 test] 111294: regressions - FAIL osstest service owner
This is a public inbox, see mirroring instructions
for how to clone and mirror all data and code used for this inbox;
as well as URLs for NNTP newsgroup(s).