xen-devel.lists.xenproject.org archive mirror
 help / color / mirror / Atom feed
From: osstest service owner <osstest-admin@xenproject.org>
To: xen-devel@lists.xensource.com, osstest-admin@xenproject.org
Subject: [linux-3.18 test] 111365: regressions - FAIL
Date: Tue, 04 Jul 2017 13:44:15 +0000	[thread overview]
Message-ID: <osstest-111365-mainreport@xen.org> (raw)

[-- Attachment #1: Type: text/plain, Size: 16248 bytes --]

flight 111365 linux-3.18 real [real]
http://logs.test-lab.xenproject.org/osstest/logs/111365/

Regressions :-(

Tests which did not succeed and are blocking,
including tests which could not be run:
 test-amd64-amd64-xl-qemut-win7-amd64 18 guest-start/win.repeat fail in 111255 REGR. vs. 110441

Tests which are failing intermittently (not blocking):
 test-amd64-i386-freebsd10-amd64 17 guest-localmigrate/x10 fail in 111255 pass in 111365
 test-amd64-i386-qemut-rhel6hvm-amd 12 guest-start/redhat.repeat fail in 111344 pass in 111365
 test-amd64-amd64-xl-qemuu-win7-amd64 17 guest-stop         fail pass in 111255
 test-amd64-amd64-xl-qemut-win7-amd64 17 guest-stop         fail pass in 111255
 test-armhf-armhf-examine      5 xen-install                fail pass in 111344

Tests which did not succeed, but are not blocking:
 test-arm64-arm64-libvirt-xsm  1 build-check(1)               blocked  n/a
 test-arm64-arm64-xl           1 build-check(1)               blocked  n/a
 test-arm64-arm64-examine      1 build-check(1)               blocked  n/a
 test-arm64-arm64-xl-credit2   1 build-check(1)               blocked  n/a
 test-arm64-arm64-xl-xsm       1 build-check(1)               blocked  n/a
 test-amd64-i386-xl-qemuu-win7-amd64 17 guest-stop       fail blocked in 110441
 test-amd64-i386-xl-qemut-win7-amd64 17 guest-stop       fail blocked in 110441
 test-amd64-i386-xl-qemut-win7-amd64 18 guest-start/win.repeat fail in 111255 blocked in 110441
 test-amd64-amd64-xl-qemuu-win7-amd64 18 guest-start/win.repeat fail in 111255 like 110441
 test-amd64-i386-xl-qemuu-win7-amd64 18 guest-start/win.repeat fail in 111344 blocked in 110441
 test-amd64-i386-xl-qemut-win7-amd64 16 guest-localmigrate/x10 fail in 111344 like 110441
 test-armhf-armhf-libvirt-xsm 14 saverestore-support-check    fail  like 110441
 test-armhf-armhf-libvirt     14 saverestore-support-check    fail  like 110441
 test-armhf-armhf-libvirt-raw 13 saverestore-support-check    fail  like 110441
 test-amd64-amd64-xl-qemut-ws16-amd64 10 windows-install        fail never pass
 test-amd64-amd64-xl-qemuu-ws16-amd64 10 windows-install        fail never pass
 test-amd64-i386-libvirt      13 migrate-support-check        fail   never pass
 test-amd64-i386-libvirt-xsm  13 migrate-support-check        fail   never pass
 test-amd64-amd64-libvirt     13 migrate-support-check        fail   never pass
 test-amd64-amd64-libvirt-xsm 13 migrate-support-check        fail   never pass
 test-amd64-i386-libvirt-qemuu-debianhvm-amd64-xsm 11 migrate-support-check fail never pass
 test-armhf-armhf-xl-arndale  13 migrate-support-check        fail   never pass
 test-armhf-armhf-xl-arndale  14 saverestore-support-check    fail   never pass
 test-amd64-amd64-libvirt-qemuu-debianhvm-amd64-xsm 11 migrate-support-check fail never pass
 test-amd64-amd64-libvirt-vhd 12 migrate-support-check        fail   never pass
 test-amd64-amd64-qemuu-nested-amd 17 debian-hvm-install/l1/l2  fail never pass
 test-amd64-i386-xl-qemuu-ws16-amd64 13 guest-saverestore       fail never pass
 test-amd64-i386-xl-qemut-ws16-amd64 13 guest-saverestore       fail never pass
 build-arm64-pvops             6 kernel-build                 fail   never pass
 test-armhf-armhf-xl-multivcpu 13 migrate-support-check        fail  never pass
 test-armhf-armhf-xl-multivcpu 14 saverestore-support-check    fail  never pass
 test-armhf-armhf-libvirt-xsm 13 migrate-support-check        fail   never pass
 test-armhf-armhf-libvirt     13 migrate-support-check        fail   never pass
 test-armhf-armhf-xl-credit2  13 migrate-support-check        fail   never pass
 test-armhf-armhf-xl-credit2  14 saverestore-support-check    fail   never pass
 test-armhf-armhf-xl-xsm      13 migrate-support-check        fail   never pass
 test-armhf-armhf-xl-xsm      14 saverestore-support-check    fail   never pass
 test-armhf-armhf-xl-cubietruck 13 migrate-support-check        fail never pass
 test-armhf-armhf-xl-cubietruck 14 saverestore-support-check    fail never pass
 test-armhf-armhf-xl          13 migrate-support-check        fail   never pass
 test-armhf-armhf-xl          14 saverestore-support-check    fail   never pass
 test-armhf-armhf-xl-rtds     13 migrate-support-check        fail   never pass
 test-armhf-armhf-xl-rtds     14 saverestore-support-check    fail   never pass
 test-armhf-armhf-libvirt-raw 12 migrate-support-check        fail   never pass
 test-armhf-armhf-xl-vhd      12 migrate-support-check        fail   never pass
 test-armhf-armhf-xl-vhd      13 saverestore-support-check    fail   never pass
 test-amd64-i386-xl-qemuu-win10-i386 10 windows-install         fail never pass
 test-amd64-amd64-xl-qemuu-win10-i386 10 windows-install        fail never pass
 test-amd64-i386-xl-qemut-win10-i386 10 windows-install         fail never pass
 test-amd64-amd64-xl-qemut-win10-i386 10 windows-install        fail never pass

version targeted for testing:
 linux                985c6fe6e0357c79642bc506f15932983571ce93
baseline version:
 linux                8366868460f8784e30302f441546a9d72ffe1236

Last test of basis   110441  2017-06-14 13:16:35 Z   20 days
Failing since        111069  2017-06-26 05:55:00 Z    8 days   10 attempts
Testing same since   111191  2017-06-29 14:22:51 Z    4 days    6 attempts

------------------------------------------------------------
People who touched revisions under test:
  "Eric W. Biederman" <ebiederm@xmission.com>
  Alan Stern <stern@rowland.harvard.edu>
  Amit Pundir <amit.pundir@linaro.org>
  Andrew Morton <akpm@linux-foundation.org>
  Anssi Hannula <anssi.hannula@bitwise.fi>
  Anton Bondarenko <anton.bondarenko.sama@gmail.com>
  Ard Biesheuvel <ard.biesheuvel@linaro.org>
  Arnd Bergmann <arnd@arndb.de>
  Bart Van Assche <bart.vanassche@sandisk.com>
  Bryant G. Ly <bryantly@linux.vnet.ibm.com>
  Chris Brandt <chris.brandt@renesas.com>
  Christoph Hellwig <hch@lst.de>
  Christophe JAILLET <christophe.jaillet@wanadoo.fr>
  Chu Yuan Lin <cyl@datera.io>
  Corentin Labbe <clabbe.montjoie@gmail.com>
  Cyrille Pitchen <cyrille.pitchen@atmel.com>
  Dan Carpenter <dan.carpenter@oracle.com>
  Daniel Drake <drake@endlessm.com>
  David Howells <dhowells@redhat.com>
  David S. Miller <davem@davemloft.net>
  Dmitry Torokhov <dmitry.torokhov@gmail.com>
  Emmanuel Grumbach <emmanuel.grumbach@intel.com>
  Eric W. Biederman <ebiederm@xmission.com>
  Felipe Balbi <felipe.balbi@linux.intel.com>
  Gary Guo <ghg@datera.io>
  Greg Kroah-Hartman <gregkh@linuxfoundation.org>
  Hans Verkuil <hans.verkuil@cisco.com>
  Heiko Carstens <heiko.carstens@de.ibm.com>
  Heiner Kallweit <hkallweit1@gmail.com>
  Helge Deller <deller@gmx.de>
  Helge Deller <deller@gmx.de> # parisc
  Hugh Dickins <hughd@google.com>
  Ilya Matveychikov <matvejchikov@gmail.com>
  Ilya V. Matveychikov <matvejchikov@gmail.com>
  Ingo Molnar <mingo@kernel.org>
  James Morse <james.morse@arm.com>
  Jason A. Donenfeld <Jason@zx2c4.com>
  Jens Axboe <axboe@fb.com>
  Johan Hovold <johan@kernel.org>
  Johannes Berg <johannes.berg@intel.com>
  Jonathan Cameron <jic23@kernel.org>
  Jonathan T. Leighton <jtleight@udel.edu>
  Joël Esponde <joel.esponde@honeywell.com>
  Kees Cook <keescook@chromium.org>
  Laura Abbott <labbott@redhat.com>
  Lee Jones <lee.jones@linaro.org>
  Linus Torvalds <torvalds@linux-foundation.org>
  Marc Kleine-Budde <mkl@pengutronix.de>
  Martin Schwidefsky <schwidefsky@de.ibm.com>
  Masami Hiramatsu <mhiramat@kernel.org>
  Mathias Nyman <mathias.nyman@linux.intel.com>
  Matt Ranostay <matt.ranostay@konsulko.com>
  Mauro Carvalho Chehab <mchehab@s-opensource.com>
  Michael Ellerman <mpe@ellerman.id.au>
  Michal Hocko <mhocko@suse.com>
  Naoya Horiguchi <n-horiguchi@ah.jp.nec.com>
  Naveen N. Rao <naveen.n.rao@linux.vnet.ibm.com>
  NeilBrown <neilb@suse.com>
  Nicholas Bellinger <nab@linux-iscsi.org>
  Paul Mackerras <paulus@ozlabs.org>
  Pavel Shilovsky <pshilov@microsoft.com>
  Punit Agrawal <punit.agrawal@arm.com>
  Rafael J. Wysocki <rafael.j.wysocki@intel.com>
  Ralf Baechle <ralf@linux-mips.org>
  Richard <richard@aaazen.com>
  Richard Narron <comet.berkeley@gmail.com>
  Rik van Riel <riel@redhat.com>
  Rodolfo Giometti <giometti@linux.it>
  Roger Quadros <rogerq@ti.com>
  Russell King <rmk+kernel@armlinux.org.uk>
  Sachin Prabhu <sprabhu@redhat.com>
  Sasha Levin <alexander.levin@verizon.com>
  Steve French <smfrench@gmail.com>
  Steven Rostedt (VMware) <rostedt@goodmis.org>
  Thomas Gleixner <tglx@linutronix.de>
  Tobias Wolf <dev-NTEO@vplace.de>
  Tomasz Wilczyński <twilczynski@naver.com>
  Tony Lindgren <tony@atomide.com>
  Uwe Kleine-König <u.kleine-koenig@pengutronix.de>
  Viresh Kumar <viresh.kumar@linaro.org>
  Vladimir Davydov <vdavydov.dev@gmail.com>
  William Wu <william.wu@rock-chips.com>
  Willy Tarreau <w@1wt.eu>
  Yu Zhao <yuzhao@google.com>

jobs:
 build-amd64-xsm                                              pass    
 build-arm64-xsm                                              pass    
 build-armhf-xsm                                              pass    
 build-i386-xsm                                               pass    
 build-amd64                                                  pass    
 build-arm64                                                  pass    
 build-armhf                                                  pass    
 build-i386                                                   pass    
 build-amd64-libvirt                                          pass    
 build-arm64-libvirt                                          pass    
 build-armhf-libvirt                                          pass    
 build-i386-libvirt                                           pass    
 build-amd64-pvops                                            pass    
 build-arm64-pvops                                            fail    
 build-armhf-pvops                                            pass    
 build-i386-pvops                                             pass    
 build-amd64-rumprun                                          pass    
 build-i386-rumprun                                           pass    
 test-amd64-amd64-xl                                          pass    
 test-arm64-arm64-xl                                          blocked 
 test-armhf-armhf-xl                                          pass    
 test-amd64-i386-xl                                           pass    
 test-amd64-amd64-xl-qemut-debianhvm-amd64-xsm                pass    
 test-amd64-i386-xl-qemut-debianhvm-amd64-xsm                 pass    
 test-amd64-amd64-libvirt-qemuu-debianhvm-amd64-xsm           pass    
 test-amd64-i386-libvirt-qemuu-debianhvm-amd64-xsm            pass    
 test-amd64-amd64-xl-qemuu-debianhvm-amd64-xsm                pass    
 test-amd64-i386-xl-qemuu-debianhvm-amd64-xsm                 pass    
 test-amd64-amd64-xl-qemut-stubdom-debianhvm-amd64-xsm        pass    
 test-amd64-i386-xl-qemut-stubdom-debianhvm-amd64-xsm         pass    
 test-amd64-amd64-libvirt-xsm                                 pass    
 test-arm64-arm64-libvirt-xsm                                 blocked 
 test-armhf-armhf-libvirt-xsm                                 pass    
 test-amd64-i386-libvirt-xsm                                  pass    
 test-amd64-amd64-xl-xsm                                      pass    
 test-arm64-arm64-xl-xsm                                      blocked 
 test-armhf-armhf-xl-xsm                                      pass    
 test-amd64-i386-xl-xsm                                       pass    
 test-amd64-amd64-qemuu-nested-amd                            fail    
 test-amd64-amd64-xl-pvh-amd                                  pass    
 test-amd64-i386-qemut-rhel6hvm-amd                           pass    
 test-amd64-i386-qemuu-rhel6hvm-amd                           pass    
 test-amd64-amd64-xl-qemut-debianhvm-amd64                    pass    
 test-amd64-i386-xl-qemut-debianhvm-amd64                     pass    
 test-amd64-amd64-xl-qemuu-debianhvm-amd64                    pass    
 test-amd64-i386-xl-qemuu-debianhvm-amd64                     pass    
 test-amd64-i386-freebsd10-amd64                              pass    
 test-amd64-amd64-xl-qemuu-ovmf-amd64                         pass    
 test-amd64-i386-xl-qemuu-ovmf-amd64                          pass    
 test-amd64-amd64-rumprun-amd64                               pass    
 test-amd64-amd64-xl-qemut-win7-amd64                         fail    
 test-amd64-i386-xl-qemut-win7-amd64                          fail    
 test-amd64-amd64-xl-qemuu-win7-amd64                         fail    
 test-amd64-i386-xl-qemuu-win7-amd64                          fail    
 test-amd64-amd64-xl-qemut-ws16-amd64                         fail    
 test-amd64-i386-xl-qemut-ws16-amd64                          fail    
 test-amd64-amd64-xl-qemuu-ws16-amd64                         fail    
 test-amd64-i386-xl-qemuu-ws16-amd64                          fail    
 test-armhf-armhf-xl-arndale                                  pass    
 test-amd64-amd64-xl-credit2                                  pass    
 test-arm64-arm64-xl-credit2                                  blocked 
 test-armhf-armhf-xl-credit2                                  pass    
 test-armhf-armhf-xl-cubietruck                               pass    
 test-amd64-amd64-examine                                     pass    
 test-arm64-arm64-examine                                     blocked 
 test-armhf-armhf-examine                                     fail    
 test-amd64-i386-examine                                      pass    
 test-amd64-i386-freebsd10-i386                               pass    
 test-amd64-i386-rumprun-i386                                 pass    
 test-amd64-amd64-xl-qemut-win10-i386                         fail    
 test-amd64-i386-xl-qemut-win10-i386                          fail    
 test-amd64-amd64-xl-qemuu-win10-i386                         fail    
 test-amd64-i386-xl-qemuu-win10-i386                          fail    
 test-amd64-amd64-qemuu-nested-intel                          pass    
 test-amd64-amd64-xl-pvh-intel                                pass    
 test-amd64-i386-qemut-rhel6hvm-intel                         pass    
 test-amd64-i386-qemuu-rhel6hvm-intel                         pass    
 test-amd64-amd64-libvirt                                     pass    
 test-armhf-armhf-libvirt                                     pass    
 test-amd64-i386-libvirt                                      pass    
 test-amd64-amd64-xl-multivcpu                                pass    
 test-armhf-armhf-xl-multivcpu                                pass    
 test-amd64-amd64-pair                                        pass    
 test-amd64-i386-pair                                         pass    
 test-amd64-amd64-libvirt-pair                                pass    
 test-amd64-i386-libvirt-pair                                 pass    
 test-amd64-amd64-amd64-pvgrub                                pass    
 test-amd64-amd64-i386-pvgrub                                 pass    
 test-amd64-amd64-pygrub                                      pass    
 test-amd64-amd64-xl-qcow2                                    pass    
 test-armhf-armhf-libvirt-raw                                 pass    
 test-amd64-i386-xl-raw                                       pass    
 test-amd64-amd64-xl-rtds                                     pass    
 test-armhf-armhf-xl-rtds                                     pass    
 test-amd64-amd64-libvirt-vhd                                 pass    
 test-armhf-armhf-xl-vhd                                      pass    


------------------------------------------------------------
sg-report-flight on osstest.test-lab.xenproject.org
logs: /home/logs/logs
images: /home/logs/images

Logs, config files, etc. are available at
    http://logs.test-lab.xenproject.org/osstest/logs

Explanation of these reports, and of osstest in general, is at
    http://xenbits.xen.org/gitweb/?p=osstest.git;a=blob;f=README.email;hb=master
    http://xenbits.xen.org/gitweb/?p=osstest.git;a=blob;f=README;hb=master

Test harness code can be found at
    http://xenbits.xen.org/gitweb?p=osstest.git;a=summary


Not pushing.

(No revision log; it would be 1449 lines long.)


[-- Attachment #2: Type: text/plain, Size: 127 bytes --]

_______________________________________________
Xen-devel mailing list
Xen-devel@lists.xen.org
https://lists.xen.org/xen-devel

                 reply	other threads:[~2017-07-04 13:44 UTC|newest]

Thread overview: [no followups] expand[flat|nested]  mbox.gz  Atom feed

Reply instructions:

You may reply publicly to this message via plain-text email
using any one of the following methods:

* Save the following mbox file, import it into your mail client,
  and reply-to-all from there: mbox

  Avoid top-posting and favor interleaved quoting:
  https://en.wikipedia.org/wiki/Posting_style#Interleaved_style

* Reply using the --to, --cc, and --in-reply-to
  switches of git-send-email(1):

  git send-email \
    --in-reply-to=osstest-111365-mainreport@xen.org \
    --to=osstest-admin@xenproject.org \
    --cc=xen-devel@lists.xensource.com \
    /path/to/YOUR_REPLY

  https://kernel.org/pub/software/scm/git/docs/git-send-email.html

* If your mail client supports setting the In-Reply-To header
  via mailto: links, try the mailto: link
Be sure your reply has a Subject: header at the top and a blank line before the message body.
This is a public inbox, see mirroring instructions
for how to clone and mirror all data and code used for this inbox;
as well as URLs for NNTP newsgroup(s).