xen-devel.lists.xenproject.org archive mirror
 help / color / mirror / Atom feed
* [xen-unstable-coverity test] 111398: regressions - ALL FAIL
@ 2017-07-05 10:13 osstest service owner
  0 siblings, 0 replies; only message in thread
From: osstest service owner @ 2017-07-05 10:13 UTC (permalink / raw)
  To: xen-devel, osstest-admin

[-- Attachment #1: Type: text/plain, Size: 2205 bytes --]

flight 111398 xen-unstable-coverity real [real]
http://logs.test-lab.xenproject.org/osstest/logs/111398/

Regressions :-(

Tests which did not succeed and are blocking,
including tests which could not be run:
 coverity-amd64                6 coverity-build           fail REGR. vs. 111140

version targeted for testing:
 xen                  d23afa6399a78ca7d0ed3294119632535828c9d8
baseline version:
 xen                  8b9793bfe614ee53029d2b1672e1080170809dcd

Last test of basis   111140  2017-06-28 10:06:03 Z    6 days
Failing since        111315  2017-07-02 09:22:26 Z    3 days    2 attempts
Testing same since   111398  2017-07-05 09:20:21 Z    0 days    1 attempts

------------------------------------------------------------
People who touched revisions under test:
  Andrew Cooper <andrew.cooper3@citrix.com>
  Dongli Zhang <dongli.zhang@oracle.com>
  Haozhong Zhang <haozhong.zhang@intel.com>
  Igor Druzhinin <igor.druzhinin@citrix.com>
  Jan Beulich <jbeulich@suse.com>
  Julien Grall <julien.grall@arm.com>
  Kevin Tian <kevin.tian@intel.com>
  Konrad Rzeszutek Wilk <konrad.wilk@oracle.com>
  Marek Marczykowski-Górecki <marmarek@invisiblethingslab.com>
  Razvan Cojocaru <rcojocaru@bitdefender.com>
  Sergey Dyasli <sergey.dyasli@citrix.com>
  Stefano Stabellini <sstabellini@kernel.org>
  Thomas Sanders <thomas.sanders@citrix.com>
  Tim Deegan <tim@xen.org>
  Wei Liu <wei.liu2@citrix.com>
  Xiong Zhang <xiong.y.zhang@intel.com>
  Zhongze Liu <blackskygg@gmail.com>

jobs:
 coverity-amd64                                               fail    


------------------------------------------------------------
sg-report-flight on osstest.test-lab.xenproject.org
logs: /home/logs/logs
images: /home/logs/images

Logs, config files, etc. are available at
    http://logs.test-lab.xenproject.org/osstest/logs

Explanation of these reports, and of osstest in general, is at
    http://xenbits.xen.org/gitweb/?p=osstest.git;a=blob;f=README.email;hb=master
    http://xenbits.xen.org/gitweb/?p=osstest.git;a=blob;f=README;hb=master

Test harness code can be found at
    http://xenbits.xen.org/gitweb?p=osstest.git;a=summary


Not pushing.

(No revision log; it would be 1031 lines long.)


[-- Attachment #2: Type: text/plain, Size: 127 bytes --]

_______________________________________________
Xen-devel mailing list
Xen-devel@lists.xen.org
https://lists.xen.org/xen-devel

^ permalink raw reply	[flat|nested] only message in thread

only message in thread, other threads:[~2017-07-05 10:13 UTC | newest]

Thread overview: (only message) (download: mbox.gz follow: Atom feed
-- links below jump to the message on this page --
2017-07-05 10:13 [xen-unstable-coverity test] 111398: regressions - ALL FAIL osstest service owner

This is a public inbox, see mirroring instructions
for how to clone and mirror all data and code used for this inbox;
as well as URLs for NNTP newsgroup(s).