xen-devel.lists.xenproject.org archive mirror
 help / color / mirror / Atom feed
From: osstest service owner <osstest-admin@xenproject.org>
To: xen-devel@lists.xensource.com, osstest-admin@xenproject.org
Subject: [ovmf test] 111405: regressions - FAIL
Date: Wed, 05 Jul 2017 14:23:53 +0000	[thread overview]
Message-ID: <osstest-111405-mainreport@xen.org> (raw)

flight 111405 ovmf real [real]
http://logs.test-lab.xenproject.org/osstest/logs/111405/

Regressions :-(

Tests which did not succeed and are blocking,
including tests which could not be run:
 build-amd64                   6 xen-build                fail REGR. vs. 111384
 build-i386-xsm                6 xen-build                fail REGR. vs. 111384
 build-amd64-xsm               6 xen-build                fail REGR. vs. 111384
 build-i386                    6 xen-build                fail REGR. vs. 111384

Tests which did not succeed, but are not blocking:
 test-amd64-amd64-xl-qemuu-ovmf-amd64  1 build-check(1)             blocked n/a
 build-amd64-libvirt           1 build-check(1)               blocked  n/a
 test-amd64-i386-xl-qemuu-ovmf-amd64  1 build-check(1)              blocked n/a
 build-i386-libvirt            1 build-check(1)               blocked  n/a

version targeted for testing:
 ovmf                 e4129b0e5897d76885170bec9da996b266f185f9
baseline version:
 ovmf                 49be9c3c20cea7477b9c9e390c9f97735760e216

Last test of basis   111384  2017-07-05 03:46:55 Z    0 days
Testing same since   111390  2017-07-05 07:19:57 Z    0 days    3 attempts

------------------------------------------------------------
People who touched revisions under test:
  Liming Gao <liming.gao@intel.com>

jobs:
 build-amd64-xsm                                              fail    
 build-i386-xsm                                               fail    
 build-amd64                                                  fail    
 build-i386                                                   fail    
 build-amd64-libvirt                                          blocked 
 build-i386-libvirt                                           blocked 
 build-amd64-pvops                                            pass    
 build-i386-pvops                                             pass    
 test-amd64-amd64-xl-qemuu-ovmf-amd64                         blocked 
 test-amd64-i386-xl-qemuu-ovmf-amd64                          blocked 


------------------------------------------------------------
sg-report-flight on osstest.test-lab.xenproject.org
logs: /home/logs/logs
images: /home/logs/images

Logs, config files, etc. are available at
    http://logs.test-lab.xenproject.org/osstest/logs

Explanation of these reports, and of osstest in general, is at
    http://xenbits.xen.org/gitweb/?p=osstest.git;a=blob;f=README.email;hb=master
    http://xenbits.xen.org/gitweb/?p=osstest.git;a=blob;f=README;hb=master

Test harness code can be found at
    http://xenbits.xen.org/gitweb?p=osstest.git;a=summary


Not pushing.

------------------------------------------------------------
commit e4129b0e5897d76885170bec9da996b266f185f9
Author: Liming Gao <liming.gao@intel.com>
Date:   Mon Jun 19 17:49:44 2017 +0800

    BaseTools: Update GenFw to clear unused debug entry generated by VS tool chain
    
    https://bugzilla.tianocore.org/show_bug.cgi?id=600
    
    Contributed-under: TianoCore Contribution Agreement 1.0
    Signed-off-by: Liming Gao <liming.gao@intel.com>
    Reviewed-by: Yonghong Zhu <yonghong.zhu@intel.com>

commit f7bd152c2a05bd75471305184c25f14f01ccf0b7
Author: Liming Gao <liming.gao@intel.com>
Date:   Fri Jun 23 20:33:54 2017 +0800

    BaseTools: Update tools_def.template to remove old XCLANG and XCODE32
    
    https://bugzilla.tianocore.org/show_bug.cgi?id=562
    https://bugzilla.tianocore.org/show_bug.cgi?id=563
    
    Contributed-under: TianoCore Contribution Agreement 1.0
    Signed-off-by: Liming Gao <liming.gao@intel.com>
    Cc: Andrew Fish <afish@apple.com>
    Cc: Yonghong Zhu <yonghong.zhu@intel.com>
    Reviewed-by: Andrew Fish <afish@apple.com>

_______________________________________________
Xen-devel mailing list
Xen-devel@lists.xen.org
https://lists.xen.org/xen-devel

                 reply	other threads:[~2017-07-05 14:23 UTC|newest]

Thread overview: [no followups] expand[flat|nested]  mbox.gz  Atom feed

Reply instructions:

You may reply publicly to this message via plain-text email
using any one of the following methods:

* Save the following mbox file, import it into your mail client,
  and reply-to-all from there: mbox

  Avoid top-posting and favor interleaved quoting:
  https://en.wikipedia.org/wiki/Posting_style#Interleaved_style

* Reply using the --to, --cc, and --in-reply-to
  switches of git-send-email(1):

  git send-email \
    --in-reply-to=osstest-111405-mainreport@xen.org \
    --to=osstest-admin@xenproject.org \
    --cc=xen-devel@lists.xensource.com \
    /path/to/YOUR_REPLY

  https://kernel.org/pub/software/scm/git/docs/git-send-email.html

* If your mail client supports setting the In-Reply-To header
  via mailto: links, try the mailto: link
Be sure your reply has a Subject: header at the top and a blank line before the message body.
This is a public inbox, see mirroring instructions
for how to clone and mirror all data and code used for this inbox;
as well as URLs for NNTP newsgroup(s).