xen-devel.lists.xenproject.org archive mirror
 help / color / mirror / Atom feed
* [linux-4.9 test] 111411: tolerable FAIL - PUSHED
@ 2017-07-06 11:51 osstest service owner
  0 siblings, 0 replies; only message in thread
From: osstest service owner @ 2017-07-06 11:51 UTC (permalink / raw)
  To: xen-devel, osstest-admin

[-- Attachment #1: Type: text/plain, Size: 26271 bytes --]

flight 111411 linux-4.9 real [real]
http://logs.test-lab.xenproject.org/osstest/logs/111411/

Failures :-/ but no regressions.

Regressions which are regarded as allowable (not blocking):
 test-amd64-i386-xl-qemut-win7-amd64 17 guest-stop        fail REGR. vs. 111294
 test-armhf-armhf-xl-rtds     12 guest-start              fail REGR. vs. 111336

Tests which did not succeed, but are not blocking:
 test-amd64-amd64-xl-qemut-win7-amd64 18 guest-start/win.repeat fail like 111184
 test-amd64-amd64-xl-qemuu-win7-amd64 17 guest-stop            fail like 111294
 test-amd64-i386-xl-qemuu-win7-amd64 17 guest-stop             fail like 111336
 test-amd64-amd64-xl-rtds     10 debian-install               fail  like 111336
 test-amd64-amd64-libvirt-xsm 13 migrate-support-check        fail   never pass
 test-amd64-amd64-xl-qemuu-ws16-amd64 10 windows-install        fail never pass
 test-amd64-amd64-libvirt     13 migrate-support-check        fail   never pass
 test-amd64-i386-libvirt-xsm  13 migrate-support-check        fail   never pass
 test-amd64-i386-libvirt      13 migrate-support-check        fail   never pass
 test-amd64-amd64-xl-qemut-ws16-amd64 10 windows-install        fail never pass
 test-arm64-arm64-xl          13 migrate-support-check        fail   never pass
 test-arm64-arm64-libvirt-xsm 13 migrate-support-check        fail   never pass
 test-arm64-arm64-libvirt-xsm 14 saverestore-support-check    fail   never pass
 test-arm64-arm64-xl          14 saverestore-support-check    fail   never pass
 test-arm64-arm64-xl-credit2  13 migrate-support-check        fail   never pass
 test-arm64-arm64-xl-credit2  14 saverestore-support-check    fail   never pass
 test-arm64-arm64-xl-xsm      13 migrate-support-check        fail   never pass
 test-arm64-arm64-xl-xsm      14 saverestore-support-check    fail   never pass
 test-amd64-amd64-libvirt-qemuu-debianhvm-amd64-xsm 11 migrate-support-check fail never pass
 test-amd64-i386-libvirt-qemuu-debianhvm-amd64-xsm 11 migrate-support-check fail never pass
 test-amd64-amd64-qemuu-nested-amd 17 debian-hvm-install/l1/l2  fail never pass
 test-amd64-amd64-libvirt-vhd 12 migrate-support-check        fail   never pass
 test-amd64-i386-xl-qemuu-ws16-amd64 13 guest-saverestore       fail never pass
 test-armhf-armhf-xl          13 migrate-support-check        fail   never pass
 test-armhf-armhf-xl          14 saverestore-support-check    fail   never pass
 test-armhf-armhf-xl-credit2  13 migrate-support-check        fail   never pass
 test-armhf-armhf-xl-credit2  14 saverestore-support-check    fail   never pass
 test-armhf-armhf-xl-multivcpu 13 migrate-support-check        fail  never pass
 test-armhf-armhf-xl-multivcpu 14 saverestore-support-check    fail  never pass
 test-armhf-armhf-libvirt-xsm 13 migrate-support-check        fail   never pass
 test-armhf-armhf-libvirt-xsm 14 saverestore-support-check    fail   never pass
 test-armhf-armhf-libvirt     13 migrate-support-check        fail   never pass
 test-armhf-armhf-libvirt     14 saverestore-support-check    fail   never pass
 test-armhf-armhf-xl-cubietruck 13 migrate-support-check        fail never pass
 test-armhf-armhf-xl-cubietruck 14 saverestore-support-check    fail never pass
 test-amd64-i386-xl-qemut-ws16-amd64 13 guest-saverestore       fail never pass
 test-armhf-armhf-xl-vhd      12 migrate-support-check        fail   never pass
 test-armhf-armhf-xl-vhd      13 saverestore-support-check    fail   never pass
 test-armhf-armhf-xl-arndale  13 migrate-support-check        fail   never pass
 test-armhf-armhf-xl-arndale  14 saverestore-support-check    fail   never pass
 test-armhf-armhf-libvirt-raw 12 migrate-support-check        fail   never pass
 test-armhf-armhf-libvirt-raw 13 saverestore-support-check    fail   never pass
 test-amd64-i386-xl-qemut-win10-i386 10 windows-install         fail never pass
 test-amd64-amd64-xl-qemut-win10-i386 10 windows-install        fail never pass
 test-amd64-amd64-xl-qemuu-win10-i386 10 windows-install        fail never pass
 test-amd64-i386-xl-qemuu-win10-i386 10 windows-install         fail never pass
 test-armhf-armhf-xl-xsm      13 migrate-support-check        fail   never pass
 test-armhf-armhf-xl-xsm      14 saverestore-support-check    fail   never pass

version targeted for testing:
 linux                9f86f302ec0e37e84617481c587e11c47a397e3f
baseline version:
 linux                92905e331aea278665c4b27fbb13c4547a8bcbb0

Last test of basis   111336  2017-07-02 21:15:56 Z    3 days
Testing same since   111411  2017-07-05 13:19:38 Z    0 days    1 attempts

------------------------------------------------------------
People who touched revisions under test:
  Adam Ford <aford173@gmail.com>
  Al Viro <viro@zeniv.linux.org.uk>
  Alex Deucher <alexander.deucher@amd.com>
  Alex Williamson <alex.williamson@redhat.com>
  Alexander Potapenko <glider@google.com>
  Alexandre TORGUE <alexandre.torgue@st.com>
  Alexei Starovoitov <ast@kernel.org>
  Alvaro G. M <alvaro.gamez@hazent.com>
  Alvaro Gamez Machado <alvaro.gamez@hazent.com>
  Amelie Delaunay <amelie.delaunay@st.com>
  Amit Pundir <amit.pundir@linaro.org>
  Andreas Färber <afaerber@suse.de>
  Andrew F. Davis <afd@ti.com>
  Andrew Morton <akpm@linux-foundation.org>
  Andy Gospodarek <andrew.gospodarek@broadocm.com>
  Andy Lutomirski <luto@kernel.org>
  Andy Shevchenko <andriy.shevchenko@linux.intel.com>
  Anna Schumaker <Anna.Schumaker@Netapp.com>
  Ard Biesheuvel <ard.biesheuvel@linaro.org>
  Arend van Spriel <arend.vanspriel@broadcom.com>
  Arnaldo Carvalho de Melo <acme@redhat.com>
  Arnd Bergmann <arnd@arndb.de>
  Balakrishnan Raman <ramanb@cumulusnetworks.com>
  Baolin Wang <baolin.wang@linaro.org>
  Baoquan He <bhe@redhat.com>
  Bart Van Assche <bart.vanassche@sandisk.com>
  Bartosz Golaszewski <brgl@bgdev.pl>
  Benjamin Herrenschmidt <benh@kernel.crashing.org>
  Bert Kenward <bkenward@solarflare.com>
  Boris Brezillon <boris.brezillon@free-electrons.com>
  Brendan McGrath <redmcg@redmandi.dyndns.org>
  Bryan O'Donoghue <bryan.odonoghue@imgtec.com>
  Catalin Marinas <catalin.marinas@arm.com>
  Chandan Rajendra <chandan@linux.vnet.ibm.com>
  Christian König <christian.koenig@amd.com>
  Christian Perle <christian.perle@secunet.com>
  Claudiu Manoil <claudiu.manoil@nxp.com>
  Colin Ian King <colin.king@canonical.com>
  Colin King <colin.king@canonical.com>
  Cong Wang <xiyou.wangcong@gmail.com>
  Damien Le Moal <damien.lemoal@wdc.com>
  Dan Carpenter <dan.carpenter@oracle.com>
  Dan Williams <dan.j.williams@intel.com>
  Daniel Borkmann <daniel@iogearbox.net>
  Daniel J Blueman <daniel@quora.org>
  Daniel Kurtz <djkurtz@chromium.org>
  Dave Airlie <airlied@redhat.com>
  Dave Gerlach <d-gerlach@ti.com>
  Dave Kleikamp <dave.kleikamp@oracle.com>
  Dave Young <dyoung@redhat.com>
  David Ahern <dsahern@gmail.com>
  David Dillow <dillow@google.com>
  David Rientjes <rientjes@google.com>
  David S. Miller <davem@davemloft.net>
  David Sterba <dsterba@suse.com>
  Deepak Rawat <drawat@vmware.com>
  Dick Kennedy <dick.kennedy@broadcom.com>
  Ding Pixel <pding@amd.com>
  Ding Pixel <Pixel.Ding@amd.com>
  Dmitry Vyukov <dvyukov@google.com>
  Doug Berger <opendmb@gmail.com>
  Doug Ledford <dledford@redhat.com>
  Edward O'Callaghan <funfunctor@folklore1984.net>
  Eli Cohen <eli@mellanox.com>
  Eran Ben Elisha <eranbe@mellanox.com>
  Eric Anholt <eric@anholt.net>
  Eric Dumazet <edumazet@google.com>
  Eric Farman <farman@linux.vnet.ibm.com>
  Eric Leblond <eric@regit.org>
  Eugeniu Rosca <erosca@de.adit-jv.com>
  Felipe Balbi <felipe.balbi@linux.intel.com>
  Felix Fietkau <nbd@nbd.name>
  Florian Fainelli <f.fainelli@gmail.com>
  Florian Westphal <fw@strlen.de>
  Franklin S Cooper Jr. <fcooper@ti.com>
  G. Campana <gcampana@quarkslab.com>
  Gao Feng <gfree.wind@vip.163.com>
  Gavin Shan <gwshan@linux.vnet.ibm.com>
  Greg Kroah-Hartman <gregkh@linuxfoundation.org>
  Greg Kurz <groug@kaod.org>
  Guenter Roeck <linux@roeck-us.net>
  Guillaume Nault <g.nault@alphalink.fr>
  Hannes Frederic Sowa <hannes@stressinduktion.org>
  Heiko Carstens <heiko.carstens@de.ibm.com>
  Himanshu Madhani <himanshu.madhani@cavium.com>
  Hui Wang <hui.wang@canonical.com>
  Ido Schimmel <idosch@mellanox.com>
  Igor Druzhinin <igor.druzhinin@citrix.com>
  Ingo Molnar <mingo@kernel.org>
  Ivan Vecera <cera@cera.cz>
  J. Bruce Fields <bfields@redhat.com>
  Jack Morgenstein <jackm@dev.mellanox.co.il>
  Jaedon Shin <jaedon.shin@gmail.com>
  James Hogan <james.hogan@imgtec.com>
  James Smart <james.smart@broadcom.com>
  jbrunet <jbrunet@baylibre.com>
  Jens Axboe <axboe@fb.com>
  Jens Axboe <axboe@kernel.dk>
  Jerome Brunet <jbrunet@baylibre.com>
  Jia-Ju Bai <baijiaju1990@163.com>
  Jiri Kosina <jkosina@suse.cz>
  Jiri Olsa <jolsa@redhat.com>
  Jiri Pirko <jiri@mellanox.com>
  Jiri Slaby <jslaby@suse.cz>
  Joel Stanley <joel@jms.id.au>
  Joerg Roedel <jroedel@suse.de>
  Johan Hovold <johan@kernel.org>
  Johannes Berg <johannes.berg@intel.com>
  Johannes Thumshirn <jthumshirn@suse.de>
  John Crispin <john@phrozen.org>
  Jon Maloy <jon.maloy@ericsson.com>
  Joseph Qi <jiangqi903@gmail.com>
  Josh Poimboeuf <jpoimboe@redhat.com>
  Juergen Gross <jgross@suse.com>
  Julia Lawall <Julia.Lawall@lip6.fr>
  Junxiao Bi <junxiao.bi@oracle.com>
  Kalle Valo <kvalo@codeaurora.org>
  Kamal Dasu <kdasu.kdev@gmail.com>
  Karicheri, Muralidharan <m-karicheri2@ti.com>
  Karl Beldan <karl.beldan+oss@gmail.com>
  Karl Beldan <karl.beldan@gmail.com>
  Kevin Hilman <khilman@baylibre.com>
  Kinglong Mee <kinglongmee@gmail.com>
  Kirill A. Shutemov <kirill.shutemov@linux.intel.com>
  Konrad Rzeszutek Wilk <konrad.wilk@oracle.com>
  Konrad Rzeszutek Wilk <konrad@kernel.org>
  Krister Johansen <kjlx@templeofstupid.com>
  Ladi Prosek <lprosek@redhat.com>
  Len Brown <len.brown@intel.com>
  Lendacky, Thomas <Thomas.Lendacky@amd.com>
  Liam R. Howlett <Liam.Howlett@Oracle.com>
  Linus Torvalds <torvalds@linux-foundation.org>
  Linus Walleij <linus.walleij@linaro.org>
  Liu Bo <bo.li.liu@oracle.com>
  Lorenzo Pieralisi <lorenzo.pieralisi@arm.com>
  Lucas Stach <l.stach@pengutronix.de>
  Maor Dickman <maord@mellanox.com>
  Marc Zyngier <marc.zyngier@arm.com>
  Marcelo Ricardo Leitner <marcelo.leitner@gmail.com>
  Mark Brown <broonie@kernel.org>
  Mark Rutland <mark.rutland@arm.com>
  Mark Salter <msalter@redhat.com>
  Martin K. Petersen <martin.petersen@oracle.com>
  Martin KaFai Lau <kafai@fb.com>
  Martin Schwidefsky <schwidefsky@de.ibm.com>
  Masami Hiramatsu <mhiramat@kernel.org>
  Mateusz Jurczyk <mjurczyk@google.com>
  Matt Fleming <matt@codeblueprint.co.uk>
  Michael Chan <michael.chan@broadcom.com>
  Michael Ellerman <mpe@ellerman.id.au>
  Michael S. Tsirkin <mst@redhat.com>
  Michal Hocko <mhocko@suse.com>
  Michal Nazarewicz <mina86@mina86.com>
  Michał Zegan <webczat_200@poczta.onet.pl>
  Mike Snitzer <snitzer@redhat.com>
  Mintz, Yuval <Yuval.Mintz@cavium.com>
  Murali Karicheri <m-karicheri2@ti.com>
  Nikita Yushchenko <nikita.yoush@cogentembedded.com>
  Or Gerlitz <ogerlitz@mellanox.com>
  Pablo Neira Ayuso <pablo@netfilter.org>
  Pan Bian <bianpan2016@163.com>
  Paolo Bonzini <pbonzini@redhat.com>
  Parthasarathy Bhuvaragan <parthasarathy.bhuvaragan@ericsson.com>
  Paul Burton <paul.burton@imgtec.com>
  Pavel Belous <pavel.s.belous@gmail.com>
  Peter Dawson <petedaws@gmail.com>
  Peter Dawson <peter.a.dawson@boeing.com>
  Peter Zijlstra (Intel) <peterz@infradead.org>
  Peter Zijlstra <peterz@infradead.org>
  Pooya Keshavarzi <Pooya.Keshavarzi@de.bosch.com>
  Prarit Bhargava <prarit@redhat.com>
  Quinn Tran <quinn.tran@cavium.com>
  Radim Krčmář <rkrcmar@redhat.com>
  Rafael J. Wysocki <rafael.j.wysocki@intel.com>
  Rafał Miłecki <rafal@milecki.pl>
  Ralf Baechle <ralf@linux-mips.org>
  Rex Zhu <Rex.Zhu@amd.com>
  Roberto Sassu <rsassu@suse.de>
  Robin Murphy <robin.murphy@arm.com>
  Roger Pau Monné <roger.pau@citrix.com>
  Roopa Prabhu <roopa@cumulusnetworks.com>
  Russell Currey <ruscur@russell.cc>
  Russell King <rmk+kernel@armlinux.org.uk>
  Sabrina Dubroca <sd@queasysnail.net>
  Saeed Mahameed <saeedm@mellanox.com>
  Sasha Levin <alexander.levin@verizon.com>
  Sekhar Nori <nsekhar@ti.com>
  Sergei Shtylyov <sergei.shtylyov@cogentembedded.com>
  Serhey Popovych <serhe.popovych@gmail.com>
  Shaohua Li <shli@fb.com>
  Stefan Hajnoczi <stefanha@redhat.com>
  Stefano Stabellini <sstabellini@kernel.org>
  Steffen Klassert <steffen.klassert@secunet.com>
  Stephen Boyd <sboyd@codeaurora.org>
  Steve Capper <steve.capper@arm.com>
  Steven Haigh <netwiz@crc.id.au>
  Steven Kipisz <s-kipisz2@ti.com>
  Sudeep Holla <sudeep.holla@arm.com>
  Suravee Suthikulpanit <suravee.suthikulpanit@amd.com>
  Takashi Iwai <tiwai@suse.de>
  Tal Gilboa <talgi@mellanox.com>
  Tariq Toukan <tariqt@mellanox.com>
  Thomas Gleixner <tglx@linutronix.de>
  Thomas Hellstrom <thellstrom@vmware.com>
  Thomas Huth <thuth@redhat.com>
  Tobias Klauser <tklauser@distanz.ch>
  Tom Lendacky <thomas.lendacky@amd.com>
  Tony Lindgren <tony@atomide.com>
  Trond Myklebust <trond.myklebust@primarydata.com>
  Vadim Lomovtsev <Vadim.Lomovtsev@caviumnetworks.com>
  Vallish Vaidyeshwara <vallish@amazon.com>
  Vineeth Remanan Pillai <vineethp@amazon.com>
  Viresh Kumar <viresh.kumar@linaro.org>
  Vlastimil Babka <vbabka@suse.cz>
  WANG Cong <xiyou.wangcong@gmail.com>
  Wanpeng Li <wanpeng.li@hotmail.com>
  Wei Liu <wei.liu2@citrix.com>
  Wei Wang <weiwan@google.com>
  Will Deacon <will.deacon@arm.com>
  Willem de Bruijn <willemb@google.com>
  Wim Van Sebroeck <wim@iguana.be>
  Wolfram Sang <wsa@the-dreams.de>
  Xin Long <lucien.xin@gmail.com>
  Yegor Yefremov <yegorslists@googlemail.com>
  Yuval Mintz <Yuval.Mintz@cavium.com>
  Zach Ploskey <zach@ploskey.com>
  Zhou Chengming <zhouchengming1@huawei.com>

jobs:
 build-amd64-xsm                                              pass    
 build-arm64-xsm                                              pass    
 build-armhf-xsm                                              pass    
 build-i386-xsm                                               pass    
 build-amd64                                                  pass    
 build-arm64                                                  pass    
 build-armhf                                                  pass    
 build-i386                                                   pass    
 build-amd64-libvirt                                          pass    
 build-arm64-libvirt                                          pass    
 build-armhf-libvirt                                          pass    
 build-i386-libvirt                                           pass    
 build-amd64-pvops                                            pass    
 build-arm64-pvops                                            pass    
 build-armhf-pvops                                            pass    
 build-i386-pvops                                             pass    
 build-amd64-rumprun                                          pass    
 build-i386-rumprun                                           pass    
 test-amd64-amd64-xl                                          pass    
 test-arm64-arm64-xl                                          pass    
 test-armhf-armhf-xl                                          pass    
 test-amd64-i386-xl                                           pass    
 test-amd64-amd64-xl-qemut-debianhvm-amd64-xsm                pass    
 test-amd64-i386-xl-qemut-debianhvm-amd64-xsm                 pass    
 test-amd64-amd64-libvirt-qemuu-debianhvm-amd64-xsm           pass    
 test-amd64-i386-libvirt-qemuu-debianhvm-amd64-xsm            pass    
 test-amd64-amd64-xl-qemuu-debianhvm-amd64-xsm                pass    
 test-amd64-i386-xl-qemuu-debianhvm-amd64-xsm                 pass    
 test-amd64-amd64-xl-qemut-stubdom-debianhvm-amd64-xsm        pass    
 test-amd64-i386-xl-qemut-stubdom-debianhvm-amd64-xsm         pass    
 test-amd64-amd64-libvirt-xsm                                 pass    
 test-arm64-arm64-libvirt-xsm                                 pass    
 test-armhf-armhf-libvirt-xsm                                 pass    
 test-amd64-i386-libvirt-xsm                                  pass    
 test-amd64-amd64-xl-xsm                                      pass    
 test-arm64-arm64-xl-xsm                                      pass    
 test-armhf-armhf-xl-xsm                                      pass    
 test-amd64-i386-xl-xsm                                       pass    
 test-amd64-amd64-qemuu-nested-amd                            fail    
 test-amd64-amd64-xl-pvh-amd                                  pass    
 test-amd64-i386-qemut-rhel6hvm-amd                           pass    
 test-amd64-i386-qemuu-rhel6hvm-amd                           pass    
 test-amd64-amd64-xl-qemut-debianhvm-amd64                    pass    
 test-amd64-i386-xl-qemut-debianhvm-amd64                     pass    
 test-amd64-amd64-xl-qemuu-debianhvm-amd64                    pass    
 test-amd64-i386-xl-qemuu-debianhvm-amd64                     pass    
 test-amd64-i386-freebsd10-amd64                              pass    
 test-amd64-amd64-xl-qemuu-ovmf-amd64                         pass    
 test-amd64-i386-xl-qemuu-ovmf-amd64                          pass    
 test-amd64-amd64-rumprun-amd64                               pass    
 test-amd64-amd64-xl-qemut-win7-amd64                         fail    
 test-amd64-i386-xl-qemut-win7-amd64                          fail    
 test-amd64-amd64-xl-qemuu-win7-amd64                         fail    
 test-amd64-i386-xl-qemuu-win7-amd64                          fail    
 test-amd64-amd64-xl-qemut-ws16-amd64                         fail    
 test-amd64-i386-xl-qemut-ws16-amd64                          fail    
 test-amd64-amd64-xl-qemuu-ws16-amd64                         fail    
 test-amd64-i386-xl-qemuu-ws16-amd64                          fail    
 test-armhf-armhf-xl-arndale                                  pass    
 test-amd64-amd64-xl-credit2                                  pass    
 test-arm64-arm64-xl-credit2                                  pass    
 test-armhf-armhf-xl-credit2                                  pass    
 test-armhf-armhf-xl-cubietruck                               pass    
 test-amd64-amd64-examine                                     pass    
 test-arm64-arm64-examine                                     pass    
 test-armhf-armhf-examine                                     pass    
 test-amd64-i386-examine                                      pass    
 test-amd64-i386-freebsd10-i386                               pass    
 test-amd64-i386-rumprun-i386                                 pass    
 test-amd64-amd64-xl-qemut-win10-i386                         fail    
 test-amd64-i386-xl-qemut-win10-i386                          fail    
 test-amd64-amd64-xl-qemuu-win10-i386                         fail    
 test-amd64-i386-xl-qemuu-win10-i386                          fail    
 test-amd64-amd64-qemuu-nested-intel                          pass    
 test-amd64-amd64-xl-pvh-intel                                pass    
 test-amd64-i386-qemut-rhel6hvm-intel                         pass    
 test-amd64-i386-qemuu-rhel6hvm-intel                         pass    
 test-amd64-amd64-libvirt                                     pass    
 test-armhf-armhf-libvirt                                     pass    
 test-amd64-i386-libvirt                                      pass    
 test-amd64-amd64-xl-multivcpu                                pass    
 test-armhf-armhf-xl-multivcpu                                pass    
 test-amd64-amd64-pair                                        pass    
 test-amd64-i386-pair                                         pass    
 test-amd64-amd64-libvirt-pair                                pass    
 test-amd64-i386-libvirt-pair                                 pass    
 test-amd64-amd64-amd64-pvgrub                                pass    
 test-amd64-amd64-i386-pvgrub                                 pass    
 test-amd64-amd64-pygrub                                      pass    
 test-amd64-amd64-xl-qcow2                                    pass    
 test-armhf-armhf-libvirt-raw                                 pass    
 test-amd64-i386-xl-raw                                       pass    
 test-amd64-amd64-xl-rtds                                     fail    
 test-armhf-armhf-xl-rtds                                     fail    
 test-amd64-amd64-libvirt-vhd                                 pass    
 test-armhf-armhf-xl-vhd                                      pass    


------------------------------------------------------------
sg-report-flight on osstest.test-lab.xenproject.org
logs: /home/logs/logs
images: /home/logs/images

Logs, config files, etc. are available at
    http://logs.test-lab.xenproject.org/osstest/logs

Explanation of these reports, and of osstest in general, is at
    http://xenbits.xen.org/gitweb/?p=osstest.git;a=blob;f=README.email;hb=master
    http://xenbits.xen.org/gitweb/?p=osstest.git;a=blob;f=README;hb=master

Test harness code can be found at
    http://xenbits.xen.org/gitweb?p=osstest.git;a=summary


Pushing revision :

+ branch=linux-4.9
+ revision=9f86f302ec0e37e84617481c587e11c47a397e3f
+ . ./cri-lock-repos
++ . ./cri-common
+++ . ./cri-getconfig
+++ umask 002
+++ getrepos
++++ getconfig Repos
++++ perl -e '
                use Osstest;
                readglobalconfig();
                print $c{"Repos"} or die $!;
        '
+++ local repos=/home/osstest/repos
+++ '[' -z /home/osstest/repos ']'
+++ '[' '!' -d /home/osstest/repos ']'
+++ echo /home/osstest/repos
++ repos=/home/osstest/repos
++ repos_lock=/home/osstest/repos/lock
++ '[' x '!=' x/home/osstest/repos/lock ']'
++ OSSTEST_REPOS_LOCK_LOCKED=/home/osstest/repos/lock
++ exec with-lock-ex -w /home/osstest/repos/lock ./ap-push linux-4.9 9f86f302ec0e37e84617481c587e11c47a397e3f
+ branch=linux-4.9
+ revision=9f86f302ec0e37e84617481c587e11c47a397e3f
+ . ./cri-lock-repos
++ . ./cri-common
+++ . ./cri-getconfig
+++ umask 002
+++ getrepos
++++ getconfig Repos
++++ perl -e '
                use Osstest;
                readglobalconfig();
                print $c{"Repos"} or die $!;
        '
+++ local repos=/home/osstest/repos
+++ '[' -z /home/osstest/repos ']'
+++ '[' '!' -d /home/osstest/repos ']'
+++ echo /home/osstest/repos
++ repos=/home/osstest/repos
++ repos_lock=/home/osstest/repos/lock
++ '[' x/home/osstest/repos/lock '!=' x/home/osstest/repos/lock ']'
+ . ./cri-common
++ . ./cri-getconfig
++ umask 002
+ select_xenbranch
+ case "$branch" in
+ tree=linux
+ xenbranch=xen-unstable
+ '[' xlinux = xlinux ']'
+ linuxbranch=linux-4.9
+ '[' x = x ']'
+ qemuubranch=qemu-upstream-unstable
+ select_prevxenbranch
++ ./cri-getprevxenbranch xen-unstable
+ prevxenbranch=xen-4.9-testing
+ '[' x9f86f302ec0e37e84617481c587e11c47a397e3f = x ']'
+ : tested/2.6.39.x
+ . ./ap-common
++ : osstest@xenbits.xen.org
+++ getconfig OsstestUpstream
+++ perl -e '
                use Osstest;
                readglobalconfig();
                print $c{"OsstestUpstream"} or die $!;
        '
++ :
++ : git://xenbits.xen.org/xen.git
++ : osstest@xenbits.xen.org:/home/xen/git/xen.git
++ : git://xenbits.xen.org/qemu-xen-traditional.git
++ : git://git.kernel.org
++ : git://git.kernel.org/pub/scm/linux/kernel/git
++ : git
++ : git://xenbits.xen.org/xtf.git
++ : osstest@xenbits.xen.org:/home/xen/git/xtf.git
++ : git://xenbits.xen.org/xtf.git
++ : git://xenbits.xen.org/libvirt.git
++ : osstest@xenbits.xen.org:/home/xen/git/libvirt.git
++ : git://xenbits.xen.org/libvirt.git
++ : git://xenbits.xen.org/osstest/rumprun.git
++ : git
++ : git://xenbits.xen.org/osstest/rumprun.git
++ : osstest@xenbits.xen.org:/home/xen/git/osstest/rumprun.git
++ : git://git.seabios.org/seabios.git
++ : osstest@xenbits.xen.org:/home/xen/git/osstest/seabios.git
++ : git://xenbits.xen.org/osstest/seabios.git
++ : https://github.com/tianocore/edk2.git
++ : osstest@xenbits.xen.org:/home/xen/git/osstest/ovmf.git
++ : git://xenbits.xen.org/osstest/ovmf.git
++ : git://xenbits.xen.org/osstest/linux-firmware.git
++ : osstest@xenbits.xen.org:/home/osstest/ext/linux-firmware.git
++ : git://git.kernel.org/pub/scm/linux/kernel/git/firmware/linux-firmware.git
++ : osstest@xenbits.xen.org:/home/xen/git/linux-pvops.git
++ : git://xenbits.xen.org/linux-pvops.git
++ : tested/linux-3.14
++ : tested/linux-arm-xen
++ '[' xgit://git.kernel.org/pub/scm/linux/kernel/git/stable/linux-stable.git = x ']'
++ '[' xgit://git.kernel.org/pub/scm/linux/kernel/git/stable/linux-stable.git = x ']'
++ : git://git.kernel.org/pub/scm/linux/kernel/git/konrad/xen.git
++ : tested/2.6.39.x
++ : daily-cron.linux-4.9
++ : daily-cron.linux-4.9
++ : daily-cron.linux-4.9
++ : daily-cron.linux-4.9
++ : daily-cron.linux-4.9
++ : daily-cron.linux-4.9
++ : daily-cron.linux-4.9
++ : http://hg.uk.xensource.com/carbon/trunk/linux-2.6.27
++ : git://xenbits.xen.org/qemu-xen.git
++ : osstest@xenbits.xen.org:/home/xen/git/qemu-xen.git
++ : daily-cron.linux-4.9
++ : git://xenbits.xen.org/qemu-xen.git
++ : git://git.qemu.org/qemu.git
+ TREE_LINUX=osstest@xenbits.xen.org:/home/xen/git/linux-pvops.git
+ TREE_QEMU_UPSTREAM=osstest@xenbits.xen.org:/home/xen/git/qemu-xen.git
+ TREE_XEN=osstest@xenbits.xen.org:/home/xen/git/xen.git
+ TREE_LIBVIRT=osstest@xenbits.xen.org:/home/xen/git/libvirt.git
+ TREE_RUMPRUN=osstest@xenbits.xen.org:/home/xen/git/osstest/rumprun.git
+ TREE_SEABIOS=osstest@xenbits.xen.org:/home/xen/git/osstest/seabios.git
+ TREE_OVMF=osstest@xenbits.xen.org:/home/xen/git/osstest/ovmf.git
+ TREE_XTF=osstest@xenbits.xen.org:/home/xen/git/xtf.git
+ info_linux_tree linux-4.9
+ case $1 in
+ : git://git.kernel.org/pub/scm/linux/kernel/git/stable/linux-stable.git
+ : linux-4.9.y
+ : linux-4.9.y
+ : git
+ : git
+ : git://xenbits.xen.org/linux-pvops.git
+ : osstest@xenbits.xen.org:/home/xen/git/linux-pvops.git
+ : tested/linux-4.9
+ : refs/heads/tested/linux-4.9
+ return 0
+ cd /home/osstest/repos/linux
+ git push osstest@xenbits.xen.org:/home/xen/git/linux-pvops.git 9f86f302ec0e37e84617481c587e11c47a397e3f:refs/heads/tested/linux-4.9
To osstest@xenbits.xen.org:/home/xen/git/linux-pvops.git
   92905e3..9f86f30  9f86f302ec0e37e84617481c587e11c47a397e3f -> tested/linux-4.9
+ exit 0


[-- Attachment #2: Type: text/plain, Size: 127 bytes --]

_______________________________________________
Xen-devel mailing list
Xen-devel@lists.xen.org
https://lists.xen.org/xen-devel

^ permalink raw reply	[flat|nested] only message in thread

only message in thread, other threads:[~2017-07-06 11:51 UTC | newest]

Thread overview: (only message) (download: mbox.gz follow: Atom feed
-- links below jump to the message on this page --
2017-07-06 11:51 [linux-4.9 test] 111411: tolerable FAIL - PUSHED osstest service owner

This is a public inbox, see mirroring instructions
for how to clone and mirror all data and code used for this inbox;
as well as URLs for NNTP newsgroup(s).