From mboxrd@z Thu Jan 1 00:00:00 1970 From: osstest service owner Subject: [linux-4.9 test] 111411: tolerable FAIL - PUSHED Date: Thu, 06 Jul 2017 11:51:37 +0000 Message-ID: Mime-Version: 1.0 Content-Type: multipart/mixed; boundary="===============1983691644186796713==" Return-path: List-Unsubscribe: , List-Post: List-Help: List-Subscribe: , Errors-To: xen-devel-bounces@lists.xen.org Sender: "Xen-devel" To: xen-devel@lists.xensource.com, osstest-admin@xenproject.org List-Id: xen-devel@lists.xenproject.org --===============1983691644186796713== Content-Type: text/plain flight 111411 linux-4.9 real [real] http://logs.test-lab.xenproject.org/osstest/logs/111411/ Failures :-/ but no regressions. Regressions which are regarded as allowable (not blocking): test-amd64-i386-xl-qemut-win7-amd64 17 guest-stop fail REGR. vs. 111294 test-armhf-armhf-xl-rtds 12 guest-start fail REGR. vs. 111336 Tests which did not succeed, but are not blocking: test-amd64-amd64-xl-qemut-win7-amd64 18 guest-start/win.repeat fail like 111184 test-amd64-amd64-xl-qemuu-win7-amd64 17 guest-stop fail like 111294 test-amd64-i386-xl-qemuu-win7-amd64 17 guest-stop fail like 111336 test-amd64-amd64-xl-rtds 10 debian-install fail like 111336 test-amd64-amd64-libvirt-xsm 13 migrate-support-check fail never pass test-amd64-amd64-xl-qemuu-ws16-amd64 10 windows-install fail never pass test-amd64-amd64-libvirt 13 migrate-support-check fail never pass test-amd64-i386-libvirt-xsm 13 migrate-support-check fail never pass test-amd64-i386-libvirt 13 migrate-support-check fail never pass test-amd64-amd64-xl-qemut-ws16-amd64 10 windows-install fail never pass test-arm64-arm64-xl 13 migrate-support-check fail never pass test-arm64-arm64-libvirt-xsm 13 migrate-support-check fail never pass test-arm64-arm64-libvirt-xsm 14 saverestore-support-check fail never pass test-arm64-arm64-xl 14 saverestore-support-check fail never pass test-arm64-arm64-xl-credit2 13 migrate-support-check fail never pass test-arm64-arm64-xl-credit2 14 saverestore-support-check fail never pass test-arm64-arm64-xl-xsm 13 migrate-support-check fail never pass test-arm64-arm64-xl-xsm 14 saverestore-support-check fail never pass test-amd64-amd64-libvirt-qemuu-debianhvm-amd64-xsm 11 migrate-support-check fail never pass test-amd64-i386-libvirt-qemuu-debianhvm-amd64-xsm 11 migrate-support-check fail never pass test-amd64-amd64-qemuu-nested-amd 17 debian-hvm-install/l1/l2 fail never pass test-amd64-amd64-libvirt-vhd 12 migrate-support-check fail never pass test-amd64-i386-xl-qemuu-ws16-amd64 13 guest-saverestore fail never pass test-armhf-armhf-xl 13 migrate-support-check fail never pass test-armhf-armhf-xl 14 saverestore-support-check fail never pass test-armhf-armhf-xl-credit2 13 migrate-support-check fail never pass test-armhf-armhf-xl-credit2 14 saverestore-support-check fail never pass test-armhf-armhf-xl-multivcpu 13 migrate-support-check fail never pass test-armhf-armhf-xl-multivcpu 14 saverestore-support-check fail never pass test-armhf-armhf-libvirt-xsm 13 migrate-support-check fail never pass test-armhf-armhf-libvirt-xsm 14 saverestore-support-check fail never pass test-armhf-armhf-libvirt 13 migrate-support-check fail never pass test-armhf-armhf-libvirt 14 saverestore-support-check fail never pass test-armhf-armhf-xl-cubietruck 13 migrate-support-check fail never pass test-armhf-armhf-xl-cubietruck 14 saverestore-support-check fail never pass test-amd64-i386-xl-qemut-ws16-amd64 13 guest-saverestore fail never pass test-armhf-armhf-xl-vhd 12 migrate-support-check fail never pass test-armhf-armhf-xl-vhd 13 saverestore-support-check fail never pass test-armhf-armhf-xl-arndale 13 migrate-support-check fail never pass test-armhf-armhf-xl-arndale 14 saverestore-support-check fail never pass test-armhf-armhf-libvirt-raw 12 migrate-support-check fail never pass test-armhf-armhf-libvirt-raw 13 saverestore-support-check fail never pass test-amd64-i386-xl-qemut-win10-i386 10 windows-install fail never pass test-amd64-amd64-xl-qemut-win10-i386 10 windows-install fail never pass test-amd64-amd64-xl-qemuu-win10-i386 10 windows-install fail never pass test-amd64-i386-xl-qemuu-win10-i386 10 windows-install fail never pass test-armhf-armhf-xl-xsm 13 migrate-support-check fail never pass test-armhf-armhf-xl-xsm 14 saverestore-support-check fail never pass version targeted for testing: linux 9f86f302ec0e37e84617481c587e11c47a397e3f baseline version: linux 92905e331aea278665c4b27fbb13c4547a8bcbb0 Last test of basis 111336 2017-07-02 21:15:56 Z 3 days Testing same since 111411 2017-07-05 13:19:38 Z 0 days 1 attempts ------------------------------------------------------------ People who touched revisions under test: Adam Ford Al Viro Alex Deucher Alex Williamson Alexander Potapenko Alexandre TORGUE Alexei Starovoitov Alvaro G. M Alvaro Gamez Machado Amelie Delaunay Amit Pundir Andreas Färber Andrew F. Davis Andrew Morton Andy Gospodarek Andy Lutomirski Andy Shevchenko Anna Schumaker Ard Biesheuvel Arend van Spriel Arnaldo Carvalho de Melo Arnd Bergmann Balakrishnan Raman Baolin Wang Baoquan He Bart Van Assche Bartosz Golaszewski Benjamin Herrenschmidt Bert Kenward Boris Brezillon Brendan McGrath Bryan O'Donoghue Catalin Marinas Chandan Rajendra Christian König Christian Perle Claudiu Manoil Colin Ian King Colin King Cong Wang Damien Le Moal Dan Carpenter Dan Williams Daniel Borkmann Daniel J Blueman Daniel Kurtz Dave Airlie Dave Gerlach Dave Kleikamp Dave Young David Ahern David Dillow David Rientjes David S. Miller David Sterba Deepak Rawat Dick Kennedy Ding Pixel Ding Pixel Dmitry Vyukov Doug Berger Doug Ledford Edward O'Callaghan Eli Cohen Eran Ben Elisha Eric Anholt Eric Dumazet Eric Farman Eric Leblond Eugeniu Rosca Felipe Balbi Felix Fietkau Florian Fainelli Florian Westphal Franklin S Cooper Jr. G. Campana Gao Feng Gavin Shan Greg Kroah-Hartman Greg Kurz Guenter Roeck Guillaume Nault Hannes Frederic Sowa Heiko Carstens Himanshu Madhani Hui Wang Ido Schimmel Igor Druzhinin Ingo Molnar Ivan Vecera J. Bruce Fields Jack Morgenstein Jaedon Shin James Hogan James Smart jbrunet Jens Axboe Jens Axboe Jerome Brunet Jia-Ju Bai Jiri Kosina Jiri Olsa Jiri Pirko Jiri Slaby Joel Stanley Joerg Roedel Johan Hovold Johannes Berg Johannes Thumshirn John Crispin Jon Maloy Joseph Qi Josh Poimboeuf Juergen Gross Julia Lawall Junxiao Bi Kalle Valo Kamal Dasu Karicheri, Muralidharan Karl Beldan Karl Beldan Kevin Hilman Kinglong Mee Kirill A. Shutemov Konrad Rzeszutek Wilk Konrad Rzeszutek Wilk Krister Johansen Ladi Prosek Len Brown Lendacky, Thomas Liam R. Howlett Linus Torvalds Linus Walleij Liu Bo Lorenzo Pieralisi Lucas Stach Maor Dickman Marc Zyngier Marcelo Ricardo Leitner Mark Brown Mark Rutland Mark Salter Martin K. Petersen Martin KaFai Lau Martin Schwidefsky Masami Hiramatsu Mateusz Jurczyk Matt Fleming Michael Chan Michael Ellerman Michael S. Tsirkin Michal Hocko Michal Nazarewicz Michał Zegan Mike Snitzer Mintz, Yuval Murali Karicheri Nikita Yushchenko Or Gerlitz Pablo Neira Ayuso Pan Bian Paolo Bonzini Parthasarathy Bhuvaragan Paul Burton Pavel Belous Peter Dawson Peter Dawson Peter Zijlstra (Intel) Peter Zijlstra Pooya Keshavarzi Prarit Bhargava Quinn Tran Radim Krčmář Rafael J. Wysocki Rafał Miłecki Ralf Baechle Rex Zhu Roberto Sassu Robin Murphy Roger Pau Monné Roopa Prabhu Russell Currey Russell King Sabrina Dubroca Saeed Mahameed Sasha Levin Sekhar Nori Sergei Shtylyov Serhey Popovych Shaohua Li Stefan Hajnoczi Stefano Stabellini Steffen Klassert Stephen Boyd Steve Capper Steven Haigh Steven Kipisz Sudeep Holla Suravee Suthikulpanit Takashi Iwai Tal Gilboa Tariq Toukan Thomas Gleixner Thomas Hellstrom Thomas Huth Tobias Klauser Tom Lendacky Tony Lindgren Trond Myklebust Vadim Lomovtsev Vallish Vaidyeshwara Vineeth Remanan Pillai Viresh Kumar Vlastimil Babka WANG Cong Wanpeng Li Wei Liu Wei Wang Will Deacon Willem de Bruijn Wim Van Sebroeck Wolfram Sang Xin Long Yegor Yefremov Yuval Mintz Zach Ploskey Zhou Chengming jobs: build-amd64-xsm pass build-arm64-xsm pass build-armhf-xsm pass build-i386-xsm pass build-amd64 pass build-arm64 pass build-armhf pass build-i386 pass build-amd64-libvirt pass build-arm64-libvirt pass build-armhf-libvirt pass build-i386-libvirt pass build-amd64-pvops pass build-arm64-pvops pass build-armhf-pvops pass build-i386-pvops pass build-amd64-rumprun pass build-i386-rumprun pass test-amd64-amd64-xl pass test-arm64-arm64-xl pass test-armhf-armhf-xl pass test-amd64-i386-xl pass test-amd64-amd64-xl-qemut-debianhvm-amd64-xsm pass test-amd64-i386-xl-qemut-debianhvm-amd64-xsm pass test-amd64-amd64-libvirt-qemuu-debianhvm-amd64-xsm pass test-amd64-i386-libvirt-qemuu-debianhvm-amd64-xsm pass test-amd64-amd64-xl-qemuu-debianhvm-amd64-xsm pass test-amd64-i386-xl-qemuu-debianhvm-amd64-xsm pass test-amd64-amd64-xl-qemut-stubdom-debianhvm-amd64-xsm pass test-amd64-i386-xl-qemut-stubdom-debianhvm-amd64-xsm pass test-amd64-amd64-libvirt-xsm pass test-arm64-arm64-libvirt-xsm pass test-armhf-armhf-libvirt-xsm pass test-amd64-i386-libvirt-xsm pass test-amd64-amd64-xl-xsm pass test-arm64-arm64-xl-xsm pass test-armhf-armhf-xl-xsm pass test-amd64-i386-xl-xsm pass test-amd64-amd64-qemuu-nested-amd fail test-amd64-amd64-xl-pvh-amd pass test-amd64-i386-qemut-rhel6hvm-amd pass test-amd64-i386-qemuu-rhel6hvm-amd pass test-amd64-amd64-xl-qemut-debianhvm-amd64 pass test-amd64-i386-xl-qemut-debianhvm-amd64 pass test-amd64-amd64-xl-qemuu-debianhvm-amd64 pass test-amd64-i386-xl-qemuu-debianhvm-amd64 pass test-amd64-i386-freebsd10-amd64 pass test-amd64-amd64-xl-qemuu-ovmf-amd64 pass test-amd64-i386-xl-qemuu-ovmf-amd64 pass test-amd64-amd64-rumprun-amd64 pass test-amd64-amd64-xl-qemut-win7-amd64 fail test-amd64-i386-xl-qemut-win7-amd64 fail test-amd64-amd64-xl-qemuu-win7-amd64 fail test-amd64-i386-xl-qemuu-win7-amd64 fail test-amd64-amd64-xl-qemut-ws16-amd64 fail test-amd64-i386-xl-qemut-ws16-amd64 fail test-amd64-amd64-xl-qemuu-ws16-amd64 fail test-amd64-i386-xl-qemuu-ws16-amd64 fail test-armhf-armhf-xl-arndale pass test-amd64-amd64-xl-credit2 pass test-arm64-arm64-xl-credit2 pass test-armhf-armhf-xl-credit2 pass test-armhf-armhf-xl-cubietruck pass test-amd64-amd64-examine pass test-arm64-arm64-examine pass test-armhf-armhf-examine pass test-amd64-i386-examine pass test-amd64-i386-freebsd10-i386 pass test-amd64-i386-rumprun-i386 pass test-amd64-amd64-xl-qemut-win10-i386 fail test-amd64-i386-xl-qemut-win10-i386 fail test-amd64-amd64-xl-qemuu-win10-i386 fail test-amd64-i386-xl-qemuu-win10-i386 fail test-amd64-amd64-qemuu-nested-intel pass test-amd64-amd64-xl-pvh-intel pass test-amd64-i386-qemut-rhel6hvm-intel pass test-amd64-i386-qemuu-rhel6hvm-intel pass test-amd64-amd64-libvirt pass test-armhf-armhf-libvirt pass test-amd64-i386-libvirt pass test-amd64-amd64-xl-multivcpu pass test-armhf-armhf-xl-multivcpu pass test-amd64-amd64-pair pass test-amd64-i386-pair pass test-amd64-amd64-libvirt-pair pass test-amd64-i386-libvirt-pair pass test-amd64-amd64-amd64-pvgrub pass test-amd64-amd64-i386-pvgrub pass test-amd64-amd64-pygrub pass test-amd64-amd64-xl-qcow2 pass test-armhf-armhf-libvirt-raw pass test-amd64-i386-xl-raw pass test-amd64-amd64-xl-rtds fail test-armhf-armhf-xl-rtds fail test-amd64-amd64-libvirt-vhd pass test-armhf-armhf-xl-vhd pass ------------------------------------------------------------ sg-report-flight on osstest.test-lab.xenproject.org logs: /home/logs/logs images: /home/logs/images Logs, config files, etc. are available at http://logs.test-lab.xenproject.org/osstest/logs Explanation of these reports, and of osstest in general, is at http://xenbits.xen.org/gitweb/?p=osstest.git;a=blob;f=README.email;hb=master http://xenbits.xen.org/gitweb/?p=osstest.git;a=blob;f=README;hb=master Test harness code can be found at http://xenbits.xen.org/gitweb?p=osstest.git;a=summary Pushing revision : + branch=linux-4.9 + revision=9f86f302ec0e37e84617481c587e11c47a397e3f + . ./cri-lock-repos ++ . ./cri-common +++ . ./cri-getconfig +++ umask 002 +++ getrepos ++++ getconfig Repos ++++ perl -e ' use Osstest; readglobalconfig(); print $c{"Repos"} or die $!; ' +++ local repos=/home/osstest/repos +++ '[' -z /home/osstest/repos ']' +++ '[' '!' -d /home/osstest/repos ']' +++ echo /home/osstest/repos ++ repos=/home/osstest/repos ++ repos_lock=/home/osstest/repos/lock ++ '[' x '!=' x/home/osstest/repos/lock ']' ++ OSSTEST_REPOS_LOCK_LOCKED=/home/osstest/repos/lock ++ exec with-lock-ex -w /home/osstest/repos/lock ./ap-push linux-4.9 9f86f302ec0e37e84617481c587e11c47a397e3f + branch=linux-4.9 + revision=9f86f302ec0e37e84617481c587e11c47a397e3f + . ./cri-lock-repos ++ . ./cri-common +++ . ./cri-getconfig +++ umask 002 +++ getrepos ++++ getconfig Repos ++++ perl -e ' use Osstest; readglobalconfig(); print $c{"Repos"} or die $!; ' +++ local repos=/home/osstest/repos +++ '[' -z /home/osstest/repos ']' +++ '[' '!' -d /home/osstest/repos ']' +++ echo /home/osstest/repos ++ repos=/home/osstest/repos ++ repos_lock=/home/osstest/repos/lock ++ '[' x/home/osstest/repos/lock '!=' x/home/osstest/repos/lock ']' + . ./cri-common ++ . ./cri-getconfig ++ umask 002 + select_xenbranch + case "$branch" in + tree=linux + xenbranch=xen-unstable + '[' xlinux = xlinux ']' + linuxbranch=linux-4.9 + '[' x = x ']' + qemuubranch=qemu-upstream-unstable + select_prevxenbranch ++ ./cri-getprevxenbranch xen-unstable + prevxenbranch=xen-4.9-testing + '[' x9f86f302ec0e37e84617481c587e11c47a397e3f = x ']' + : tested/2.6.39.x + . ./ap-common ++ : osstest@xenbits.xen.org +++ getconfig OsstestUpstream +++ perl -e ' use Osstest; readglobalconfig(); print $c{"OsstestUpstream"} or die $!; ' ++ : ++ : git://xenbits.xen.org/xen.git ++ : osstest@xenbits.xen.org:/home/xen/git/xen.git ++ : git://xenbits.xen.org/qemu-xen-traditional.git ++ : git://git.kernel.org ++ : git://git.kernel.org/pub/scm/linux/kernel/git ++ : git ++ : git://xenbits.xen.org/xtf.git ++ : osstest@xenbits.xen.org:/home/xen/git/xtf.git ++ : git://xenbits.xen.org/xtf.git ++ : git://xenbits.xen.org/libvirt.git ++ : osstest@xenbits.xen.org:/home/xen/git/libvirt.git ++ : git://xenbits.xen.org/libvirt.git ++ : git://xenbits.xen.org/osstest/rumprun.git ++ : git ++ : git://xenbits.xen.org/osstest/rumprun.git ++ : osstest@xenbits.xen.org:/home/xen/git/osstest/rumprun.git ++ : git://git.seabios.org/seabios.git ++ : osstest@xenbits.xen.org:/home/xen/git/osstest/seabios.git ++ : git://xenbits.xen.org/osstest/seabios.git ++ : https://github.com/tianocore/edk2.git ++ : osstest@xenbits.xen.org:/home/xen/git/osstest/ovmf.git ++ : git://xenbits.xen.org/osstest/ovmf.git ++ : git://xenbits.xen.org/osstest/linux-firmware.git ++ : osstest@xenbits.xen.org:/home/osstest/ext/linux-firmware.git ++ : git://git.kernel.org/pub/scm/linux/kernel/git/firmware/linux-firmware.git ++ : osstest@xenbits.xen.org:/home/xen/git/linux-pvops.git ++ : git://xenbits.xen.org/linux-pvops.git ++ : tested/linux-3.14 ++ : tested/linux-arm-xen ++ '[' xgit://git.kernel.org/pub/scm/linux/kernel/git/stable/linux-stable.git = x ']' ++ '[' xgit://git.kernel.org/pub/scm/linux/kernel/git/stable/linux-stable.git = x ']' ++ : git://git.kernel.org/pub/scm/linux/kernel/git/konrad/xen.git ++ : tested/2.6.39.x ++ : daily-cron.linux-4.9 ++ : daily-cron.linux-4.9 ++ : daily-cron.linux-4.9 ++ : daily-cron.linux-4.9 ++ : daily-cron.linux-4.9 ++ : daily-cron.linux-4.9 ++ : daily-cron.linux-4.9 ++ : http://hg.uk.xensource.com/carbon/trunk/linux-2.6.27 ++ : git://xenbits.xen.org/qemu-xen.git ++ : osstest@xenbits.xen.org:/home/xen/git/qemu-xen.git ++ : daily-cron.linux-4.9 ++ : git://xenbits.xen.org/qemu-xen.git ++ : git://git.qemu.org/qemu.git + TREE_LINUX=osstest@xenbits.xen.org:/home/xen/git/linux-pvops.git + TREE_QEMU_UPSTREAM=osstest@xenbits.xen.org:/home/xen/git/qemu-xen.git + TREE_XEN=osstest@xenbits.xen.org:/home/xen/git/xen.git + TREE_LIBVIRT=osstest@xenbits.xen.org:/home/xen/git/libvirt.git + TREE_RUMPRUN=osstest@xenbits.xen.org:/home/xen/git/osstest/rumprun.git + TREE_SEABIOS=osstest@xenbits.xen.org:/home/xen/git/osstest/seabios.git + TREE_OVMF=osstest@xenbits.xen.org:/home/xen/git/osstest/ovmf.git + TREE_XTF=osstest@xenbits.xen.org:/home/xen/git/xtf.git + info_linux_tree linux-4.9 + case $1 in + : git://git.kernel.org/pub/scm/linux/kernel/git/stable/linux-stable.git + : linux-4.9.y + : linux-4.9.y + : git + : git + : git://xenbits.xen.org/linux-pvops.git + : osstest@xenbits.xen.org:/home/xen/git/linux-pvops.git + : tested/linux-4.9 + : refs/heads/tested/linux-4.9 + return 0 + cd /home/osstest/repos/linux + git push osstest@xenbits.xen.org:/home/xen/git/linux-pvops.git 9f86f302ec0e37e84617481c587e11c47a397e3f:refs/heads/tested/linux-4.9 To osstest@xenbits.xen.org:/home/xen/git/linux-pvops.git 92905e3..9f86f30 9f86f302ec0e37e84617481c587e11c47a397e3f -> tested/linux-4.9 + exit 0 --===============1983691644186796713== Content-Type: text/plain; charset="utf-8" MIME-Version: 1.0 Content-Transfer-Encoding: base64 Content-Disposition: inline X19fX19fX19fX19fX19fX19fX19fX19fX19fX19fX19fX19fX19fX19fX19fX18KWGVuLWRldmVs IG1haWxpbmcgbGlzdApYZW4tZGV2ZWxAbGlzdHMueGVuLm9yZwpodHRwczovL2xpc3RzLnhlbi5v cmcveGVuLWRldmVsCg== --===============1983691644186796713==--