xen-devel.lists.xenproject.org archive mirror
 help / color / mirror / Atom feed
From: osstest service owner <osstest-admin@xenproject.org>
To: xen-devel@lists.xensource.com, osstest-admin@xenproject.org
Subject: [ovmf test] 111446: regressions - FAIL
Date: Thu, 06 Jul 2017 03:19:19 +0000	[thread overview]
Message-ID: <osstest-111446-mainreport@xen.org> (raw)

flight 111446 ovmf real [real]
http://logs.test-lab.xenproject.org/osstest/logs/111446/

Regressions :-(

Tests which did not succeed and are blocking,
including tests which could not be run:
 build-amd64                   6 xen-build                fail REGR. vs. 111384
 build-i386-xsm                6 xen-build                fail REGR. vs. 111384
 build-amd64-xsm               6 xen-build                fail REGR. vs. 111384
 build-i386                    6 xen-build                fail REGR. vs. 111384

Tests which did not succeed, but are not blocking:
 test-amd64-amd64-xl-qemuu-ovmf-amd64  1 build-check(1)             blocked n/a
 build-amd64-libvirt           1 build-check(1)               blocked  n/a
 test-amd64-i386-xl-qemuu-ovmf-amd64  1 build-check(1)              blocked n/a
 build-i386-libvirt            1 build-check(1)               blocked  n/a

version targeted for testing:
 ovmf                 d04b72c67097ba4a3f937bdfbe310e4de30c8147
baseline version:
 ovmf                 49be9c3c20cea7477b9c9e390c9f97735760e216

Last test of basis   111384  2017-07-05 03:46:55 Z    0 days
Failing since        111390  2017-07-05 07:19:57 Z    0 days    6 attempts
Testing same since   111446  2017-07-06 00:20:47 Z    0 days    1 attempts

------------------------------------------------------------
People who touched revisions under test:
  Ard Biesheuvel <ard.biesheuvel@linaro.org>
  Jordan Justen <jordan.l.justen@intel.com>
  Jun Nie <jun.nie@linaro.org>
  Laszlo Ersek <lersek@redhat.com>
  Leif Lindholm <leif.lindholm@linaro.org>
  Liming Gao <liming.gao@intel.com>
  Ryan Harkin <ryan.harkin@linaro.org>
  Wu Jiaxin <jiaxin.wu@intel.com>

jobs:
 build-amd64-xsm                                              fail    
 build-i386-xsm                                               fail    
 build-amd64                                                  fail    
 build-i386                                                   fail    
 build-amd64-libvirt                                          blocked 
 build-i386-libvirt                                           blocked 
 build-amd64-pvops                                            pass    
 build-i386-pvops                                             pass    
 test-amd64-amd64-xl-qemuu-ovmf-amd64                         blocked 
 test-amd64-i386-xl-qemuu-ovmf-amd64                          blocked 


------------------------------------------------------------
sg-report-flight on osstest.test-lab.xenproject.org
logs: /home/logs/logs
images: /home/logs/images

Logs, config files, etc. are available at
    http://logs.test-lab.xenproject.org/osstest/logs

Explanation of these reports, and of osstest in general, is at
    http://xenbits.xen.org/gitweb/?p=osstest.git;a=blob;f=README.email;hb=master
    http://xenbits.xen.org/gitweb/?p=osstest.git;a=blob;f=README;hb=master

Test harness code can be found at
    http://xenbits.xen.org/gitweb?p=osstest.git;a=summary


Not pushing.

(No revision log; it would be 393 lines long.)

_______________________________________________
Xen-devel mailing list
Xen-devel@lists.xen.org
https://lists.xen.org/xen-devel

                 reply	other threads:[~2017-07-06  3:19 UTC|newest]

Thread overview: [no followups] expand[flat|nested]  mbox.gz  Atom feed

Reply instructions:

You may reply publicly to this message via plain-text email
using any one of the following methods:

* Save the following mbox file, import it into your mail client,
  and reply-to-all from there: mbox

  Avoid top-posting and favor interleaved quoting:
  https://en.wikipedia.org/wiki/Posting_style#Interleaved_style

* Reply using the --to, --cc, and --in-reply-to
  switches of git-send-email(1):

  git send-email \
    --in-reply-to=osstest-111446-mainreport@xen.org \
    --to=osstest-admin@xenproject.org \
    --cc=xen-devel@lists.xensource.com \
    /path/to/YOUR_REPLY

  https://kernel.org/pub/software/scm/git/docs/git-send-email.html

* If your mail client supports setting the In-Reply-To header
  via mailto: links, try the mailto: link
Be sure your reply has a Subject: header at the top and a blank line before the message body.
This is a public inbox, see mirroring instructions
for how to clone and mirror all data and code used for this inbox;
as well as URLs for NNTP newsgroup(s).