xen-devel.lists.xenproject.org archive mirror
 help / color / mirror / Atom feed
* [linux-3.18 test] 111628: regressions - trouble: blocked/broken/fail/pass
@ 2017-07-10 15:54 osstest service owner
  0 siblings, 0 replies; only message in thread
From: osstest service owner @ 2017-07-10 15:54 UTC (permalink / raw)
  To: xen-devel, osstest-admin

[-- Attachment #1: Type: text/plain, Size: 18476 bytes --]

flight 111628 linux-3.18 real [real]
http://logs.test-lab.xenproject.org/osstest/logs/111628/

Regressions :-(

Tests which did not succeed and are blocking,
including tests which could not be run:
 test-amd64-amd64-xl-qemut-win7-amd64 18 guest-start/win.repeat fail in 111523 REGR. vs. 110441

Tests which are failing intermittently (not blocking):
 test-amd64-amd64-xl-qemuu-win7-amd64 16 guest-localmigrate/x10 fail in 111523 pass in 111628
 test-amd64-amd64-xl-qemut-win7-amd64 17 guest-stop fail in 111614 pass in 111523
 test-amd64-amd64-xl-rtds     10 debian-install             fail pass in 111523
 test-armhf-armhf-xl-credit2   6 xen-install                fail pass in 111614
 test-armhf-armhf-examine      7 reboot                     fail pass in 111614
 test-amd64-amd64-rumprun-amd64 17 rumprun-demo-xenstorels/xenstorels.repeat fail pass in 111614
 test-amd64-amd64-xl-qemuu-win7-amd64 17 guest-stop         fail pass in 111614
 test-amd64-amd64-xl-qemut-win7-amd64 16 guest-localmigrate/x10 fail pass in 111614
 test-amd64-amd64-pygrub      10 debian-di-install          fail pass in 111614

Tests which did not succeed, but are not blocking:
 test-arm64-arm64-libvirt-xsm  1 build-check(1)               blocked  n/a
 test-arm64-arm64-xl           1 build-check(1)               blocked  n/a
 test-arm64-arm64-examine      1 build-check(1)               blocked  n/a
 test-arm64-arm64-xl-credit2   1 build-check(1)               blocked  n/a
 test-arm64-arm64-xl-xsm       1 build-check(1)               blocked  n/a
 test-armhf-armhf-xl           4 host-install(4)       broken blocked in 110441
 test-amd64-i386-xl-qemuu-win7-amd64 18 guest-start/win.repeat fail in 111523 blocked in 110441
 test-amd64-i386-xl-qemut-win7-amd64 18 guest-start/win.repeat fail in 111523 blocked in 110441
 test-amd64-i386-xl-qemut-win7-amd64 17 guest-stop fail in 111614 blocked in 110441
 test-amd64-amd64-xl-qemuu-win7-amd64 18 guest-start/win.repeat fail in 111614 like 110441
 test-armhf-armhf-xl-credit2 13 migrate-support-check fail in 111614 never pass
 test-armhf-armhf-xl-credit2 14 saverestore-support-check fail in 111614 never pass
 test-armhf-armhf-xl         13 migrate-support-check fail in 111614 never pass
 test-armhf-armhf-xl     14 saverestore-support-check fail in 111614 never pass
 test-amd64-i386-xl-qemuu-win7-amd64 16 guest-localmigrate/x10 fail like 110441
 test-armhf-armhf-libvirt-xsm 14 saverestore-support-check    fail  like 110441
 test-amd64-i386-xl-qemut-win7-amd64 16 guest-localmigrate/x10 fail like 110441
 test-armhf-armhf-libvirt-raw 13 saverestore-support-check    fail  like 110441
 test-armhf-armhf-libvirt     14 saverestore-support-check    fail  like 110441
 test-amd64-amd64-xl-qemut-ws16-amd64 10 windows-install        fail never pass
 test-amd64-i386-libvirt-xsm  13 migrate-support-check        fail   never pass
 test-amd64-amd64-libvirt-xsm 13 migrate-support-check        fail   never pass
 test-amd64-amd64-libvirt     13 migrate-support-check        fail   never pass
 test-amd64-i386-libvirt      13 migrate-support-check        fail   never pass
 test-amd64-amd64-xl-qemuu-ws16-amd64 10 windows-install        fail never pass
 test-amd64-i386-libvirt-qemuu-debianhvm-amd64-xsm 11 migrate-support-check fail never pass
 test-amd64-amd64-libvirt-qemuu-debianhvm-amd64-xsm 11 migrate-support-check fail never pass
 test-armhf-armhf-xl-arndale  13 migrate-support-check        fail   never pass
 test-armhf-armhf-xl-arndale  14 saverestore-support-check    fail   never pass
 test-amd64-amd64-libvirt-vhd 12 migrate-support-check        fail   never pass
 test-amd64-i386-xl-qemuu-ws16-amd64 13 guest-saverestore       fail never pass
 test-amd64-amd64-qemuu-nested-amd 17 debian-hvm-install/l1/l2  fail never pass
 build-arm64-pvops             6 kernel-build                 fail   never pass
 test-amd64-i386-xl-qemut-ws16-amd64 13 guest-saverestore       fail never pass
 test-armhf-armhf-xl-xsm      13 migrate-support-check        fail   never pass
 test-armhf-armhf-xl-xsm      14 saverestore-support-check    fail   never pass
 test-armhf-armhf-xl-multivcpu 13 migrate-support-check        fail  never pass
 test-armhf-armhf-xl-multivcpu 14 saverestore-support-check    fail  never pass
 test-armhf-armhf-xl-cubietruck 13 migrate-support-check        fail never pass
 test-armhf-armhf-xl-cubietruck 14 saverestore-support-check    fail never pass
 test-armhf-armhf-libvirt-xsm 13 migrate-support-check        fail   never pass
 test-armhf-armhf-xl-rtds     13 migrate-support-check        fail   never pass
 test-armhf-armhf-xl-rtds     14 saverestore-support-check    fail   never pass
 test-armhf-armhf-libvirt-raw 12 migrate-support-check        fail   never pass
 test-armhf-armhf-libvirt     13 migrate-support-check        fail   never pass
 test-armhf-armhf-xl-vhd      12 migrate-support-check        fail   never pass
 test-armhf-armhf-xl-vhd      13 saverestore-support-check    fail   never pass
 test-amd64-i386-xl-qemuu-win10-i386 10 windows-install         fail never pass
 test-amd64-amd64-xl-qemuu-win10-i386 10 windows-install        fail never pass
 test-amd64-i386-xl-qemut-win10-i386 10 windows-install         fail never pass
 test-amd64-amd64-xl-qemut-win10-i386 10 windows-install        fail never pass

version targeted for testing:
 linux                8686d7d2e93b977f4cc3cb28cd0c64dcfcc8a865
baseline version:
 linux                8366868460f8784e30302f441546a9d72ffe1236

Last test of basis   110441  2017-06-14 13:16:35 Z   26 days
Failing since        111069  2017-06-26 05:55:00 Z   14 days   20 attempts
Testing same since   111425  2017-07-05 19:18:37 Z    4 days    7 attempts

------------------------------------------------------------
People who touched revisions under test:
  "Eric W. Biederman" <ebiederm@xmission.com>
  Alan Stern <stern@rowland.harvard.edu>
  Alexander Potapenko <glider@google.com>
  Amit Pundir <amit.pundir@linaro.org>
  Andrew Morton <akpm@linux-foundation.org>
  Anssi Hannula <anssi.hannula@bitwise.fi>
  Anton Bondarenko <anton.bondarenko.sama@gmail.com>
  Ard Biesheuvel <ard.biesheuvel@linaro.org>
  Arnd Bergmann <arnd@arndb.de>
  Baolin Wang <baolin.wang@linaro.org>
  Bart Van Assche <bart.vanassche@sandisk.com>
  Brian Norris <computersforpeace@gmail.com>
  Bryan O'Donoghue <bryan.odonoghue@imgtec.com>
  Bryant G. Ly <bryantly@linux.vnet.ibm.com>
  Chris Brandt <chris.brandt@renesas.com>
  Christoph Hellwig <hch@lst.de>
  Christophe JAILLET <christophe.jaillet@wanadoo.fr>
  Chu Yuan Lin <cyl@datera.io>
  Cong Wang <xiyou.wangcong@gmail.com>
  Corentin Labbe <clabbe.montjoie@gmail.com>
  Cyrille Pitchen <cyrille.pitchen@atmel.com>
  Dan Carpenter <dan.carpenter@oracle.com>
  Daniel Drake <drake@endlessm.com>
  David Dillow <dillow@google.com>
  David Howells <dhowells@redhat.com>
  David S. Miller <davem@davemloft.net>
  Deepak Rawat <drawat@vmware.com>
  Dmitry Torokhov <dmitry.torokhov@gmail.com>
  Doug Berger <opendmb@gmail.com>
  Emmanuel Grumbach <emmanuel.grumbach@intel.com>
  Eric Anholt <eric@anholt.net>
  Eric Dumazet <edumazet@google.com>
  Eric Leblond <eric@regit.org>
  Eric W. Biederman <ebiederm@xmission.com>
  Felipe Balbi <felipe.balbi@linux.intel.com>
  Florian Fainelli <f.fainelli@gmail.com>
  Gao Feng <gfree.wind@vip.163.com>
  Gary Guo <ghg@datera.io>
  Greg Kroah-Hartman <gregkh@linuxfoundation.org>
  Guenter Roeck <linux@roeck-us.net>
  Hannes Frederic Sowa <hannes@stressinduktion.org>
  Hans Verkuil <hans.verkuil@cisco.com>
  Heiko Carstens <heiko.carstens@de.ibm.com>
  Heiner Kallweit <hkallweit1@gmail.com>
  Helge Deller <deller@gmx.de>
  Helge Deller <deller@gmx.de> # parisc
  Howard Yen <howard_yen@htc.com>
  Hugh Dickins <hughd@google.com>
  Hui Wang <hui.wang@canonical.com>
  Ilya Matveychikov <matvejchikov@gmail.com>
  Ilya V. Matveychikov <matvejchikov@gmail.com>
  Ingo Molnar <mingo@kernel.org>
  James Hogan <james.hogan@imgtec.com>
  James Morse <james.morse@arm.com>
  Jason A. Donenfeld <Jason@zx2c4.com>
  Jens Axboe <axboe@fb.com>
  Jia-Ju Bai <baijiaju1990@163.com>
  Joerg Roedel <jroedel@suse.de>
  Johan Hovold <johan@kernel.org>
  Johannes Berg <johannes.berg@intel.com>
  Jon Mason <jon.mason@broadcom.com>
  Jonathan Cameron <jic23@kernel.org>
  Jonathan T. Leighton <jtleight@udel.edu>
  Joël Esponde <joel.esponde@honeywell.com>
  Julien Grall <julien.grall@arm.com>
  Kees Cook <keescook@chromium.org>
  Kirill A. Shutemov <kirill.shutemov@linux.intel.com>
  Krister Johansen <kjlx@templeofstupid.com>
  Laura Abbott <labbott@redhat.com>
  Lee Jones <lee.jones@linaro.org>
  Linus Torvalds <torvalds@linux-foundation.org>
  Marc Kleine-Budde <mkl@pengutronix.de>
  Mark Rutland <mark.rutland@arm.com>
  Martin KaFai Lau <kafai@fb.com>
  Martin Schwidefsky <schwidefsky@de.ibm.com>
  Masami Hiramatsu <mhiramat@kernel.org>
  Mateusz Jurczyk <mjurczyk@google.com>
  Mathias Nyman <mathias.nyman@linux.intel.com>
  Matt Ranostay <matt.ranostay@konsulko.com>
  Mauro Carvalho Chehab <mchehab@s-opensource.com>
  Michael Ellerman <mpe@ellerman.id.au>
  Michal Hocko <mhocko@suse.com>
  Michal Nazarewicz <mina86@mina86.com>
  Naoya Horiguchi <n-horiguchi@ah.jp.nec.com>
  Naveen N. Rao <naveen.n.rao@linux.vnet.ibm.com>
  NeilBrown <neilb@suse.com>
  Nicholas Bellinger <nab@linux-iscsi.org>
  Pablo Neira Ayuso <pablo@netfilter.org>
  Pan Bian <bianpan2016@163.com>
  Paul Burton <paul.burton@imgtec.com>
  Paul Mackerras <paulus@ozlabs.org>
  Pavel Shilovsky <pshilov@microsoft.com>
  Punit Agrawal <punit.agrawal@arm.com>
  Radim Krčmář <rkrcmar@redhat.com>
  Rafael J. Wysocki <rafael.j.wysocki@intel.com>
  Rafał Miłecki <zajec5@gmail.com>
  Ralf Baechle <ralf@linux-mips.org>
  Richard <richard@aaazen.com>
  Richard Narron <comet.berkeley@gmail.com>
  Rik van Riel <riel@redhat.com>
  Rodolfo Giometti <giometti@linux.it>
  Roger Quadros <rogerq@ti.com>
  Russell King <rmk+kernel@armlinux.org.uk>
  Sabrina Dubroca <sd@queasysnail.net>
  Sachin Prabhu <sprabhu@redhat.com>
  Sasha Levin <alexander.levin@verizon.com>
  Steffen Klassert <steffen.klassert@secunet.com>
  Steve Capper <steve.capper@arm.com>
  Steve French <smfrench@gmail.com>
  Steven Rostedt (VMware) <rostedt@goodmis.org>
  Takashi Iwai <tiwai@suse.de>
  Thomas Gleixner <tglx@linutronix.de>
  Thomas Hellstrom <thellstrom@vmware.com>
  Tobias Wolf <dev-NTEO@vplace.de>
  Tomasz Wilczyński <twilczynski@naver.com>
  Tony Lindgren <tony@atomide.com>
  Uwe Kleine-König <u.kleine-koenig@pengutronix.de>
  Viresh Kumar <viresh.kumar@linaro.org>
  Vladimir Davydov <vdavydov.dev@gmail.com>
  Vlastimil Babka <vbabka@suse.cz>
  WANG Cong <xiyou.wangcong@gmail.com>
  Wanpeng Li <wanpeng.li@hotmail.com>
  Wei Wang <weiwan@google.com>
  Will Deacon <will.deacon@arm.com>
  Willem de Bruijn <willemb@google.com>
  William Wu <william.wu@rock-chips.com>
  Willy Tarreau <w@1wt.eu>
  Wim Van Sebroeck <wim@iguana.be>
  Xin Long <lucien.xin@gmail.com>
  Yu Zhao <yuzhao@google.com>

jobs:
 build-amd64-xsm                                              pass    
 build-arm64-xsm                                              pass    
 build-armhf-xsm                                              pass    
 build-i386-xsm                                               pass    
 build-amd64                                                  pass    
 build-arm64                                                  pass    
 build-armhf                                                  pass    
 build-i386                                                   pass    
 build-amd64-libvirt                                          pass    
 build-arm64-libvirt                                          pass    
 build-armhf-libvirt                                          pass    
 build-i386-libvirt                                           pass    
 build-amd64-pvops                                            pass    
 build-arm64-pvops                                            fail    
 build-armhf-pvops                                            pass    
 build-i386-pvops                                             pass    
 build-amd64-rumprun                                          pass    
 build-i386-rumprun                                           pass    
 test-amd64-amd64-xl                                          pass    
 test-arm64-arm64-xl                                          blocked 
 test-armhf-armhf-xl                                          broken  
 test-amd64-i386-xl                                           pass    
 test-amd64-amd64-xl-qemut-debianhvm-amd64-xsm                pass    
 test-amd64-i386-xl-qemut-debianhvm-amd64-xsm                 pass    
 test-amd64-amd64-libvirt-qemuu-debianhvm-amd64-xsm           pass    
 test-amd64-i386-libvirt-qemuu-debianhvm-amd64-xsm            pass    
 test-amd64-amd64-xl-qemuu-debianhvm-amd64-xsm                pass    
 test-amd64-i386-xl-qemuu-debianhvm-amd64-xsm                 pass    
 test-amd64-amd64-xl-qemut-stubdom-debianhvm-amd64-xsm        pass    
 test-amd64-i386-xl-qemut-stubdom-debianhvm-amd64-xsm         pass    
 test-amd64-amd64-libvirt-xsm                                 pass    
 test-arm64-arm64-libvirt-xsm                                 blocked 
 test-armhf-armhf-libvirt-xsm                                 pass    
 test-amd64-i386-libvirt-xsm                                  pass    
 test-amd64-amd64-xl-xsm                                      pass    
 test-arm64-arm64-xl-xsm                                      blocked 
 test-armhf-armhf-xl-xsm                                      pass    
 test-amd64-i386-xl-xsm                                       pass    
 test-amd64-amd64-qemuu-nested-amd                            fail    
 test-amd64-amd64-xl-pvh-amd                                  pass    
 test-amd64-i386-qemut-rhel6hvm-amd                           pass    
 test-amd64-i386-qemuu-rhel6hvm-amd                           pass    
 test-amd64-amd64-xl-qemut-debianhvm-amd64                    pass    
 test-amd64-i386-xl-qemut-debianhvm-amd64                     pass    
 test-amd64-amd64-xl-qemuu-debianhvm-amd64                    pass    
 test-amd64-i386-xl-qemuu-debianhvm-amd64                     pass    
 test-amd64-i386-freebsd10-amd64                              pass    
 test-amd64-amd64-xl-qemuu-ovmf-amd64                         pass    
 test-amd64-i386-xl-qemuu-ovmf-amd64                          pass    
 test-amd64-amd64-rumprun-amd64                               fail    
 test-amd64-amd64-xl-qemut-win7-amd64                         fail    
 test-amd64-i386-xl-qemut-win7-amd64                          fail    
 test-amd64-amd64-xl-qemuu-win7-amd64                         fail    
 test-amd64-i386-xl-qemuu-win7-amd64                          fail    
 test-amd64-amd64-xl-qemut-ws16-amd64                         fail    
 test-amd64-i386-xl-qemut-ws16-amd64                          fail    
 test-amd64-amd64-xl-qemuu-ws16-amd64                         fail    
 test-amd64-i386-xl-qemuu-ws16-amd64                          fail    
 test-armhf-armhf-xl-arndale                                  pass    
 test-amd64-amd64-xl-credit2                                  pass    
 test-arm64-arm64-xl-credit2                                  blocked 
 test-armhf-armhf-xl-credit2                                  fail    
 test-armhf-armhf-xl-cubietruck                               pass    
 test-amd64-amd64-examine                                     pass    
 test-arm64-arm64-examine                                     blocked 
 test-armhf-armhf-examine                                     fail    
 test-amd64-i386-examine                                      pass    
 test-amd64-i386-freebsd10-i386                               pass    
 test-amd64-i386-rumprun-i386                                 pass    
 test-amd64-amd64-xl-qemut-win10-i386                         fail    
 test-amd64-i386-xl-qemut-win10-i386                          fail    
 test-amd64-amd64-xl-qemuu-win10-i386                         fail    
 test-amd64-i386-xl-qemuu-win10-i386                          fail    
 test-amd64-amd64-qemuu-nested-intel                          pass    
 test-amd64-amd64-xl-pvh-intel                                pass    
 test-amd64-i386-qemut-rhel6hvm-intel                         pass    
 test-amd64-i386-qemuu-rhel6hvm-intel                         pass    
 test-amd64-amd64-libvirt                                     pass    
 test-armhf-armhf-libvirt                                     pass    
 test-amd64-i386-libvirt                                      pass    
 test-amd64-amd64-xl-multivcpu                                pass    
 test-armhf-armhf-xl-multivcpu                                pass    
 test-amd64-amd64-pair                                        pass    
 test-amd64-i386-pair                                         pass    
 test-amd64-amd64-libvirt-pair                                pass    
 test-amd64-i386-libvirt-pair                                 pass    
 test-amd64-amd64-amd64-pvgrub                                pass    
 test-amd64-amd64-i386-pvgrub                                 pass    
 test-amd64-amd64-pygrub                                      fail    
 test-amd64-amd64-xl-qcow2                                    pass    
 test-armhf-armhf-libvirt-raw                                 pass    
 test-amd64-i386-xl-raw                                       pass    
 test-amd64-amd64-xl-rtds                                     fail    
 test-armhf-armhf-xl-rtds                                     pass    
 test-amd64-amd64-libvirt-vhd                                 pass    
 test-armhf-armhf-xl-vhd                                      pass    


------------------------------------------------------------
sg-report-flight on osstest.test-lab.xenproject.org
logs: /home/logs/logs
images: /home/logs/images

Logs, config files, etc. are available at
    http://logs.test-lab.xenproject.org/osstest/logs

Explanation of these reports, and of osstest in general, is at
    http://xenbits.xen.org/gitweb/?p=osstest.git;a=blob;f=README.email;hb=master
    http://xenbits.xen.org/gitweb/?p=osstest.git;a=blob;f=README;hb=master

Test harness code can be found at
    http://xenbits.xen.org/gitweb?p=osstest.git;a=summary

broken-step test-armhf-armhf-xl host-install(4)

Not pushing.

(No revision log; it would be 2620 lines long.)


[-- Attachment #2: Type: text/plain, Size: 127 bytes --]

_______________________________________________
Xen-devel mailing list
Xen-devel@lists.xen.org
https://lists.xen.org/xen-devel

^ permalink raw reply	[flat|nested] only message in thread

only message in thread, other threads:[~2017-07-10 15:54 UTC | newest]

Thread overview: (only message) (download: mbox.gz follow: Atom feed
-- links below jump to the message on this page --
2017-07-10 15:54 [linux-3.18 test] 111628: regressions - trouble: blocked/broken/fail/pass osstest service owner

This is a public inbox, see mirroring instructions
for how to clone and mirror all data and code used for this inbox;
as well as URLs for NNTP newsgroup(s).