From mboxrd@z Thu Jan 1 00:00:00 1970 From: osstest service owner Subject: [linux-3.18 test] 111655: regressions - FAIL Date: Tue, 11 Jul 2017 10:45:03 +0000 Message-ID: Mime-Version: 1.0 Content-Type: multipart/mixed; boundary="===============8094274948875389689==" Return-path: List-Unsubscribe: , List-Post: List-Help: List-Subscribe: , Errors-To: xen-devel-bounces@lists.xen.org Sender: "Xen-devel" To: xen-devel@lists.xensource.com, osstest-admin@xenproject.org List-Id: xen-devel@lists.xenproject.org --===============8094274948875389689== Content-Type: text/plain flight 111655 linux-3.18 real [real] http://logs.test-lab.xenproject.org/osstest/logs/111655/ Regressions :-( Tests which did not succeed and are blocking, including tests which could not be run: test-amd64-amd64-xl-qemut-win7-amd64 18 guest-start/win.repeat fail in 111523 REGR. vs. 110441 Tests which are failing intermittently (not blocking): test-amd64-amd64-xl-qemuu-win7-amd64 17 guest-stop fail in 111628 pass in 111614 test-armhf-armhf-xl-credit2 6 xen-install fail in 111628 pass in 111655 test-amd64-amd64-rumprun-amd64 17 rumprun-demo-xenstorels/xenstorels.repeat fail in 111628 pass in 111655 test-armhf-armhf-examine 7 reboot fail in 111628 pass in 111655 test-amd64-amd64-pygrub 10 debian-di-install fail in 111628 pass in 111655 test-amd64-amd64-xl-qemut-win7-amd64 17 guest-stop fail in 111644 pass in 111523 test-amd64-amd64-xl-rtds 10 debian-install fail pass in 111523 test-amd64-amd64-xl-qemuu-win7-amd64 16 guest-localmigrate/x10 fail pass in 111628 test-amd64-amd64-xl-qemut-stubdom-debianhvm-amd64-xsm 10 debian-hvm-install fail pass in 111644 test-amd64-amd64-xl-qemut-win7-amd64 16 guest-localmigrate/x10 fail pass in 111644 Tests which did not succeed, but are not blocking: test-arm64-arm64-libvirt-xsm 1 build-check(1) blocked n/a test-arm64-arm64-xl 1 build-check(1) blocked n/a test-arm64-arm64-examine 1 build-check(1) blocked n/a test-arm64-arm64-xl-credit2 1 build-check(1) blocked n/a test-arm64-arm64-xl-xsm 1 build-check(1) blocked n/a test-armhf-armhf-xl 4 host-install(4) broken in 111628 blocked in 110441 test-amd64-i386-xl-qemuu-win7-amd64 17 guest-stop fail blocked in 110441 test-amd64-i386-xl-qemuu-win7-amd64 18 guest-start/win.repeat fail in 111523 blocked in 110441 test-amd64-i386-xl-qemut-win7-amd64 18 guest-start/win.repeat fail in 111523 blocked in 110441 test-amd64-i386-xl-qemut-win7-amd64 17 guest-stop fail in 111614 blocked in 110441 test-amd64-amd64-xl-qemuu-win7-amd64 18 guest-start/win.repeat fail in 111614 like 110441 test-amd64-i386-xl-qemuu-win7-amd64 16 guest-localmigrate/x10 fail in 111628 like 110441 test-armhf-armhf-libvirt-xsm 14 saverestore-support-check fail like 110441 test-amd64-i386-xl-qemut-win7-amd64 16 guest-localmigrate/x10 fail like 110441 test-armhf-armhf-libvirt-raw 13 saverestore-support-check fail like 110441 test-armhf-armhf-libvirt 14 saverestore-support-check fail like 110441 test-amd64-amd64-xl-qemut-ws16-amd64 10 windows-install fail never pass test-amd64-i386-libvirt-xsm 13 migrate-support-check fail never pass test-amd64-amd64-libvirt-xsm 13 migrate-support-check fail never pass test-amd64-amd64-libvirt 13 migrate-support-check fail never pass test-amd64-i386-libvirt 13 migrate-support-check fail never pass test-amd64-amd64-xl-qemuu-ws16-amd64 10 windows-install fail never pass test-amd64-i386-libvirt-qemuu-debianhvm-amd64-xsm 11 migrate-support-check fail never pass test-amd64-amd64-libvirt-qemuu-debianhvm-amd64-xsm 11 migrate-support-check fail never pass test-armhf-armhf-xl-arndale 13 migrate-support-check fail never pass test-armhf-armhf-xl-arndale 14 saverestore-support-check fail never pass test-amd64-amd64-libvirt-vhd 12 migrate-support-check fail never pass test-amd64-i386-xl-qemuu-ws16-amd64 13 guest-saverestore fail never pass test-amd64-amd64-qemuu-nested-amd 17 debian-hvm-install/l1/l2 fail never pass build-arm64-pvops 6 kernel-build fail never pass test-amd64-i386-xl-qemut-ws16-amd64 13 guest-saverestore fail never pass test-armhf-armhf-xl-credit2 13 migrate-support-check fail never pass test-armhf-armhf-xl-xsm 13 migrate-support-check fail never pass test-armhf-armhf-xl-credit2 14 saverestore-support-check fail never pass test-armhf-armhf-xl-xsm 14 saverestore-support-check fail never pass test-armhf-armhf-xl-multivcpu 13 migrate-support-check fail never pass test-armhf-armhf-xl-multivcpu 14 saverestore-support-check fail never pass test-armhf-armhf-xl-cubietruck 13 migrate-support-check fail never pass test-armhf-armhf-xl-cubietruck 14 saverestore-support-check fail never pass test-armhf-armhf-xl 13 migrate-support-check fail never pass test-armhf-armhf-xl 14 saverestore-support-check fail never pass test-armhf-armhf-libvirt-xsm 13 migrate-support-check fail never pass test-armhf-armhf-xl-rtds 13 migrate-support-check fail never pass test-armhf-armhf-xl-rtds 14 saverestore-support-check fail never pass test-armhf-armhf-libvirt-raw 12 migrate-support-check fail never pass test-armhf-armhf-libvirt 13 migrate-support-check fail never pass test-armhf-armhf-xl-vhd 12 migrate-support-check fail never pass test-armhf-armhf-xl-vhd 13 saverestore-support-check fail never pass test-amd64-i386-xl-qemuu-win10-i386 10 windows-install fail never pass test-amd64-amd64-xl-qemuu-win10-i386 10 windows-install fail never pass test-amd64-i386-xl-qemut-win10-i386 10 windows-install fail never pass test-amd64-amd64-xl-qemut-win10-i386 10 windows-install fail never pass version targeted for testing: linux 8686d7d2e93b977f4cc3cb28cd0c64dcfcc8a865 baseline version: linux 8366868460f8784e30302f441546a9d72ffe1236 Last test of basis 110441 2017-06-14 13:16:35 Z 26 days Failing since 111069 2017-06-26 05:55:00 Z 15 days 22 attempts Testing same since 111425 2017-07-05 19:18:37 Z 5 days 9 attempts ------------------------------------------------------------ People who touched revisions under test: "Eric W. Biederman" Alan Stern Alexander Potapenko Amit Pundir Andrew Morton Anssi Hannula Anton Bondarenko Ard Biesheuvel Arnd Bergmann Baolin Wang Bart Van Assche Brian Norris Bryan O'Donoghue Bryant G. Ly Chris Brandt Christoph Hellwig Christophe JAILLET Chu Yuan Lin Cong Wang Corentin Labbe Cyrille Pitchen Dan Carpenter Daniel Drake David Dillow David Howells David S. Miller Deepak Rawat Dmitry Torokhov Doug Berger Emmanuel Grumbach Eric Anholt Eric Dumazet Eric Leblond Eric W. Biederman Felipe Balbi Florian Fainelli Gao Feng Gary Guo Greg Kroah-Hartman Guenter Roeck Hannes Frederic Sowa Hans Verkuil Heiko Carstens Heiner Kallweit Helge Deller Helge Deller # parisc Howard Yen Hugh Dickins Hui Wang Ilya Matveychikov Ilya V. Matveychikov Ingo Molnar James Hogan James Morse Jason A. Donenfeld Jens Axboe Jia-Ju Bai Joerg Roedel Johan Hovold Johannes Berg Jon Mason Jonathan Cameron Jonathan T. Leighton Joël Esponde Julien Grall Kees Cook Kirill A. Shutemov Krister Johansen Laura Abbott Lee Jones Linus Torvalds Marc Kleine-Budde Mark Rutland Martin KaFai Lau Martin Schwidefsky Masami Hiramatsu Mateusz Jurczyk Mathias Nyman Matt Ranostay Mauro Carvalho Chehab Michael Ellerman Michal Hocko Michal Nazarewicz Naoya Horiguchi Naveen N. Rao NeilBrown Nicholas Bellinger Pablo Neira Ayuso Pan Bian Paul Burton Paul Mackerras Pavel Shilovsky Punit Agrawal Radim Krčmář Rafael J. Wysocki Rafał Miłecki Ralf Baechle Richard Richard Narron Rik van Riel Rodolfo Giometti Roger Quadros Russell King Sabrina Dubroca Sachin Prabhu Sasha Levin Steffen Klassert Steve Capper Steve French Steven Rostedt (VMware) Takashi Iwai Thomas Gleixner Thomas Hellstrom Tobias Wolf Tomasz Wilczyński Tony Lindgren Uwe Kleine-König Viresh Kumar Vladimir Davydov Vlastimil Babka WANG Cong Wanpeng Li Wei Wang Will Deacon Willem de Bruijn William Wu Willy Tarreau Wim Van Sebroeck Xin Long Yu Zhao jobs: build-amd64-xsm pass build-arm64-xsm pass build-armhf-xsm pass build-i386-xsm pass build-amd64 pass build-arm64 pass build-armhf pass build-i386 pass build-amd64-libvirt pass build-arm64-libvirt pass build-armhf-libvirt pass build-i386-libvirt pass build-amd64-pvops pass build-arm64-pvops fail build-armhf-pvops pass build-i386-pvops pass build-amd64-rumprun pass build-i386-rumprun pass test-amd64-amd64-xl pass test-arm64-arm64-xl blocked test-armhf-armhf-xl pass test-amd64-i386-xl pass test-amd64-amd64-xl-qemut-debianhvm-amd64-xsm pass test-amd64-i386-xl-qemut-debianhvm-amd64-xsm pass test-amd64-amd64-libvirt-qemuu-debianhvm-amd64-xsm pass test-amd64-i386-libvirt-qemuu-debianhvm-amd64-xsm pass test-amd64-amd64-xl-qemuu-debianhvm-amd64-xsm pass test-amd64-i386-xl-qemuu-debianhvm-amd64-xsm pass test-amd64-amd64-xl-qemut-stubdom-debianhvm-amd64-xsm fail test-amd64-i386-xl-qemut-stubdom-debianhvm-amd64-xsm pass test-amd64-amd64-libvirt-xsm pass test-arm64-arm64-libvirt-xsm blocked test-armhf-armhf-libvirt-xsm pass test-amd64-i386-libvirt-xsm pass test-amd64-amd64-xl-xsm pass test-arm64-arm64-xl-xsm blocked test-armhf-armhf-xl-xsm pass test-amd64-i386-xl-xsm pass test-amd64-amd64-qemuu-nested-amd fail test-amd64-amd64-xl-pvh-amd pass test-amd64-i386-qemut-rhel6hvm-amd pass test-amd64-i386-qemuu-rhel6hvm-amd pass test-amd64-amd64-xl-qemut-debianhvm-amd64 pass test-amd64-i386-xl-qemut-debianhvm-amd64 pass test-amd64-amd64-xl-qemuu-debianhvm-amd64 pass test-amd64-i386-xl-qemuu-debianhvm-amd64 pass test-amd64-i386-freebsd10-amd64 pass test-amd64-amd64-xl-qemuu-ovmf-amd64 pass test-amd64-i386-xl-qemuu-ovmf-amd64 pass test-amd64-amd64-rumprun-amd64 pass test-amd64-amd64-xl-qemut-win7-amd64 fail test-amd64-i386-xl-qemut-win7-amd64 fail test-amd64-amd64-xl-qemuu-win7-amd64 fail test-amd64-i386-xl-qemuu-win7-amd64 fail test-amd64-amd64-xl-qemut-ws16-amd64 fail test-amd64-i386-xl-qemut-ws16-amd64 fail test-amd64-amd64-xl-qemuu-ws16-amd64 fail test-amd64-i386-xl-qemuu-ws16-amd64 fail test-armhf-armhf-xl-arndale pass test-amd64-amd64-xl-credit2 pass test-arm64-arm64-xl-credit2 blocked test-armhf-armhf-xl-credit2 pass test-armhf-armhf-xl-cubietruck pass test-amd64-amd64-examine pass test-arm64-arm64-examine blocked test-armhf-armhf-examine pass test-amd64-i386-examine pass test-amd64-i386-freebsd10-i386 pass test-amd64-i386-rumprun-i386 pass test-amd64-amd64-xl-qemut-win10-i386 fail test-amd64-i386-xl-qemut-win10-i386 fail test-amd64-amd64-xl-qemuu-win10-i386 fail test-amd64-i386-xl-qemuu-win10-i386 fail test-amd64-amd64-qemuu-nested-intel pass test-amd64-amd64-xl-pvh-intel pass test-amd64-i386-qemut-rhel6hvm-intel pass test-amd64-i386-qemuu-rhel6hvm-intel pass test-amd64-amd64-libvirt pass test-armhf-armhf-libvirt pass test-amd64-i386-libvirt pass test-amd64-amd64-xl-multivcpu pass test-armhf-armhf-xl-multivcpu pass test-amd64-amd64-pair pass test-amd64-i386-pair pass test-amd64-amd64-libvirt-pair pass test-amd64-i386-libvirt-pair pass test-amd64-amd64-amd64-pvgrub pass test-amd64-amd64-i386-pvgrub pass test-amd64-amd64-pygrub pass test-amd64-amd64-xl-qcow2 pass test-armhf-armhf-libvirt-raw pass test-amd64-i386-xl-raw pass test-amd64-amd64-xl-rtds fail test-armhf-armhf-xl-rtds pass test-amd64-amd64-libvirt-vhd pass test-armhf-armhf-xl-vhd pass ------------------------------------------------------------ sg-report-flight on osstest.test-lab.xenproject.org logs: /home/logs/logs images: /home/logs/images Logs, config files, etc. are available at http://logs.test-lab.xenproject.org/osstest/logs Explanation of these reports, and of osstest in general, is at http://xenbits.xen.org/gitweb/?p=osstest.git;a=blob;f=README.email;hb=master http://xenbits.xen.org/gitweb/?p=osstest.git;a=blob;f=README;hb=master Test harness code can be found at http://xenbits.xen.org/gitweb?p=osstest.git;a=summary Not pushing. (No revision log; it would be 2620 lines long.) --===============8094274948875389689== Content-Type: text/plain; charset="utf-8" MIME-Version: 1.0 Content-Transfer-Encoding: base64 Content-Disposition: inline X19fX19fX19fX19fX19fX19fX19fX19fX19fX19fX19fX19fX19fX19fX19fX18KWGVuLWRldmVs IG1haWxpbmcgbGlzdApYZW4tZGV2ZWxAbGlzdHMueGVuLm9yZwpodHRwczovL2xpc3RzLnhlbi5v cmcveGVuLWRldmVsCg== --===============8094274948875389689==--