* [ovmf test] 111688: regressions - FAIL
@ 2017-07-11 19:19 osstest service owner
0 siblings, 0 replies; only message in thread
From: osstest service owner @ 2017-07-11 19:19 UTC (permalink / raw)
To: xen-devel, osstest-admin
flight 111688 ovmf real [real]
http://logs.test-lab.xenproject.org/osstest/logs/111688/
Regressions :-(
Tests which did not succeed and are blocking,
including tests which could not be run:
build-amd64-xsm 6 xen-build fail REGR. vs. 111665
build-i386-xsm 6 xen-build fail REGR. vs. 111665
build-amd64 6 xen-build fail REGR. vs. 111665
build-i386 6 xen-build fail REGR. vs. 111665
Tests which did not succeed, but are not blocking:
test-amd64-amd64-xl-qemuu-ovmf-amd64 1 build-check(1) blocked n/a
build-amd64-libvirt 1 build-check(1) blocked n/a
test-amd64-i386-xl-qemuu-ovmf-amd64 1 build-check(1) blocked n/a
build-i386-libvirt 1 build-check(1) blocked n/a
version targeted for testing:
ovmf ed6da357a30666cfccfd2539d88e6171710084b7
baseline version:
ovmf 9750503a116be3c246b249b1e7d7d9c51aae2a03
Last test of basis 111665 2017-07-11 06:05:53 Z 0 days
Failing since 111676 2017-07-11 12:16:50 Z 0 days 3 attempts
Testing same since 111680 2017-07-11 13:46:56 Z 0 days 2 attempts
------------------------------------------------------------
People who touched revisions under test:
Brijesh Singh <brijesh.singh@amd.com>
Jordan Justen <jordan.l.justen@intel.com>
Laszlo Ersek <lersek@redhat.com>
Liming Gao <liming.gao@intel.com>
jobs:
build-amd64-xsm fail
build-i386-xsm fail
build-amd64 fail
build-i386 fail
build-amd64-libvirt blocked
build-i386-libvirt blocked
build-amd64-pvops pass
build-i386-pvops pass
test-amd64-amd64-xl-qemuu-ovmf-amd64 blocked
test-amd64-i386-xl-qemuu-ovmf-amd64 blocked
------------------------------------------------------------
sg-report-flight on osstest.test-lab.xenproject.org
logs: /home/logs/logs
images: /home/logs/images
Logs, config files, etc. are available at
http://logs.test-lab.xenproject.org/osstest/logs
Explanation of these reports, and of osstest in general, is at
http://xenbits.xen.org/gitweb/?p=osstest.git;a=blob;f=README.email;hb=master
http://xenbits.xen.org/gitweb/?p=osstest.git;a=blob;f=README;hb=master
Test harness code can be found at
http://xenbits.xen.org/gitweb?p=osstest.git;a=summary
Not pushing.
(No revision log; it would be 367 lines long.)
_______________________________________________
Xen-devel mailing list
Xen-devel@lists.xen.org
https://lists.xen.org/xen-devel
^ permalink raw reply [flat|nested] only message in thread
only message in thread, other threads:[~2017-07-11 19:19 UTC | newest]
Thread overview: (only message) (download: mbox.gz follow: Atom feed
-- links below jump to the message on this page --
2017-07-11 19:19 [ovmf test] 111688: regressions - FAIL osstest service owner
This is a public inbox, see mirroring instructions
for how to clone and mirror all data and code used for this inbox;
as well as URLs for NNTP newsgroup(s).