* [qemu-mainline test] 111703: regressions - FAIL
@ 2017-07-12 9:54 osstest service owner
0 siblings, 0 replies; only message in thread
From: osstest service owner @ 2017-07-12 9:54 UTC (permalink / raw)
To: xen-devel, osstest-admin
[-- Attachment #1: Type: text/plain, Size: 12012 bytes --]
flight 111703 qemu-mainline real [real]
http://logs.test-lab.xenproject.org/osstest/logs/111703/
Regressions :-(
Tests which did not succeed and are blocking,
including tests which could not be run:
test-amd64-i386-pair 16 debian-install/dst_host fail REGR. vs. 111403
test-armhf-armhf-xl 16 guest-start/debian.repeat fail REGR. vs. 111403
test-amd64-amd64-xl-qemuu-win7-amd64 10 windows-install fail REGR. vs. 111403
Tests which did not succeed, but are not blocking:
test-armhf-armhf-xl-rtds 16 guest-start/debian.repeat fail like 111379
test-armhf-armhf-libvirt 14 saverestore-support-check fail like 111403
test-armhf-armhf-libvirt-xsm 14 saverestore-support-check fail like 111403
test-armhf-armhf-libvirt-raw 13 saverestore-support-check fail like 111403
test-amd64-amd64-xl-rtds 10 debian-install fail like 111403
test-amd64-amd64-xl-qemuu-ws16-amd64 10 windows-install fail never pass
test-amd64-amd64-libvirt-xsm 13 migrate-support-check fail never pass
test-amd64-i386-libvirt-xsm 13 migrate-support-check fail never pass
test-amd64-i386-libvirt 13 migrate-support-check fail never pass
test-amd64-amd64-libvirt 13 migrate-support-check fail never pass
test-arm64-arm64-libvirt-xsm 13 migrate-support-check fail never pass
test-arm64-arm64-libvirt-xsm 14 saverestore-support-check fail never pass
test-arm64-arm64-xl-xsm 13 migrate-support-check fail never pass
test-arm64-arm64-xl-xsm 14 saverestore-support-check fail never pass
test-arm64-arm64-xl 13 migrate-support-check fail never pass
test-arm64-arm64-xl 14 saverestore-support-check fail never pass
test-arm64-arm64-xl-credit2 13 migrate-support-check fail never pass
test-arm64-arm64-xl-credit2 14 saverestore-support-check fail never pass
test-amd64-amd64-libvirt-qemuu-debianhvm-amd64-xsm 11 migrate-support-check fail never pass
test-amd64-i386-libvirt-qemuu-debianhvm-amd64-xsm 11 migrate-support-check fail never pass
test-amd64-amd64-libvirt-vhd 12 migrate-support-check fail never pass
test-armhf-armhf-xl-arndale 13 migrate-support-check fail never pass
test-armhf-armhf-xl-arndale 14 saverestore-support-check fail never pass
test-amd64-amd64-qemuu-nested-amd 17 debian-hvm-install/l1/l2 fail never pass
test-armhf-armhf-xl 13 migrate-support-check fail never pass
test-armhf-armhf-xl 14 saverestore-support-check fail never pass
test-armhf-armhf-xl-cubietruck 13 migrate-support-check fail never pass
test-armhf-armhf-xl-cubietruck 14 saverestore-support-check fail never pass
test-armhf-armhf-xl-credit2 13 migrate-support-check fail never pass
test-armhf-armhf-xl-credit2 14 saverestore-support-check fail never pass
test-armhf-armhf-xl-multivcpu 13 migrate-support-check fail never pass
test-armhf-armhf-xl-multivcpu 14 saverestore-support-check fail never pass
test-amd64-i386-xl-qemuu-ws16-amd64 13 guest-saverestore fail never pass
test-armhf-armhf-libvirt 13 migrate-support-check fail never pass
test-armhf-armhf-xl-vhd 12 migrate-support-check fail never pass
test-armhf-armhf-xl-vhd 13 saverestore-support-check fail never pass
test-armhf-armhf-libvirt-xsm 13 migrate-support-check fail never pass
test-armhf-armhf-xl-rtds 13 migrate-support-check fail never pass
test-armhf-armhf-xl-rtds 14 saverestore-support-check fail never pass
test-armhf-armhf-libvirt-raw 12 migrate-support-check fail never pass
test-amd64-i386-xl-qemuu-win10-i386 10 windows-install fail never pass
test-amd64-amd64-xl-qemuu-win10-i386 10 windows-install fail never pass
test-armhf-armhf-xl-xsm 13 migrate-support-check fail never pass
test-armhf-armhf-xl-xsm 14 saverestore-support-check fail never pass
version targeted for testing:
qemuu aa916e409c04cb614ec2fee8b6b33836bf5998bb
baseline version:
qemuu 2185c93ba80f81bfa27ce6f259c7f2ef4f08b668
Last test of basis 111403 2017-07-05 10:31:25 Z 6 days
Failing since 111475 2017-07-06 11:14:43 Z 5 days 8 attempts
Testing same since 111703 2017-07-11 22:26:01 Z 0 days 1 attempts
------------------------------------------------------------
People who touched revisions under test:
Aaron Larson <alarson@ddci.com>
Alex Williamson <alex.williamson@redhat.com>
Alistair Francis <alistair.francis@xilinx.com>
Anoob Soman <anoob.soman@citrix.com>
Anthony Liguori <aliguori@us.ibm.com>
Anthony PERARD <anthony.perard@citrix.com>
Christian Borntraeger <borntraeger@de.ibm.com>
Cornelia Huck <cohuck@redhat.com>
Cédric Le Goater <clg@kaod.org>
Daniel P. Berrange <berrange@redhat.com>
David Gibson <david@gibson.dropbear.id.au>
Dong Jia Shi <bjsdjshi@linux.vnet.ibm.com>
Dr. David Alan Gilbert <dgilbert@redhat.com>
Emilio G. Cota <cota@braap.org>
Eric Blake <eblake@redhat.com>
Fam Zheng <famz@redhat.com>
Greg Kurz <groug@kaod.org>
Halil Pasic <pasic@linux.vnet.ibm.com>
Hervé Poussineau <hpoussin@reactos.org>
Jason Wang <jasowang@redhat.com>
Jiang Biao <jiang.biao2@zte.com.cn>
Juan Quintela <quintela@redhat.com>
Kevin Wolf <kwolf@redhat.com>
Laurent Vivier <lvivier@redhat.com>
Paolo Bonzini <pbonzini@redhat.com>
Peter Maydell <peter.maydell@linaro.org>
Peter Xu <peterx@redhat.com>
Pranith Kumar <bobby.prani@gmail.com>
QingFeng Hao <haoqf@linux.vnet.ibm.com>
Richard Henderson <rth@twiddle.net>
Ross Lagerwall <ross.lagerwall@citrix.com>
Sergio Andres Gomez Del Real <Sergio.G.DelReal@gmail.com>
Stefano Stabellini <sstabellini@kernel.org>
Suraj Jitindar Singh <sjitindarsingh@gmail.com>
Thomas Huth <thuth@redhat.com>
Viktor Mihajlovski <mihajlov@linux.vnet.ibm.com>
Vladimir Sementsov-Ogievskiy <vsementsov@virtuozzo.com>
Wu Xiang <willx8@gmail.com>
Yang Zhong <yang.zhong@intel.com>
jobs:
build-amd64-xsm pass
build-arm64-xsm pass
build-armhf-xsm pass
build-i386-xsm pass
build-amd64 pass
build-arm64 pass
build-armhf pass
build-i386 pass
build-amd64-libvirt pass
build-arm64-libvirt pass
build-armhf-libvirt pass
build-i386-libvirt pass
build-amd64-pvops pass
build-arm64-pvops pass
build-armhf-pvops pass
build-i386-pvops pass
test-amd64-amd64-xl pass
test-arm64-arm64-xl pass
test-armhf-armhf-xl fail
test-amd64-i386-xl pass
test-amd64-amd64-libvirt-qemuu-debianhvm-amd64-xsm pass
test-amd64-i386-libvirt-qemuu-debianhvm-amd64-xsm pass
test-amd64-amd64-xl-qemuu-debianhvm-amd64-xsm pass
test-amd64-i386-xl-qemuu-debianhvm-amd64-xsm pass
test-amd64-amd64-libvirt-xsm pass
test-arm64-arm64-libvirt-xsm pass
test-armhf-armhf-libvirt-xsm pass
test-amd64-i386-libvirt-xsm pass
test-amd64-amd64-xl-xsm pass
test-arm64-arm64-xl-xsm pass
test-armhf-armhf-xl-xsm pass
test-amd64-i386-xl-xsm pass
test-amd64-amd64-qemuu-nested-amd fail
test-amd64-amd64-xl-pvh-amd pass
test-amd64-i386-qemuu-rhel6hvm-amd pass
test-amd64-amd64-xl-qemuu-debianhvm-amd64 pass
test-amd64-i386-xl-qemuu-debianhvm-amd64 pass
test-amd64-i386-freebsd10-amd64 pass
test-amd64-amd64-xl-qemuu-ovmf-amd64 pass
test-amd64-i386-xl-qemuu-ovmf-amd64 pass
test-amd64-amd64-xl-qemuu-win7-amd64 fail
test-amd64-i386-xl-qemuu-win7-amd64 pass
test-amd64-amd64-xl-qemuu-ws16-amd64 fail
test-amd64-i386-xl-qemuu-ws16-amd64 fail
test-armhf-armhf-xl-arndale pass
test-amd64-amd64-xl-credit2 pass
test-arm64-arm64-xl-credit2 pass
test-armhf-armhf-xl-credit2 pass
test-armhf-armhf-xl-cubietruck pass
test-amd64-i386-freebsd10-i386 pass
test-amd64-amd64-xl-qemuu-win10-i386 fail
test-amd64-i386-xl-qemuu-win10-i386 fail
test-amd64-amd64-qemuu-nested-intel pass
test-amd64-amd64-xl-pvh-intel pass
test-amd64-i386-qemuu-rhel6hvm-intel pass
test-amd64-amd64-libvirt pass
test-armhf-armhf-libvirt pass
test-amd64-i386-libvirt pass
test-amd64-amd64-xl-multivcpu pass
test-armhf-armhf-xl-multivcpu pass
test-amd64-amd64-pair pass
test-amd64-i386-pair fail
test-amd64-amd64-libvirt-pair pass
test-amd64-i386-libvirt-pair pass
test-amd64-amd64-amd64-pvgrub pass
test-amd64-amd64-i386-pvgrub pass
test-amd64-amd64-pygrub pass
test-amd64-amd64-xl-qcow2 pass
test-armhf-armhf-libvirt-raw pass
test-amd64-i386-xl-raw pass
test-amd64-amd64-xl-rtds fail
test-armhf-armhf-xl-rtds fail
test-amd64-amd64-libvirt-vhd pass
test-armhf-armhf-xl-vhd pass
------------------------------------------------------------
sg-report-flight on osstest.test-lab.xenproject.org
logs: /home/logs/logs
images: /home/logs/images
Logs, config files, etc. are available at
http://logs.test-lab.xenproject.org/osstest/logs
Explanation of these reports, and of osstest in general, is at
http://xenbits.xen.org/gitweb/?p=osstest.git;a=blob;f=README.email;hb=master
http://xenbits.xen.org/gitweb/?p=osstest.git;a=blob;f=README;hb=master
Test harness code can be found at
http://xenbits.xen.org/gitweb?p=osstest.git;a=summary
Not pushing.
(No revision log; it would be 2713 lines long.)
[-- Attachment #2: Type: text/plain, Size: 127 bytes --]
_______________________________________________
Xen-devel mailing list
Xen-devel@lists.xen.org
https://lists.xen.org/xen-devel
^ permalink raw reply [flat|nested] only message in thread
only message in thread, other threads:[~2017-07-12 9:54 UTC | newest]
Thread overview: (only message) (download: mbox.gz follow: Atom feed
-- links below jump to the message on this page --
2017-07-12 9:54 [qemu-mainline test] 111703: regressions - FAIL osstest service owner
This is a public inbox, see mirroring instructions
for how to clone and mirror all data and code used for this inbox;
as well as URLs for NNTP newsgroup(s).