From mboxrd@z Thu Jan 1 00:00:00 1970 From: osstest service owner Subject: [xen-unstable-coverity test] 111727: regressions - ALL FAIL Date: Wed, 12 Jul 2017 09:42:58 +0000 Message-ID: Mime-Version: 1.0 Content-Type: multipart/mixed; boundary="===============1004371028463060664==" Return-path: List-Unsubscribe: , List-Post: List-Help: List-Subscribe: , Errors-To: xen-devel-bounces@lists.xen.org Sender: "Xen-devel" To: xen-devel@lists.xensource.com, osstest-admin@xenproject.org List-Id: xen-devel@lists.xenproject.org --===============1004371028463060664== Content-Type: text/plain flight 111727 xen-unstable-coverity real [real] http://logs.test-lab.xenproject.org/osstest/logs/111727/ Regressions :-( Tests which did not succeed and are blocking, including tests which could not be run: coverity-amd64 6 coverity-build fail REGR. vs. 111140 version targeted for testing: xen 89df98b77d28136c4d7aade13a1c8bc154d2919f baseline version: xen 8b9793bfe614ee53029d2b1672e1080170809dcd Last test of basis 111140 2017-06-28 10:06:03 Z 13 days Failing since 111315 2017-07-02 09:22:26 Z 10 days 4 attempts Testing same since 111597 2017-07-09 09:18:43 Z 3 days 2 attempts ------------------------------------------------------------ People who touched revisions under test: Andrew Cooper Chao Gao Dongli Zhang Haozhong Zhang Igor Druzhinin Jan Beulich Julien Grall Kevin Tian Konrad Rzeszutek Wilk Marek Marczykowski-Górecki Razvan Cojocaru Sergey Dyasli Stefano Stabellini Thomas Sanders Tim Deegan Wei Liu Xiong Zhang Zhongze Liu jobs: coverity-amd64 fail ------------------------------------------------------------ sg-report-flight on osstest.test-lab.xenproject.org logs: /home/logs/logs images: /home/logs/images Logs, config files, etc. are available at http://logs.test-lab.xenproject.org/osstest/logs Explanation of these reports, and of osstest in general, is at http://xenbits.xen.org/gitweb/?p=osstest.git;a=blob;f=README.email;hb=master http://xenbits.xen.org/gitweb/?p=osstest.git;a=blob;f=README;hb=master Test harness code can be found at http://xenbits.xen.org/gitweb?p=osstest.git;a=summary Not pushing. (No revision log; it would be 1072 lines long.) --===============1004371028463060664== Content-Type: text/plain; charset="utf-8" MIME-Version: 1.0 Content-Transfer-Encoding: base64 Content-Disposition: inline X19fX19fX19fX19fX19fX19fX19fX19fX19fX19fX19fX19fX19fX19fX19fX18KWGVuLWRldmVs IG1haWxpbmcgbGlzdApYZW4tZGV2ZWxAbGlzdHMueGVuLm9yZwpodHRwczovL2xpc3RzLnhlbi5v cmcveGVuLWRldmVsCg== --===============1004371028463060664==--