From: osstest service owner <osstest-admin@xenproject.org>
To: xen-devel@lists.xensource.com, osstest-admin@xenproject.org
Subject: [linux-4.9 test] 112086: regressions - FAIL
Date: Sat, 22 Jul 2017 03:52:59 +0000 [thread overview]
Message-ID: <osstest-112086-mainreport@xen.org> (raw)
[-- Attachment #1: Type: text/plain, Size: 16259 bytes --]
flight 112086 linux-4.9 real [real]
http://logs.test-lab.xenproject.org/osstest/logs/112086/
Regressions :-(
Tests which did not succeed and are blocking,
including tests which could not be run:
test-amd64-amd64-xl-qemut-win7-amd64 16 guest-localmigrate/x10 fail REGR. vs. 111883
Tests which did not succeed, but are not blocking:
test-amd64-i386-xl-qemut-win7-amd64 17 guest-stop fail like 111843
test-amd64-i386-xl-qemuu-win7-amd64 17 guest-stop fail like 111843
test-amd64-amd64-xl-qemuu-win7-amd64 17 guest-stop fail like 111883
test-amd64-amd64-xl-rtds 10 debian-install fail like 111883
test-amd64-amd64-libvirt 13 migrate-support-check fail never pass
test-amd64-i386-libvirt 13 migrate-support-check fail never pass
test-amd64-amd64-libvirt-xsm 13 migrate-support-check fail never pass
test-amd64-amd64-xl-qemuu-ws16-amd64 10 windows-install fail never pass
test-amd64-i386-libvirt-xsm 13 migrate-support-check fail never pass
test-arm64-arm64-xl 13 migrate-support-check fail never pass
test-arm64-arm64-xl-xsm 13 migrate-support-check fail never pass
test-arm64-arm64-xl 14 saverestore-support-check fail never pass
test-arm64-arm64-xl-xsm 14 saverestore-support-check fail never pass
test-arm64-arm64-xl-credit2 13 migrate-support-check fail never pass
test-arm64-arm64-xl-credit2 14 saverestore-support-check fail never pass
test-arm64-arm64-libvirt-xsm 13 migrate-support-check fail never pass
test-amd64-amd64-xl-qemut-ws16-amd64 10 windows-install fail never pass
test-arm64-arm64-libvirt-xsm 14 saverestore-support-check fail never pass
test-amd64-amd64-libvirt-qemuu-debianhvm-amd64-xsm 11 migrate-support-check fail never pass
test-amd64-i386-libvirt-qemuu-debianhvm-amd64-xsm 11 migrate-support-check fail never pass
test-amd64-amd64-qemuu-nested-amd 17 debian-hvm-install/l1/l2 fail never pass
test-amd64-amd64-libvirt-vhd 12 migrate-support-check fail never pass
test-armhf-armhf-xl 13 migrate-support-check fail never pass
test-armhf-armhf-xl 14 saverestore-support-check fail never pass
test-armhf-armhf-xl-credit2 13 migrate-support-check fail never pass
test-armhf-armhf-xl-credit2 14 saverestore-support-check fail never pass
test-armhf-armhf-libvirt 13 migrate-support-check fail never pass
test-armhf-armhf-libvirt 14 saverestore-support-check fail never pass
test-armhf-armhf-xl-multivcpu 13 migrate-support-check fail never pass
test-armhf-armhf-xl-multivcpu 14 saverestore-support-check fail never pass
test-armhf-armhf-xl-xsm 13 migrate-support-check fail never pass
test-armhf-armhf-xl-xsm 14 saverestore-support-check fail never pass
test-armhf-armhf-libvirt-xsm 13 migrate-support-check fail never pass
test-armhf-armhf-libvirt-xsm 14 saverestore-support-check fail never pass
test-armhf-armhf-xl-cubietruck 13 migrate-support-check fail never pass
test-armhf-armhf-xl-cubietruck 14 saverestore-support-check fail never pass
test-amd64-i386-xl-qemut-ws16-amd64 13 guest-saverestore fail never pass
test-armhf-armhf-xl-rtds 13 migrate-support-check fail never pass
test-armhf-armhf-xl-rtds 14 saverestore-support-check fail never pass
test-armhf-armhf-libvirt-raw 12 migrate-support-check fail never pass
test-armhf-armhf-libvirt-raw 13 saverestore-support-check fail never pass
test-armhf-armhf-xl-arndale 13 migrate-support-check fail never pass
test-armhf-armhf-xl-arndale 14 saverestore-support-check fail never pass
test-armhf-armhf-xl-vhd 12 migrate-support-check fail never pass
test-armhf-armhf-xl-vhd 13 saverestore-support-check fail never pass
test-amd64-i386-xl-qemuu-ws16-amd64 13 guest-saverestore fail never pass
test-amd64-i386-xl-qemut-win10-i386 10 windows-install fail never pass
test-amd64-amd64-xl-qemut-win10-i386 10 windows-install fail never pass
test-amd64-i386-xl-qemuu-win10-i386 10 windows-install fail never pass
test-amd64-amd64-xl-qemuu-win10-i386 10 windows-install fail never pass
version targeted for testing:
linux c03917de04aa68017a737e90ea01338d991eaff5
baseline version:
linux f0cd77ded5127168b1b83ca2f366ee17e9c0586f
Last test of basis 111883 2017-07-16 11:10:00 Z 5 days
Testing same since 112086 2017-07-21 06:22:54 Z 0 days 1 attempts
------------------------------------------------------------
People who touched revisions under test:
"Eric W. Biederman" <ebiederm@xmission.com>
Adam Borowski <kilobyte@angband.pl>
Alban Browaeys <alban.browaeys@gmail.com>
Alexei Starovoitov <ast@kernel.org>
Amit Pundir <amit.pundir@linaro.org>
Andrei Vagin <avagin@virtuozzo.com>
Andrew Morton <akpm@linux-foundation.org>
Andrey Konovalov <andreyknvl@google.com>
Andrey Smirnov <andrew.smirnov@gmail.com>
Andy Lutomirski <luto@kernel.org>
Arend van Spriel <arend.vanspriel@broadcom.com>
Ben Hutchings <ben@decadent.org.uk>
Bert Kenward <bkenward@solarflare.com>
Brian Norris <briannorris@chromium.org>
Christophe JAILLET <christophe.jaillet@wanadoo.fr>
Cong Wang <xiyou.wangcong@gmail.com>
Cyril Bur <cyrilbur@gmail.com>
Dan Carpenter <dan.carpenter@oracle.com>
Daniel Borkmann <daniel@iogearbox.net>
Dave Hansen <dave.hansen@intel.com>
David Ahern <dsahern@gmail.com>
David Gstir <david@sigma-star.at>
David S. Miller <davem@davemloft.net>
Derek Chickles <derek.chickles@cavium.com>
Eduardo Valentin <eduval@amazon.com>
Edward Cree <ecree@solarflare.com>
Eric Biggers <ebiggers@google.com>
Eric Dumazet <edumazet@google.com>
Eric W. Biederman <ebiederm@xmission.com>
Felix Manlunas <felix.manlunas@cavium.com>
Gal Pressman <galp@mellanox.com>
Gao Feng <gfree.wind@vip.163.com>
Gilad Ben-Yossef <gilad@benyossef.com>
Greg Kroah-Hartman <gregkh@linuxfoundation.org>
Gregory CLEMENT <gregory.clement@free-electrons.com>
Haozhong Zhang <haozhong.zhang@intel.com>
Helge Deller <deller@gmx.de>
Herbert Xu <herbert@gondor.apana.org.au>
Horia GeantÄ <horia.geanta@nxp.com>
Ingo Molnar <mingo@kernel.org>
Jim Mattson <jmattson@google.com>
Jiri Benc <jbenc@redhat.com>
Joe Perches <joe@perches.com>
Johan Hovold <johan@kernel.org>
Johannes Berg <johannes.berg@intel.com>
Jouni Malinen <jouni@qca.qualcomm.com>
Kalle Valo <kvalo@codeaurora.org>
Kees Cook <keescook@chromium.org>
Kirill A. Shutemov <kirill.shutemov@linux.intel.com>
Krister Johansen <kjlx@templeofstupid.com>
Lauro Ramos Venancio <lvenanci@redhat.com>
Lennert Buytenhek <buytenh@wantstofly.org>
Linus Torvalds <torvalds@linux-foundation.org>
Marc Zyngier <marc.zyngier@arm.com>
Marcin Nowakowski <marcin.nowakowski@imgtec.com>
Martin Hicks <mort@bork.org>
Martin KaFai Lau <kafai@fb.com>
Mel Gorman <mgorman@techsingularity.net>
Michael Ellerman <mpe@ellerman.id.au>
Michal Hocko <mhocko@suse.com>
Michal Kubecek <mkubecek@suse.cz>
Michal KubeÄek <mkubecek@suse.cz>
Minchan Kim <minchan@kernel.org>
Mohamad Haj Yahia <mohamad@mellanox.com>
Moshe Shemesh <moshe@mellanox.com>
Nikolay Aleksandrov <nikolay@cumulusnetworks.com>
Paolo Bonzini <pbonzini@redhat.com>
Paul E. McKenney <paulmck@linux.vnet.ibm.com>
Pavankumar Kondeti <pkondeti@codeaurora.org>
Pavel Machek <pavel@ucw.cz>
Peter S. Housel <housel@acm.org>
Peter Zijlstra (Intel) <peterz@infradead.org>
Peter Zijlstra <peterz@infradead.org>
Radim KrÄmáŠ<rkrcmar@redhat.com>
Rafael J. Wysocki <rafael.j.wysocki@intel.com>
Raghu Vatsavayi <raghu.vatsavayi@cavium.com>
Richard Cochran <richardcochran@gmail.com>
Rik van Riel <riel@redhat.com>
Roopa Prabhu <roopa@cumulusnetworks.com>
Sabrina Dubroca <sd@queasysnail.net>
Saeed Mahameed <saeedm@mellanox.com>
Sahitya Tummala <stummala@codeaurora.org>
Santosh Shilimkar <santosh.shilimkar@oracle.com>
Sasha Levin <sasha.levin@oracle.com>
Satanand Burla <satananda.burla@cavium.com>
Shuah Khan <shuahkh@osg.samsung.com>
Sowmini Varadhan <sowmini.varadhan@oracle.com>
Srinivas Dasari <dasaris@qti.qualcomm.com>
Srinivas Kandagatla <srinivas.kandagatla@linaro.org>
Steven Rostedt <rostedt@goodmis.org>
Suzuki K Poulose <suzuki.poulose@arm.com>
Thomas Bogendoerfer <tsbogend@alpha.franken.de>
Thomas Gleixner <tglx@linutronix.de>
Tony Lindgren <tony@atomide.com>
Vineeth Remanan Pillai <vineethp@amazon.com>
Vladimir Davydov <vdavydov.dev@gmail.com>
WANG Cong <xiyou.wangcong@gmail.com>
Zach Brown <zach.brown@ni.com>
jobs:
build-amd64-xsm pass
build-arm64-xsm pass
build-armhf-xsm pass
build-i386-xsm pass
build-amd64 pass
build-arm64 pass
build-armhf pass
build-i386 pass
build-amd64-libvirt pass
build-arm64-libvirt pass
build-armhf-libvirt pass
build-i386-libvirt pass
build-amd64-pvops pass
build-arm64-pvops pass
build-armhf-pvops pass
build-i386-pvops pass
build-amd64-rumprun pass
build-i386-rumprun pass
test-amd64-amd64-xl pass
test-arm64-arm64-xl pass
test-armhf-armhf-xl pass
test-amd64-i386-xl pass
test-amd64-amd64-xl-qemut-debianhvm-amd64-xsm pass
test-amd64-i386-xl-qemut-debianhvm-amd64-xsm pass
test-amd64-amd64-libvirt-qemuu-debianhvm-amd64-xsm pass
test-amd64-i386-libvirt-qemuu-debianhvm-amd64-xsm pass
test-amd64-amd64-xl-qemuu-debianhvm-amd64-xsm pass
test-amd64-i386-xl-qemuu-debianhvm-amd64-xsm pass
test-amd64-amd64-xl-qemut-stubdom-debianhvm-amd64-xsm pass
test-amd64-i386-xl-qemut-stubdom-debianhvm-amd64-xsm pass
test-amd64-amd64-libvirt-xsm pass
test-arm64-arm64-libvirt-xsm pass
test-armhf-armhf-libvirt-xsm pass
test-amd64-i386-libvirt-xsm pass
test-amd64-amd64-xl-xsm pass
test-arm64-arm64-xl-xsm pass
test-armhf-armhf-xl-xsm pass
test-amd64-i386-xl-xsm pass
test-amd64-amd64-qemuu-nested-amd fail
test-amd64-amd64-xl-pvh-amd pass
test-amd64-i386-qemut-rhel6hvm-amd pass
test-amd64-i386-qemuu-rhel6hvm-amd pass
test-amd64-amd64-xl-qemut-debianhvm-amd64 pass
test-amd64-i386-xl-qemut-debianhvm-amd64 pass
test-amd64-amd64-xl-qemuu-debianhvm-amd64 pass
test-amd64-i386-xl-qemuu-debianhvm-amd64 pass
test-amd64-i386-freebsd10-amd64 pass
test-amd64-amd64-xl-qemuu-ovmf-amd64 pass
test-amd64-i386-xl-qemuu-ovmf-amd64 pass
test-amd64-amd64-rumprun-amd64 pass
test-amd64-amd64-xl-qemut-win7-amd64 fail
test-amd64-i386-xl-qemut-win7-amd64 fail
test-amd64-amd64-xl-qemuu-win7-amd64 fail
test-amd64-i386-xl-qemuu-win7-amd64 fail
test-amd64-amd64-xl-qemut-ws16-amd64 fail
test-amd64-i386-xl-qemut-ws16-amd64 fail
test-amd64-amd64-xl-qemuu-ws16-amd64 fail
test-amd64-i386-xl-qemuu-ws16-amd64 fail
test-armhf-armhf-xl-arndale pass
test-amd64-amd64-xl-credit2 pass
test-arm64-arm64-xl-credit2 pass
test-armhf-armhf-xl-credit2 pass
test-armhf-armhf-xl-cubietruck pass
test-amd64-amd64-examine pass
test-arm64-arm64-examine pass
test-armhf-armhf-examine pass
test-amd64-i386-examine pass
test-amd64-i386-freebsd10-i386 pass
test-amd64-i386-rumprun-i386 pass
test-amd64-amd64-xl-qemut-win10-i386 fail
test-amd64-i386-xl-qemut-win10-i386 fail
test-amd64-amd64-xl-qemuu-win10-i386 fail
test-amd64-i386-xl-qemuu-win10-i386 fail
test-amd64-amd64-qemuu-nested-intel pass
test-amd64-amd64-xl-pvh-intel pass
test-amd64-i386-qemut-rhel6hvm-intel pass
test-amd64-i386-qemuu-rhel6hvm-intel pass
test-amd64-amd64-libvirt pass
test-armhf-armhf-libvirt pass
test-amd64-i386-libvirt pass
test-amd64-amd64-xl-multivcpu pass
test-armhf-armhf-xl-multivcpu pass
test-amd64-amd64-pair pass
test-amd64-i386-pair pass
test-amd64-amd64-libvirt-pair pass
test-amd64-i386-libvirt-pair pass
test-amd64-amd64-amd64-pvgrub pass
test-amd64-amd64-i386-pvgrub pass
test-amd64-amd64-pygrub pass
test-amd64-amd64-xl-qcow2 pass
test-armhf-armhf-libvirt-raw pass
test-amd64-i386-xl-raw pass
test-amd64-amd64-xl-rtds fail
test-armhf-armhf-xl-rtds pass
test-amd64-amd64-libvirt-vhd pass
test-armhf-armhf-xl-vhd pass
------------------------------------------------------------
sg-report-flight on osstest.test-lab.xenproject.org
logs: /home/logs/logs
images: /home/logs/images
Logs, config files, etc. are available at
http://logs.test-lab.xenproject.org/osstest/logs
Explanation of these reports, and of osstest in general, is at
http://xenbits.xen.org/gitweb/?p=osstest.git;a=blob;f=README.email;hb=master
http://xenbits.xen.org/gitweb/?p=osstest.git;a=blob;f=README;hb=master
Test harness code can be found at
http://xenbits.xen.org/gitweb?p=osstest.git;a=summary
Not pushing.
(No revision log; it would be 2430 lines long.)
[-- Attachment #2: Type: text/plain, Size: 127 bytes --]
_______________________________________________
Xen-devel mailing list
Xen-devel@lists.xen.org
https://lists.xen.org/xen-devel
reply other threads:[~2017-07-22 3:52 UTC|newest]
Thread overview: [no followups] expand[flat|nested] mbox.gz Atom feed
Reply instructions:
You may reply publicly to this message via plain-text email
using any one of the following methods:
* Save the following mbox file, import it into your mail client,
and reply-to-all from there: mbox
Avoid top-posting and favor interleaved quoting:
https://en.wikipedia.org/wiki/Posting_style#Interleaved_style
* Reply using the --to, --cc, and --in-reply-to
switches of git-send-email(1):
git send-email \
--in-reply-to=osstest-112086-mainreport@xen.org \
--to=osstest-admin@xenproject.org \
--cc=xen-devel@lists.xensource.com \
/path/to/YOUR_REPLY
https://kernel.org/pub/software/scm/git/docs/git-send-email.html
* If your mail client supports setting the In-Reply-To header
via mailto: links, try the mailto: link
Be sure your reply has a Subject: header at the top and a blank line
before the message body.
This is a public inbox, see mirroring instructions
for how to clone and mirror all data and code used for this inbox;
as well as URLs for NNTP newsgroup(s).