xen-devel.lists.xenproject.org archive mirror
 help / color / mirror / Atom feed
From: osstest service owner <osstest-admin@xenproject.org>
To: xen-devel@lists.xensource.com, osstest-admin@xenproject.org
Subject: [qemu-mainline test] 112100: regressions - FAIL
Date: Sat, 22 Jul 2017 17:40:09 +0000	[thread overview]
Message-ID: <osstest-112100-mainreport@xen.org> (raw)

[-- Attachment #1: Type: text/plain, Size: 14764 bytes --]

flight 112100 qemu-mainline real [real]
http://logs.test-lab.xenproject.org/osstest/logs/112100/

Regressions :-(

Tests which did not succeed and are blocking,
including tests which could not be run:
 build-i386-xsm                6 xen-build                fail REGR. vs. 111765
 build-i386                    6 xen-build                fail REGR. vs. 111765
 build-armhf-xsm               6 xen-build                fail REGR. vs. 111765
 test-amd64-amd64-xl-qemuu-win7-amd64 10 windows-install  fail REGR. vs. 111765
 build-armhf                   6 xen-build                fail REGR. vs. 111765

Tests which did not succeed, but are not blocking:
 test-armhf-armhf-xl-multivcpu  1 build-check(1)               blocked  n/a
 test-amd64-i386-freebsd10-i386  1 build-check(1)               blocked  n/a
 test-amd64-i386-xl-xsm        1 build-check(1)               blocked  n/a
 test-amd64-i386-libvirt-qemuu-debianhvm-amd64-xsm 1 build-check(1) blocked n/a
 test-amd64-i386-xl-qemuu-ovmf-amd64  1 build-check(1)              blocked n/a
 test-amd64-i386-xl-raw        1 build-check(1)               blocked  n/a
 test-amd64-i386-qemuu-rhel6hvm-amd  1 build-check(1)               blocked n/a
 test-armhf-armhf-libvirt      1 build-check(1)               blocked  n/a
 test-amd64-i386-xl-qemuu-debianhvm-amd64-xsm  1 build-check(1)     blocked n/a
 build-armhf-libvirt           1 build-check(1)               blocked  n/a
 test-amd64-i386-libvirt       1 build-check(1)               blocked  n/a
 test-amd64-i386-xl-qemuu-win10-i386  1 build-check(1)              blocked n/a
 test-armhf-armhf-libvirt-raw  1 build-check(1)               blocked  n/a
 test-amd64-i386-libvirt-xsm   1 build-check(1)               blocked  n/a
 test-armhf-armhf-xl           1 build-check(1)               blocked  n/a
 test-amd64-i386-qemuu-rhel6hvm-intel  1 build-check(1)             blocked n/a
 test-armhf-armhf-xl-vhd       1 build-check(1)               blocked  n/a
 test-amd64-i386-xl-qemuu-win7-amd64  1 build-check(1)              blocked n/a
 test-amd64-i386-freebsd10-amd64  1 build-check(1)               blocked  n/a
 test-amd64-i386-pair          1 build-check(1)               blocked  n/a
 test-armhf-armhf-xl-credit2   1 build-check(1)               blocked  n/a
 test-armhf-armhf-xl-cubietruck  1 build-check(1)               blocked  n/a
 test-amd64-i386-xl-qemuu-ws16-amd64  1 build-check(1)              blocked n/a
 test-armhf-armhf-xl-rtds      1 build-check(1)               blocked  n/a
 test-armhf-armhf-xl-arndale   1 build-check(1)               blocked  n/a
 test-amd64-i386-xl-qemuu-debianhvm-amd64  1 build-check(1)         blocked n/a
 test-armhf-armhf-libvirt-xsm  1 build-check(1)               blocked  n/a
 test-amd64-i386-xl            1 build-check(1)               blocked  n/a
 build-i386-libvirt            1 build-check(1)               blocked  n/a
 test-amd64-i386-libvirt-pair  1 build-check(1)               blocked  n/a
 test-armhf-armhf-xl-xsm       1 build-check(1)               blocked  n/a
 test-amd64-amd64-xl-rtds     10 debian-install               fail  like 111765
 test-amd64-amd64-xl-qemuu-ws16-amd64 10 windows-install        fail never pass
 test-amd64-amd64-libvirt     13 migrate-support-check        fail   never pass
 test-amd64-amd64-libvirt-xsm 13 migrate-support-check        fail   never pass
 test-arm64-arm64-xl          13 migrate-support-check        fail   never pass
 test-arm64-arm64-xl          14 saverestore-support-check    fail   never pass
 test-arm64-arm64-xl-credit2  13 migrate-support-check        fail   never pass
 test-arm64-arm64-xl-credit2  14 saverestore-support-check    fail   never pass
 test-amd64-amd64-libvirt-qemuu-debianhvm-amd64-xsm 11 migrate-support-check fail never pass
 test-amd64-amd64-libvirt-vhd 12 migrate-support-check        fail   never pass
 test-amd64-amd64-qemuu-nested-amd 17 debian-hvm-install/l1/l2  fail never pass
 test-arm64-arm64-xl-xsm      13 migrate-support-check        fail   never pass
 test-arm64-arm64-xl-xsm      14 saverestore-support-check    fail   never pass
 test-arm64-arm64-libvirt-xsm 13 migrate-support-check        fail   never pass
 test-arm64-arm64-libvirt-xsm 14 saverestore-support-check    fail   never pass
 test-amd64-amd64-xl-qemuu-win10-i386 10 windows-install        fail never pass

version targeted for testing:
 qemuu                91939262ffcd3c85ea6a4793d3029326eea1d649
baseline version:
 qemuu                31fe1c414501047cbb91b695bdccc0068496dcf6

Last test of basis   111765  2017-07-13 10:20:16 Z    9 days
Failing since        111790  2017-07-14 04:20:46 Z    8 days   11 attempts
Testing same since   112100  2017-07-21 16:42:38 Z    1 days    1 attempts

------------------------------------------------------------
People who touched revisions under test:
  Alex Bennée <alex.bennee@linaro.org>
  Alex Williamson <alex.williamson@redhat.com>
  Alexander Graf <agraf@suse.de>
  Alexey Kardashevskiy <aik@ozlabs.ru>
  Alistair Francis <alistair.francis@xilinx.com>
  Anthony PERARD <anthony.perard@citrix.com>
  Anton Nefedov <anton.nefedov@virtuozzo.com>
  Aurelien Jarno <aurelien@aurel32.net>
  Boqun Feng (Intel) <boqun.feng@gmail.com>
  Christian Borntraeger <borntraeger@de.ibm.com>
  Christian Borntraeger <borntraeger@de.ibm.com> for the s390 part.
  Claudio Imbrenda <imbrenda@linux.vnet.ibm.com>
  Cornelia Huck <cohuck@redhat.com>
  Cornelia Huck <cornelia.huck@de.ibm.com>
  Cédric Le Goater <clg@kaod.org>
  Daniel Barboza <danielhb@linux.vnet.ibm.com>
  Daniel Henrique Barboza <danielhb@linux.vnet.ibm.com>
  Daniel P. Berrange <berrange@redhat.com>
  Daniel Rempel <daniel@daynix.com>
  David Gibson <david@gibson.dropbear.id.au>
  David Hildenbrand <david@redhat.com>
  Denis V. Lunev <den@openvz.org>
  Dr. David Alan Gilbert <dgilbert@redhat.com>
  Edgar E. Iglesias <edgar.iglesias@xilinx.com>
  Eduardo Habkost <ehabkost@redhat.com>
  Emilio G. Cota <cota@braap.org>
  Eric Blake <eblake@redhat.com>
  Fam Zheng <famz@redhat.com>
  Fan Zhang <zhangfan@linux.vnet.ibm.com>
  Farhan Ali <alifm@linux.vnet.ibm.com>
  Fei Li <sherrylf@linux.vnet.ibm.com>
  Gerd Hoffmann <kraxel@gmail.com>
  Gerd Hoffmann <kraxel@redhat.com>
  Greg Kurz <groug@kaod.org>
  Halil Pasic <pasic@linux.vnet.ibm.com>
  Hervé Poussineau <hpoussin@reactos.org>
  Igor Druzhinin <igor.druzhinin@citrix.com>
  Igor Mammedov <imammedo@redhat.com>
  James Hogan <james.hogan@imgtec.com>
  Janosch Frank <frankja@linux.vnet.ibm.com>
  Jaroslaw Pelczar <j.pelczar@samsung.com>
  Jason J. Herne <jjherne@linux.vnet.ibm.com>
  Jason Wang <jasowang@redhat.com>
  Jeff Cody <jcody@redhat.com>
  Jiang Biao <jiang.biao2@zte.com.cn>
  Joel Stanley <joel@jms.id.au>
  John Snow <jsnow@redhat.com>
  Juan Quintela <quintela@redhat.com>
  Kamil Rytarowski <n54@gmx.com>
  Kashyap Chamarthy <kchamart@redhat.com>
  Kevin Wolf <kwolf@redhat.com>
  Khem Raj <raj.khem@gmail.com>
  Krzysztof Kozlowski <krzk@kernel.org>
  Laurent Vivier <laurent@vivier.eu>
  Laurent Vivier <lvivier@redhat.com>
  Li Ping <li.ping288@zte.com.cn>
  Lluís Vilanova <vilanova@ac.upc.edu>
  Longpeng(Mike) <longpeng2@huawei.com>
  Manos Pitsidianakis <el13635@mail.ntua.gr>
  Mao Zhongyi <maozy.fnst@cn.fujitsu.com>
  Marc-André Lureau <marcandre.lureau@redhat.com>
  Marc-André Lureau <marcandre.lureau@redhat.com>
  Marcel Apfelbaum <marcel@redhat.com>
  Mark Cave-Ayland <mark.cave-ayland@ilande.co.uk>
  Markus Armbruster <armbru@redhat.com>
  Max Filippov <jcmvbkbc@gmail.com>
  Max Reitz <mreitz@redhat.com>
  Michael Roth <mdroth@linux.vnet.ibm.com>
  Michael S. Tsirkin <mst@redhat.com>
  Michael Tokarev <mjt@tls.msk.ru>
  Michal Privoznik <mprivozn@redhat.com>
  Miodrag Dinic <miodrag.dinic@imgtec.com>
  Paolo Bonzini <pbonzini@redhat.com>
  Paul Durrant <paul.durrant@citrix.com>
  Pavel Dovgalyuk <pavel.dovgaluk@ispras.ru>
  Peng Hao <peng.hao2@zte.com.cn>
  Peter Maydell <peter.maydell@linaro.org>
  Peter Xu <peterx@redhat.com>
  Philippe Mathieu-Daudé <f4bug@amsat.org>
  Pranith Kumar <bobby.prani@gmail.com>
  Prasad J Pandit <pjp@fedoraproject.org>
  Richard Henderson <rth@twiddle.net>
  Sameeh Jubran <sjubran@redhat.com>
  Samuel Thibault <samuel.thibault@ens-lyon.org>
  sochin.jiang <sochin.jiang@huawei.com>
  Stefan Hajnoczi <stefanha@redhat.com>
  Stefano Stabellini <sstabellini@kernel.org>
  Thomas Huth <thuth@redhat.com>
  Thomas Lamprecht <t.lamprecht@proxmox.com>
  Tomáš Golembiovský <tgolembi@redhat.com>
  Viktor Mihajlovski <mihajlov@linux.vnet.ibm.com>
  Vinzenz Feenstra <vfeenstr@redhat.com>
  Vladimir Sementsov-Ogievskiy <vsementsov@virtuozzo.com>
  Wang Yechao <wang.yechao255@zte.com.cn>
  wanghaibin <wanghaibin.wang@huawei.com>
  Xiong Zhang <xiong.y.zhang@intel.com>
  Yi Min Zhao <zyimin@linux.vnet.ibm.com>
  Yongbok Kim <yongbok.kim@imgtec.com>
  Zhang Chen <zhangchen.fnst@cn.fujitsu.com>

jobs:
 build-amd64-xsm                                              pass    
 build-arm64-xsm                                              pass    
 build-armhf-xsm                                              fail    
 build-i386-xsm                                               fail    
 build-amd64                                                  pass    
 build-arm64                                                  pass    
 build-armhf                                                  fail    
 build-i386                                                   fail    
 build-amd64-libvirt                                          pass    
 build-arm64-libvirt                                          pass    
 build-armhf-libvirt                                          blocked 
 build-i386-libvirt                                           blocked 
 build-amd64-pvops                                            pass    
 build-arm64-pvops                                            pass    
 build-armhf-pvops                                            pass    
 build-i386-pvops                                             pass    
 test-amd64-amd64-xl                                          pass    
 test-arm64-arm64-xl                                          pass    
 test-armhf-armhf-xl                                          blocked 
 test-amd64-i386-xl                                           blocked 
 test-amd64-amd64-libvirt-qemuu-debianhvm-amd64-xsm           pass    
 test-amd64-i386-libvirt-qemuu-debianhvm-amd64-xsm            blocked 
 test-amd64-amd64-xl-qemuu-debianhvm-amd64-xsm                pass    
 test-amd64-i386-xl-qemuu-debianhvm-amd64-xsm                 blocked 
 test-amd64-amd64-libvirt-xsm                                 pass    
 test-arm64-arm64-libvirt-xsm                                 pass    
 test-armhf-armhf-libvirt-xsm                                 blocked 
 test-amd64-i386-libvirt-xsm                                  blocked 
 test-amd64-amd64-xl-xsm                                      pass    
 test-arm64-arm64-xl-xsm                                      pass    
 test-armhf-armhf-xl-xsm                                      blocked 
 test-amd64-i386-xl-xsm                                       blocked 
 test-amd64-amd64-qemuu-nested-amd                            fail    
 test-amd64-amd64-xl-pvh-amd                                  pass    
 test-amd64-i386-qemuu-rhel6hvm-amd                           blocked 
 test-amd64-amd64-xl-qemuu-debianhvm-amd64                    pass    
 test-amd64-i386-xl-qemuu-debianhvm-amd64                     blocked 
 test-amd64-i386-freebsd10-amd64                              blocked 
 test-amd64-amd64-xl-qemuu-ovmf-amd64                         pass    
 test-amd64-i386-xl-qemuu-ovmf-amd64                          blocked 
 test-amd64-amd64-xl-qemuu-win7-amd64                         fail    
 test-amd64-i386-xl-qemuu-win7-amd64                          blocked 
 test-amd64-amd64-xl-qemuu-ws16-amd64                         fail    
 test-amd64-i386-xl-qemuu-ws16-amd64                          blocked 
 test-armhf-armhf-xl-arndale                                  blocked 
 test-amd64-amd64-xl-credit2                                  pass    
 test-arm64-arm64-xl-credit2                                  pass    
 test-armhf-armhf-xl-credit2                                  blocked 
 test-armhf-armhf-xl-cubietruck                               blocked 
 test-amd64-i386-freebsd10-i386                               blocked 
 test-amd64-amd64-xl-qemuu-win10-i386                         fail    
 test-amd64-i386-xl-qemuu-win10-i386                          blocked 
 test-amd64-amd64-qemuu-nested-intel                          pass    
 test-amd64-amd64-xl-pvh-intel                                pass    
 test-amd64-i386-qemuu-rhel6hvm-intel                         blocked 
 test-amd64-amd64-libvirt                                     pass    
 test-armhf-armhf-libvirt                                     blocked 
 test-amd64-i386-libvirt                                      blocked 
 test-amd64-amd64-xl-multivcpu                                pass    
 test-armhf-armhf-xl-multivcpu                                blocked 
 test-amd64-amd64-pair                                        pass    
 test-amd64-i386-pair                                         blocked 
 test-amd64-amd64-libvirt-pair                                pass    
 test-amd64-i386-libvirt-pair                                 blocked 
 test-amd64-amd64-amd64-pvgrub                                pass    
 test-amd64-amd64-i386-pvgrub                                 pass    
 test-amd64-amd64-pygrub                                      pass    
 test-amd64-amd64-xl-qcow2                                    pass    
 test-armhf-armhf-libvirt-raw                                 blocked 
 test-amd64-i386-xl-raw                                       blocked 
 test-amd64-amd64-xl-rtds                                     fail    
 test-armhf-armhf-xl-rtds                                     blocked 
 test-amd64-amd64-libvirt-vhd                                 pass    
 test-armhf-armhf-xl-vhd                                      blocked 


------------------------------------------------------------
sg-report-flight on osstest.test-lab.xenproject.org
logs: /home/logs/logs
images: /home/logs/images

Logs, config files, etc. are available at
    http://logs.test-lab.xenproject.org/osstest/logs

Explanation of these reports, and of osstest in general, is at
    http://xenbits.xen.org/gitweb/?p=osstest.git;a=blob;f=README.email;hb=master
    http://xenbits.xen.org/gitweb/?p=osstest.git;a=blob;f=README;hb=master

Test harness code can be found at
    http://xenbits.xen.org/gitweb?p=osstest.git;a=summary


Not pushing.

(No revision log; it would be 10944 lines long.)


[-- Attachment #2: Type: text/plain, Size: 127 bytes --]

_______________________________________________
Xen-devel mailing list
Xen-devel@lists.xen.org
https://lists.xen.org/xen-devel

                 reply	other threads:[~2017-07-22 17:40 UTC|newest]

Thread overview: [no followups] expand[flat|nested]  mbox.gz  Atom feed

Reply instructions:

You may reply publicly to this message via plain-text email
using any one of the following methods:

* Save the following mbox file, import it into your mail client,
  and reply-to-all from there: mbox

  Avoid top-posting and favor interleaved quoting:
  https://en.wikipedia.org/wiki/Posting_style#Interleaved_style

* Reply using the --to, --cc, and --in-reply-to
  switches of git-send-email(1):

  git send-email \
    --in-reply-to=osstest-112100-mainreport@xen.org \
    --to=osstest-admin@xenproject.org \
    --cc=xen-devel@lists.xensource.com \
    /path/to/YOUR_REPLY

  https://kernel.org/pub/software/scm/git/docs/git-send-email.html

* If your mail client supports setting the In-Reply-To header
  via mailto: links, try the mailto: link
Be sure your reply has a Subject: header at the top and a blank line before the message body.
This is a public inbox, see mirroring instructions
for how to clone and mirror all data and code used for this inbox;
as well as URLs for NNTP newsgroup(s).