From mboxrd@z Thu Jan 1 00:00:00 1970 From: osstest service owner Subject: [linux-3.18 test] 112102: tolerable FAIL - PUSHED Date: Sat, 22 Jul 2017 14:26:10 +0000 Message-ID: Mime-Version: 1.0 Content-Type: multipart/mixed; boundary="===============4888674961554131259==" Return-path: List-Unsubscribe: , List-Post: List-Help: List-Subscribe: , Errors-To: xen-devel-bounces@lists.xen.org Sender: "Xen-devel" To: xen-devel@lists.xensource.com, osstest-admin@xenproject.org List-Id: xen-devel@lists.xenproject.org --===============4888674961554131259== Content-Type: text/plain flight 112102 linux-3.18 real [real] http://logs.test-lab.xenproject.org/osstest/logs/112102/ Failures :-/ but no regressions. Tests which are failing intermittently (not blocking): test-armhf-armhf-xl-arndale 4 host-install(4) broken in 112085 pass in 112102 test-armhf-armhf-libvirt-raw 7 xen-boot fail in 112085 pass in 112102 test-amd64-i386-xl-qemuu-debianhvm-amd64 16 guest-localmigrate/x10 fail in 112085 pass in 112102 test-amd64-amd64-rumprun-amd64 17 rumprun-demo-xenstorels/xenstorels.repeat fail pass in 112085 test-amd64-i386-qemut-rhel6hvm-intel 12 guest-start/redhat.repeat fail pass in 112085 Tests which did not succeed, but are not blocking: test-arm64-arm64-libvirt-xsm 1 build-check(1) blocked n/a test-arm64-arm64-xl 1 build-check(1) blocked n/a test-arm64-arm64-examine 1 build-check(1) blocked n/a test-arm64-arm64-xl-credit2 1 build-check(1) blocked n/a test-arm64-arm64-xl-xsm 1 build-check(1) blocked n/a test-amd64-amd64-xl-qemut-win7-amd64 17 guest-stop fail in 112085 like 111893 test-amd64-i386-freebsd10-amd64 19 guest-start/freebsd.repeat fail in 112085 like 111920 test-amd64-i386-xl-qemuu-win7-amd64 17 guest-stop fail in 112085 like 111920 test-amd64-i386-xl-qemuu-win7-amd64 16 guest-localmigrate/x10 fail like 111867 test-amd64-amd64-xl-qemuu-win7-amd64 16 guest-localmigrate/x10 fail like 111893 test-amd64-i386-xl-qemut-win7-amd64 16 guest-localmigrate/x10 fail like 111893 test-armhf-armhf-libvirt-xsm 14 saverestore-support-check fail like 111920 test-armhf-armhf-libvirt-raw 13 saverestore-support-check fail like 111920 test-armhf-armhf-libvirt 14 saverestore-support-check fail like 111920 test-amd64-amd64-xl-qemut-win7-amd64 16 guest-localmigrate/x10 fail like 111920 test-amd64-amd64-xl-rtds 10 debian-install fail like 111920 test-amd64-i386-libvirt 13 migrate-support-check fail never pass test-amd64-i386-libvirt-xsm 13 migrate-support-check fail never pass test-amd64-amd64-xl-qemuu-ws16-amd64 10 windows-install fail never pass test-amd64-amd64-libvirt 13 migrate-support-check fail never pass test-amd64-amd64-libvirt-xsm 13 migrate-support-check fail never pass test-amd64-i386-libvirt-qemuu-debianhvm-amd64-xsm 11 migrate-support-check fail never pass test-amd64-i386-xl-qemuu-ws16-amd64 13 guest-saverestore fail never pass test-amd64-amd64-libvirt-vhd 12 migrate-support-check fail never pass test-amd64-amd64-qemuu-nested-amd 17 debian-hvm-install/l1/l2 fail never pass test-amd64-i386-xl-qemut-ws16-amd64 13 guest-saverestore fail never pass build-arm64-pvops 6 kernel-build fail never pass test-armhf-armhf-xl 13 migrate-support-check fail never pass test-armhf-armhf-xl-xsm 13 migrate-support-check fail never pass test-armhf-armhf-xl-xsm 14 saverestore-support-check fail never pass test-armhf-armhf-xl 14 saverestore-support-check fail never pass test-armhf-armhf-xl-cubietruck 13 migrate-support-check fail never pass test-armhf-armhf-xl-cubietruck 14 saverestore-support-check fail never pass test-armhf-armhf-xl-multivcpu 13 migrate-support-check fail never pass test-armhf-armhf-xl-multivcpu 14 saverestore-support-check fail never pass test-armhf-armhf-libvirt-xsm 13 migrate-support-check fail never pass test-amd64-amd64-xl-qemut-ws16-amd64 10 windows-install fail never pass test-armhf-armhf-xl-rtds 13 migrate-support-check fail never pass test-armhf-armhf-xl-rtds 14 saverestore-support-check fail never pass test-amd64-amd64-libvirt-qemuu-debianhvm-amd64-xsm 11 migrate-support-check fail never pass test-armhf-armhf-libvirt-raw 12 migrate-support-check fail never pass test-armhf-armhf-xl-arndale 13 migrate-support-check fail never pass test-armhf-armhf-xl-arndale 14 saverestore-support-check fail never pass test-armhf-armhf-xl-credit2 13 migrate-support-check fail never pass test-armhf-armhf-xl-credit2 14 saverestore-support-check fail never pass test-armhf-armhf-libvirt 13 migrate-support-check fail never pass test-armhf-armhf-xl-vhd 12 migrate-support-check fail never pass test-armhf-armhf-xl-vhd 13 saverestore-support-check fail never pass test-amd64-amd64-xl-qemut-win10-i386 10 windows-install fail never pass test-amd64-i386-xl-qemuu-win10-i386 10 windows-install fail never pass test-amd64-amd64-xl-qemuu-win10-i386 10 windows-install fail never pass test-amd64-i386-xl-qemut-win10-i386 10 windows-install fail never pass version targeted for testing: linux dd8b674caeef9381345a6369fba29d425ff433f3 baseline version: linux 4d29e8c0e9319ce9d391c57d3133306c05b6cef5 Last test of basis 111920 2017-07-17 06:21:48 Z 5 days Testing same since 112085 2017-07-21 06:22:28 Z 1 days 2 attempts ------------------------------------------------------------ People who touched revisions under test: Adam Borowski Amit Pundir Andrew Morton Andrey Konovalov Arend van Spriel Ben Hutchings Cong Wang Cyril Bur Dan Carpenter David Ahern David S. Miller Eric Biggers Eric Dumazet Gilad Ben-Yossef Greg Kroah-Hartman Helge Deller Herbert Xu Horia Geantă Ingo Molnar Joe Perches Johannes Berg Jouni Malinen Kees Cook Lauro Ramos Venancio Linus Torvalds Marc Zyngier Marcin Nowakowski Martin Hicks Pavankumar Kondeti Pavel Machek Peter Zijlstra (Intel) Peter Zijlstra Rafael J. Wysocki Sabrina Dubroca Sahitya Tummala Sasha Levin Srinivas Dasari Steven Rostedt Suzuki K Poulose Thomas Bogendoerfer Vladimir Davydov WANG Cong jobs: build-amd64-xsm pass build-arm64-xsm pass build-armhf-xsm pass build-i386-xsm pass build-amd64 pass build-arm64 pass build-armhf pass build-i386 pass build-amd64-libvirt pass build-arm64-libvirt pass build-armhf-libvirt pass build-i386-libvirt pass build-amd64-pvops pass build-arm64-pvops fail build-armhf-pvops pass build-i386-pvops pass build-amd64-rumprun pass build-i386-rumprun pass test-amd64-amd64-xl pass test-arm64-arm64-xl blocked test-armhf-armhf-xl pass test-amd64-i386-xl pass test-amd64-amd64-xl-qemut-debianhvm-amd64-xsm pass test-amd64-i386-xl-qemut-debianhvm-amd64-xsm pass test-amd64-amd64-libvirt-qemuu-debianhvm-amd64-xsm pass test-amd64-i386-libvirt-qemuu-debianhvm-amd64-xsm pass test-amd64-amd64-xl-qemuu-debianhvm-amd64-xsm pass test-amd64-i386-xl-qemuu-debianhvm-amd64-xsm pass test-amd64-amd64-xl-qemut-stubdom-debianhvm-amd64-xsm pass test-amd64-i386-xl-qemut-stubdom-debianhvm-amd64-xsm pass test-amd64-amd64-libvirt-xsm pass test-arm64-arm64-libvirt-xsm blocked test-armhf-armhf-libvirt-xsm pass test-amd64-i386-libvirt-xsm pass test-amd64-amd64-xl-xsm pass test-arm64-arm64-xl-xsm blocked test-armhf-armhf-xl-xsm pass test-amd64-i386-xl-xsm pass test-amd64-amd64-qemuu-nested-amd fail test-amd64-amd64-xl-pvh-amd pass test-amd64-i386-qemut-rhel6hvm-amd pass test-amd64-i386-qemuu-rhel6hvm-amd pass test-amd64-amd64-xl-qemut-debianhvm-amd64 pass test-amd64-i386-xl-qemut-debianhvm-amd64 pass test-amd64-amd64-xl-qemuu-debianhvm-amd64 pass test-amd64-i386-xl-qemuu-debianhvm-amd64 pass test-amd64-i386-freebsd10-amd64 pass test-amd64-amd64-xl-qemuu-ovmf-amd64 pass test-amd64-i386-xl-qemuu-ovmf-amd64 pass test-amd64-amd64-rumprun-amd64 fail test-amd64-amd64-xl-qemut-win7-amd64 fail test-amd64-i386-xl-qemut-win7-amd64 fail test-amd64-amd64-xl-qemuu-win7-amd64 fail test-amd64-i386-xl-qemuu-win7-amd64 fail test-amd64-amd64-xl-qemut-ws16-amd64 fail test-amd64-i386-xl-qemut-ws16-amd64 fail test-amd64-amd64-xl-qemuu-ws16-amd64 fail test-amd64-i386-xl-qemuu-ws16-amd64 fail test-armhf-armhf-xl-arndale pass test-amd64-amd64-xl-credit2 pass test-arm64-arm64-xl-credit2 blocked test-armhf-armhf-xl-credit2 pass test-armhf-armhf-xl-cubietruck pass test-amd64-amd64-examine pass test-arm64-arm64-examine blocked test-armhf-armhf-examine pass test-amd64-i386-examine pass test-amd64-i386-freebsd10-i386 pass test-amd64-i386-rumprun-i386 pass test-amd64-amd64-xl-qemut-win10-i386 fail test-amd64-i386-xl-qemut-win10-i386 fail test-amd64-amd64-xl-qemuu-win10-i386 fail test-amd64-i386-xl-qemuu-win10-i386 fail test-amd64-amd64-qemuu-nested-intel pass test-amd64-amd64-xl-pvh-intel pass test-amd64-i386-qemut-rhel6hvm-intel fail test-amd64-i386-qemuu-rhel6hvm-intel pass test-amd64-amd64-libvirt pass test-armhf-armhf-libvirt pass test-amd64-i386-libvirt pass test-amd64-amd64-xl-multivcpu pass test-armhf-armhf-xl-multivcpu pass test-amd64-amd64-pair pass test-amd64-i386-pair pass test-amd64-amd64-libvirt-pair pass test-amd64-i386-libvirt-pair pass test-amd64-amd64-amd64-pvgrub pass test-amd64-amd64-i386-pvgrub pass test-amd64-amd64-pygrub pass test-amd64-amd64-xl-qcow2 pass test-armhf-armhf-libvirt-raw pass test-amd64-i386-xl-raw pass test-amd64-amd64-xl-rtds fail test-armhf-armhf-xl-rtds pass test-amd64-amd64-libvirt-vhd pass test-armhf-armhf-xl-vhd pass ------------------------------------------------------------ sg-report-flight on osstest.test-lab.xenproject.org logs: /home/logs/logs images: /home/logs/images Logs, config files, etc. are available at http://logs.test-lab.xenproject.org/osstest/logs Explanation of these reports, and of osstest in general, is at http://xenbits.xen.org/gitweb/?p=osstest.git;a=blob;f=README.email;hb=master http://xenbits.xen.org/gitweb/?p=osstest.git;a=blob;f=README;hb=master Test harness code can be found at http://xenbits.xen.org/gitweb?p=osstest.git;a=summary Pushing revision : + branch=linux-3.18 + revision=dd8b674caeef9381345a6369fba29d425ff433f3 + . ./cri-lock-repos ++ . ./cri-common +++ . ./cri-getconfig +++ umask 002 +++ getrepos ++++ getconfig Repos ++++ perl -e ' use Osstest; readglobalconfig(); print $c{"Repos"} or die $!; ' +++ local repos=/home/osstest/repos +++ '[' -z /home/osstest/repos ']' +++ '[' '!' -d /home/osstest/repos ']' +++ echo /home/osstest/repos ++ repos=/home/osstest/repos ++ repos_lock=/home/osstest/repos/lock ++ '[' x '!=' x/home/osstest/repos/lock ']' ++ OSSTEST_REPOS_LOCK_LOCKED=/home/osstest/repos/lock ++ exec with-lock-ex -w /home/osstest/repos/lock ./ap-push linux-3.18 dd8b674caeef9381345a6369fba29d425ff433f3 + branch=linux-3.18 + revision=dd8b674caeef9381345a6369fba29d425ff433f3 + . ./cri-lock-repos ++ . ./cri-common +++ . ./cri-getconfig +++ umask 002 +++ getrepos ++++ getconfig Repos ++++ perl -e ' use Osstest; readglobalconfig(); print $c{"Repos"} or die $!; ' +++ local repos=/home/osstest/repos +++ '[' -z /home/osstest/repos ']' +++ '[' '!' -d /home/osstest/repos ']' +++ echo /home/osstest/repos ++ repos=/home/osstest/repos ++ repos_lock=/home/osstest/repos/lock ++ '[' x/home/osstest/repos/lock '!=' x/home/osstest/repos/lock ']' + . ./cri-common ++ . ./cri-getconfig ++ umask 002 + select_xenbranch + case "$branch" in + tree=linux + xenbranch=xen-unstable + '[' xlinux = xlinux ']' + linuxbranch=linux-3.18 + '[' x = x ']' + qemuubranch=qemu-upstream-unstable + select_prevxenbranch ++ ./cri-getprevxenbranch xen-unstable + prevxenbranch=xen-4.9-testing + '[' xdd8b674caeef9381345a6369fba29d425ff433f3 = x ']' + : tested/2.6.39.x + . ./ap-common ++ : osstest@xenbits.xen.org +++ getconfig OsstestUpstream +++ perl -e ' use Osstest; readglobalconfig(); print $c{"OsstestUpstream"} or die $!; ' ++ : ++ : git://xenbits.xen.org/xen.git ++ : osstest@xenbits.xen.org:/home/xen/git/xen.git ++ : git://xenbits.xen.org/qemu-xen-traditional.git ++ : git://git.kernel.org ++ : git://git.kernel.org/pub/scm/linux/kernel/git ++ : git ++ : git://xenbits.xen.org/xtf.git ++ : osstest@xenbits.xen.org:/home/xen/git/xtf.git ++ : git://xenbits.xen.org/xtf.git ++ : git://xenbits.xen.org/libvirt.git ++ : osstest@xenbits.xen.org:/home/xen/git/libvirt.git ++ : git://xenbits.xen.org/libvirt.git ++ : git://xenbits.xen.org/osstest/rumprun.git ++ : git ++ : git://xenbits.xen.org/osstest/rumprun.git ++ : osstest@xenbits.xen.org:/home/xen/git/osstest/rumprun.git ++ : git://git.seabios.org/seabios.git ++ : osstest@xenbits.xen.org:/home/xen/git/osstest/seabios.git ++ : git://xenbits.xen.org/osstest/seabios.git ++ : https://github.com/tianocore/edk2.git ++ : osstest@xenbits.xen.org:/home/xen/git/osstest/ovmf.git ++ : git://xenbits.xen.org/osstest/ovmf.git ++ : git://xenbits.xen.org/osstest/linux-firmware.git ++ : osstest@xenbits.xen.org:/home/osstest/ext/linux-firmware.git ++ : git://git.kernel.org/pub/scm/linux/kernel/git/firmware/linux-firmware.git ++ : osstest@xenbits.xen.org:/home/xen/git/linux-pvops.git ++ : git://xenbits.xen.org/linux-pvops.git ++ : tested/linux-4.9 ++ : tested/linux-arm-xen ++ '[' xgit://git.kernel.org/pub/scm/linux/kernel/git/stable/linux-stable.git = x ']' ++ '[' xgit://git.kernel.org/pub/scm/linux/kernel/git/stable/linux-stable.git = x ']' ++ : git://git.kernel.org/pub/scm/linux/kernel/git/konrad/xen.git ++ : tested/2.6.39.x ++ : daily-cron.linux-3.18 ++ : daily-cron.linux-3.18 ++ : daily-cron.linux-3.18 ++ : daily-cron.linux-3.18 ++ : daily-cron.linux-3.18 ++ : daily-cron.linux-3.18 ++ : daily-cron.linux-3.18 ++ : http://hg.uk.xensource.com/carbon/trunk/linux-2.6.27 ++ : git://xenbits.xen.org/qemu-xen.git ++ : osstest@xenbits.xen.org:/home/xen/git/qemu-xen.git ++ : daily-cron.linux-3.18 ++ : git://xenbits.xen.org/qemu-xen.git ++ : git://git.qemu.org/qemu.git + TREE_LINUX=osstest@xenbits.xen.org:/home/xen/git/linux-pvops.git + TREE_QEMU_UPSTREAM=osstest@xenbits.xen.org:/home/xen/git/qemu-xen.git + TREE_XEN=osstest@xenbits.xen.org:/home/xen/git/xen.git + TREE_LIBVIRT=osstest@xenbits.xen.org:/home/xen/git/libvirt.git + TREE_RUMPRUN=osstest@xenbits.xen.org:/home/xen/git/osstest/rumprun.git + TREE_SEABIOS=osstest@xenbits.xen.org:/home/xen/git/osstest/seabios.git + TREE_OVMF=osstest@xenbits.xen.org:/home/xen/git/osstest/ovmf.git + TREE_XTF=osstest@xenbits.xen.org:/home/xen/git/xtf.git + info_linux_tree linux-3.18 + case $1 in + : git://git.kernel.org/pub/scm/linux/kernel/git/stable/linux-stable.git + : linux-3.18.y + : linux-3.18.y + : git + : git + : git://xenbits.xen.org/linux-pvops.git + : osstest@xenbits.xen.org:/home/xen/git/linux-pvops.git + : tested/linux-3.18 + : refs/heads/tested/linux-3.18 + return 0 + cd /home/osstest/repos/linux + git push osstest@xenbits.xen.org:/home/xen/git/linux-pvops.git dd8b674caeef9381345a6369fba29d425ff433f3:refs/heads/tested/linux-3.18 To osstest@xenbits.xen.org:/home/xen/git/linux-pvops.git 4d29e8c..dd8b674 dd8b674caeef9381345a6369fba29d425ff433f3 -> tested/linux-3.18 + exit 0 --===============4888674961554131259== Content-Type: text/plain; charset="utf-8" MIME-Version: 1.0 Content-Transfer-Encoding: base64 Content-Disposition: inline X19fX19fX19fX19fX19fX19fX19fX19fX19fX19fX19fX19fX19fX19fX19fX18KWGVuLWRldmVs IG1haWxpbmcgbGlzdApYZW4tZGV2ZWxAbGlzdHMueGVuLm9yZwpodHRwczovL2xpc3RzLnhlbi5v cmcveGVuLWRldmVsCg== --===============4888674961554131259==--