From mboxrd@z Thu Jan 1 00:00:00 1970 From: osstest service owner Subject: [qemu-mainline test] 112327: regressions - trouble: blocked/broken/fail/pass Date: Thu, 27 Jul 2017 01:53:45 +0000 Message-ID: Mime-Version: 1.0 Content-Type: multipart/mixed; boundary="===============4918891576264742624==" Return-path: List-Unsubscribe: , List-Post: List-Help: List-Subscribe: , Errors-To: xen-devel-bounces@lists.xen.org Sender: "Xen-devel" To: xen-devel@lists.xensource.com, osstest-admin@xenproject.org List-Id: xen-devel@lists.xenproject.org --===============4918891576264742624== Content-Type: text/plain flight 112327 qemu-mainline real [real] http://logs.test-lab.xenproject.org/osstest/logs/112327/ Regressions :-( Tests which did not succeed and are blocking, including tests which could not be run: build-arm64-xsm 4 host-install(4) broken REGR. vs. 111765 build-arm64 4 host-install(4) broken REGR. vs. 111765 build-arm64-pvops 4 host-install(4) broken REGR. vs. 111765 test-amd64-i386-xl-qemuu-win7-amd64 10 windows-install fail REGR. vs. 111765 test-amd64-i386-xl-qemuu-ws16-amd64 10 windows-install fail REGR. vs. 111765 test-amd64-amd64-xl-qemuu-win7-amd64 10 windows-install fail REGR. vs. 111765 Tests which did not succeed, but are not blocking: test-arm64-arm64-libvirt-xsm 1 build-check(1) blocked n/a test-arm64-arm64-xl 1 build-check(1) blocked n/a build-arm64-libvirt 1 build-check(1) blocked n/a test-arm64-arm64-xl-credit2 1 build-check(1) blocked n/a test-arm64-arm64-xl-xsm 1 build-check(1) blocked n/a test-armhf-armhf-libvirt 14 saverestore-support-check fail like 111765 test-armhf-armhf-libvirt-xsm 14 saverestore-support-check fail like 111765 test-armhf-armhf-xl-rtds 16 guest-start/debian.repeat fail like 111765 test-armhf-armhf-libvirt-raw 13 saverestore-support-check fail like 111765 test-amd64-amd64-xl-rtds 10 debian-install fail like 111765 test-amd64-amd64-xl-qemuu-ws16-amd64 10 windows-install fail never pass test-amd64-i386-libvirt 13 migrate-support-check fail never pass test-amd64-amd64-libvirt 13 migrate-support-check fail never pass test-amd64-i386-libvirt-xsm 13 migrate-support-check fail never pass test-amd64-amd64-libvirt-xsm 13 migrate-support-check fail never pass test-amd64-amd64-libvirt-qemuu-debianhvm-amd64-xsm 11 migrate-support-check fail never pass test-amd64-amd64-qemuu-nested-amd 17 debian-hvm-install/l1/l2 fail never pass test-amd64-amd64-libvirt-vhd 12 migrate-support-check fail never pass test-armhf-armhf-xl-multivcpu 13 migrate-support-check fail never pass test-armhf-armhf-libvirt 13 migrate-support-check fail never pass test-armhf-armhf-xl-multivcpu 14 saverestore-support-check fail never pass test-armhf-armhf-libvirt-xsm 13 migrate-support-check fail never pass test-armhf-armhf-xl-credit2 13 migrate-support-check fail never pass test-armhf-armhf-xl-credit2 14 saverestore-support-check fail never pass test-armhf-armhf-xl-rtds 13 migrate-support-check fail never pass test-armhf-armhf-xl-rtds 14 saverestore-support-check fail never pass test-armhf-armhf-xl-vhd 12 migrate-support-check fail never pass test-armhf-armhf-xl-vhd 13 saverestore-support-check fail never pass test-amd64-i386-libvirt-qemuu-debianhvm-amd64-xsm 11 migrate-support-check fail never pass test-armhf-armhf-xl-xsm 13 migrate-support-check fail never pass test-armhf-armhf-xl-xsm 14 saverestore-support-check fail never pass test-armhf-armhf-xl 13 migrate-support-check fail never pass test-armhf-armhf-xl 14 saverestore-support-check fail never pass test-armhf-armhf-xl-arndale 13 migrate-support-check fail never pass test-armhf-armhf-xl-arndale 14 saverestore-support-check fail never pass test-armhf-armhf-libvirt-raw 12 migrate-support-check fail never pass test-amd64-i386-xl-qemuu-win10-i386 10 windows-install fail never pass test-amd64-amd64-xl-qemuu-win10-i386 10 windows-install fail never pass test-armhf-armhf-xl-cubietruck 13 migrate-support-check fail never pass test-armhf-armhf-xl-cubietruck 14 saverestore-support-check fail never pass version targeted for testing: qemuu 522fd24ca030c27c591dafedd65c1dfd51e40450 baseline version: qemuu 31fe1c414501047cbb91b695bdccc0068496dcf6 Last test of basis 111765 2017-07-13 10:20:16 Z 13 days Failing since 111790 2017-07-14 04:20:46 Z 12 days 18 attempts Testing same since 112308 2017-07-26 02:58:14 Z 0 days 2 attempts ------------------------------------------------------------ People who touched revisions under test: Alex Bennée Alex Williamson Alexander Graf Alexey G Alexey Gerasimenko Alexey Kardashevskiy Alistair Francis Anthony PERARD Anton Nefedov Aurelien Jarno Bharata B Rao Boqun Feng (Intel) Christian Borntraeger Christian Borntraeger for the s390 part. Claudio Imbrenda Cornelia Huck Cornelia Huck Cédric Le Goater Daniel Barboza Daniel Henrique Barboza Daniel P. Berrange Daniel Rempel David Gibson David Hildenbrand Denis V. Lunev Dong Jia Shi Dr. David Alan Gilbert Edgar E. Iglesias Eduardo Habkost Emilio G. Cota Eric Blake Fam Zheng Fan Zhang Farhan Ali Fei Li Gerd Hoffmann Gerd Hoffmann Greg Kurz Halil Pasic Hervé Poussineau Igor Druzhinin Igor Mammedov James Hogan Janosch Frank Jaroslaw Pelczar Jason J. Herne Jason Wang Jeff Cody Jiang Biao Jing Zhang Joel Stanley John Snow Juan Quintela Kamil Rytarowski Kashyap Chamarthy Kevin Wolf Khem Raj Krzysztof Kozlowski Laurent Vivier Laurent Vivier Li Ping Lluís Vilanova Longpeng(Mike) Manos Pitsidianakis Mao Zhongyi Marc-André Lureau Marc-André Lureau Marcel Apfelbaum Mark Cave-Ayland Markus Armbruster Max Filippov Max Reitz Michael Roth Michael S. Tsirkin Michael Tokarev Michal Privoznik Miodrag Dinic Paolo Bonzini Paul Durrant Pavel Dovgalyuk Peng Hao Peter Maydell Peter Xu Philippe Mathieu-Daudé Pranith Kumar Prasad J Pandit Richard Henderson Sameeh Jubran Samuel Thibault sochin.jiang Stefan Hajnoczi Stefano Stabellini Thomas Huth Thomas Lamprecht Tomáš Golembiovský Viktor Mihajlovski Vinzenz Feenstra Vladimir Sementsov-Ogievskiy Wang Yechao wanghaibin Xiong Zhang Yi Min Zhao Yongbok Kim Zhang Chen jobs: build-amd64-xsm pass build-arm64-xsm broken build-armhf-xsm pass build-i386-xsm pass build-amd64 pass build-arm64 broken build-armhf pass build-i386 pass build-amd64-libvirt pass build-arm64-libvirt blocked build-armhf-libvirt pass build-i386-libvirt pass build-amd64-pvops pass build-arm64-pvops broken build-armhf-pvops pass build-i386-pvops pass test-amd64-amd64-xl pass test-arm64-arm64-xl blocked test-armhf-armhf-xl pass test-amd64-i386-xl pass test-amd64-amd64-libvirt-qemuu-debianhvm-amd64-xsm pass test-amd64-i386-libvirt-qemuu-debianhvm-amd64-xsm pass test-amd64-amd64-xl-qemuu-debianhvm-amd64-xsm pass test-amd64-i386-xl-qemuu-debianhvm-amd64-xsm pass test-amd64-amd64-libvirt-xsm pass test-arm64-arm64-libvirt-xsm blocked test-armhf-armhf-libvirt-xsm pass test-amd64-i386-libvirt-xsm pass test-amd64-amd64-xl-xsm pass test-arm64-arm64-xl-xsm blocked test-armhf-armhf-xl-xsm pass test-amd64-i386-xl-xsm pass test-amd64-amd64-qemuu-nested-amd fail test-amd64-amd64-xl-pvh-amd pass test-amd64-i386-qemuu-rhel6hvm-amd pass test-amd64-amd64-xl-qemuu-debianhvm-amd64 pass test-amd64-i386-xl-qemuu-debianhvm-amd64 pass test-amd64-i386-freebsd10-amd64 pass test-amd64-amd64-xl-qemuu-ovmf-amd64 pass test-amd64-i386-xl-qemuu-ovmf-amd64 pass test-amd64-amd64-xl-qemuu-win7-amd64 fail test-amd64-i386-xl-qemuu-win7-amd64 fail test-amd64-amd64-xl-qemuu-ws16-amd64 fail test-amd64-i386-xl-qemuu-ws16-amd64 fail test-armhf-armhf-xl-arndale pass test-amd64-amd64-xl-credit2 pass test-arm64-arm64-xl-credit2 blocked test-armhf-armhf-xl-credit2 pass test-armhf-armhf-xl-cubietruck pass test-amd64-i386-freebsd10-i386 pass test-amd64-amd64-xl-qemuu-win10-i386 fail test-amd64-i386-xl-qemuu-win10-i386 fail test-amd64-amd64-qemuu-nested-intel pass test-amd64-amd64-xl-pvh-intel pass test-amd64-i386-qemuu-rhel6hvm-intel pass test-amd64-amd64-libvirt pass test-armhf-armhf-libvirt pass test-amd64-i386-libvirt pass test-amd64-amd64-xl-multivcpu pass test-armhf-armhf-xl-multivcpu pass test-amd64-amd64-pair pass test-amd64-i386-pair pass test-amd64-amd64-libvirt-pair pass test-amd64-i386-libvirt-pair pass test-amd64-amd64-amd64-pvgrub pass test-amd64-amd64-i386-pvgrub pass test-amd64-amd64-pygrub pass test-amd64-amd64-xl-qcow2 pass test-armhf-armhf-libvirt-raw pass test-amd64-i386-xl-raw pass test-amd64-amd64-xl-rtds fail test-armhf-armhf-xl-rtds fail test-amd64-amd64-libvirt-vhd pass test-armhf-armhf-xl-vhd pass ------------------------------------------------------------ sg-report-flight on osstest.test-lab.xenproject.org logs: /home/logs/logs images: /home/logs/images Logs, config files, etc. are available at http://logs.test-lab.xenproject.org/osstest/logs Explanation of these reports, and of osstest in general, is at http://xenbits.xen.org/gitweb/?p=osstest.git;a=blob;f=README.email;hb=master http://xenbits.xen.org/gitweb/?p=osstest.git;a=blob;f=README;hb=master Test harness code can be found at http://xenbits.xen.org/gitweb?p=osstest.git;a=summary broken-step build-arm64-xsm host-install(4) broken-step build-arm64 host-install(4) broken-step build-arm64-pvops host-install(4) Not pushing. (No revision log; it would be 12239 lines long.) --===============4918891576264742624== Content-Type: text/plain; charset="utf-8" MIME-Version: 1.0 Content-Transfer-Encoding: base64 Content-Disposition: inline X19fX19fX19fX19fX19fX19fX19fX19fX19fX19fX19fX19fX19fX19fX19fX18KWGVuLWRldmVs IG1haWxpbmcgbGlzdApYZW4tZGV2ZWxAbGlzdHMueGVuLm9yZwpodHRwczovL2xpc3RzLnhlbi5v cmcveGVuLWRldmVsCg== --===============4918891576264742624==--