From mboxrd@z Thu Jan 1 00:00:00 1970 From: osstest service owner Subject: [libvirt test] 112370: trouble: blocked/broken/pass Date: Sat, 29 Jul 2017 16:22:41 +0000 Message-ID: Mime-Version: 1.0 Content-Type: multipart/mixed; boundary="===============8935852244607530972==" Return-path: List-Unsubscribe: , List-Post: List-Help: List-Subscribe: , Errors-To: xen-devel-bounces@lists.xen.org Sender: "Xen-devel" To: xen-devel@lists.xensource.com, osstest-admin@xenproject.org List-Id: xen-devel@lists.xenproject.org --===============8935852244607530972== Content-Type: text/plain flight 112370 libvirt real [real] http://logs.test-lab.xenproject.org/osstest/logs/112370/ Failures and problems with tests :-( Tests which did not succeed and are blocking, including tests which could not be run: build-arm64-pvops 2 hosts-allocate broken REGR. vs. 112276 build-arm64-xsm 2 hosts-allocate broken REGR. vs. 112276 build-arm64 2 hosts-allocate broken REGR. vs. 112276 Tests which did not succeed, but are not blocking: test-arm64-arm64-libvirt-xsm 1 build-check(1) blocked n/a build-arm64-libvirt 1 build-check(1) blocked n/a test-arm64-arm64-libvirt-qcow2 1 build-check(1) blocked n/a test-arm64-arm64-libvirt 1 build-check(1) blocked n/a build-arm64 3 capture-logs broken blocked in 112276 build-arm64-xsm 3 capture-logs broken blocked in 112276 build-arm64-pvops 3 capture-logs broken blocked in 112276 test-armhf-armhf-libvirt 14 saverestore-support-check fail like 112276 test-armhf-armhf-libvirt-xsm 14 saverestore-support-check fail like 112276 test-armhf-armhf-libvirt-raw 13 saverestore-support-check fail like 112276 test-amd64-amd64-libvirt 13 migrate-support-check fail never pass test-amd64-i386-libvirt 13 migrate-support-check fail never pass test-amd64-amd64-libvirt-xsm 13 migrate-support-check fail never pass test-amd64-i386-libvirt-xsm 13 migrate-support-check fail never pass test-amd64-amd64-libvirt-qemuu-debianhvm-amd64-xsm 11 migrate-support-check fail never pass test-amd64-i386-libvirt-qemuu-debianhvm-amd64-xsm 11 migrate-support-check fail never pass test-amd64-amd64-libvirt-vhd 12 migrate-support-check fail never pass test-armhf-armhf-libvirt 13 migrate-support-check fail never pass test-armhf-armhf-libvirt-xsm 13 migrate-support-check fail never pass test-armhf-armhf-libvirt-raw 12 migrate-support-check fail never pass version targeted for testing: libvirt 772a6e36a5cbed4992315c4a8325947020f7ec70 baseline version: libvirt f7237d63e8f02f3689f9b63b413fae7d4221faa9 Last test of basis 112276 2017-07-25 04:21:09 Z 4 days Failing since 112310 2017-07-26 04:21:38 Z 3 days 4 attempts Testing same since 112370 2017-07-29 04:23:27 Z 0 days 1 attempts ------------------------------------------------------------ People who touched revisions under test: Andrea Bolognani Daniel P. Berrange Erik Skultety John Ferlan Ján Tomko Martin Kletzander Michal Privoznik Nitesh Konkar Nitesh Konkar Pavel Hrdina Peter Krempa Scott Garfinkle jobs: build-amd64-xsm pass build-arm64-xsm broken build-armhf-xsm pass build-i386-xsm pass build-amd64 pass build-arm64 broken build-armhf pass build-i386 pass build-amd64-libvirt pass build-arm64-libvirt blocked build-armhf-libvirt pass build-i386-libvirt pass build-amd64-pvops pass build-arm64-pvops broken build-armhf-pvops pass build-i386-pvops pass test-amd64-amd64-libvirt-qemuu-debianhvm-amd64-xsm pass test-amd64-i386-libvirt-qemuu-debianhvm-amd64-xsm pass test-amd64-amd64-libvirt-xsm pass test-arm64-arm64-libvirt-xsm blocked test-armhf-armhf-libvirt-xsm pass test-amd64-i386-libvirt-xsm pass test-amd64-amd64-libvirt pass test-arm64-arm64-libvirt blocked test-armhf-armhf-libvirt pass test-amd64-i386-libvirt pass test-amd64-amd64-libvirt-pair pass test-amd64-i386-libvirt-pair pass test-arm64-arm64-libvirt-qcow2 blocked test-armhf-armhf-libvirt-raw pass test-amd64-amd64-libvirt-vhd pass ------------------------------------------------------------ sg-report-flight on osstest.test-lab.xenproject.org logs: /home/logs/logs images: /home/logs/images Logs, config files, etc. are available at http://logs.test-lab.xenproject.org/osstest/logs Explanation of these reports, and of osstest in general, is at http://xenbits.xen.org/gitweb/?p=osstest.git;a=blob;f=README.email;hb=master http://xenbits.xen.org/gitweb/?p=osstest.git;a=blob;f=README;hb=master Test harness code can be found at http://xenbits.xen.org/gitweb?p=osstest.git;a=summary broken-step build-arm64-pvops hosts-allocate broken-step build-arm64-xsm hosts-allocate broken-step build-arm64 hosts-allocate broken-step build-arm64 capture-logs broken-step build-arm64-xsm capture-logs broken-step build-arm64-pvops capture-logs Not pushing. (No revision log; it would be 878 lines long.) --===============8935852244607530972== Content-Type: text/plain; charset="utf-8" MIME-Version: 1.0 Content-Transfer-Encoding: base64 Content-Disposition: inline X19fX19fX19fX19fX19fX19fX19fX19fX19fX19fX19fX19fX19fX19fX19fX18KWGVuLWRldmVs IG1haWxpbmcgbGlzdApYZW4tZGV2ZWxAbGlzdHMueGVuLm9yZwpodHRwczovL2xpc3RzLnhlbi5v cmcveGVuLWRldmVsCg== --===============8935852244607530972==--