xen-devel.lists.xenproject.org archive mirror
 help / color / mirror / Atom feed
* [linux-4.9 test] 112379: trouble: blocked/broken/fail/pass
@ 2017-07-30 20:29 osstest service owner
  0 siblings, 0 replies; only message in thread
From: osstest service owner @ 2017-07-30 20:29 UTC (permalink / raw)
  To: xen-devel, osstest-admin

[-- Attachment #1: Type: text/plain, Size: 19180 bytes --]

flight 112379 linux-4.9 real [real]
http://logs.test-lab.xenproject.org/osstest/logs/112379/

Failures and problems with tests :-(

Tests which did not succeed and are blocking,
including tests which could not be run:
 build-arm64-xsm               2 hosts-allocate         broken REGR. vs. 112193
 build-arm64-pvops             2 hosts-allocate         broken REGR. vs. 112193
 build-arm64                   2 hosts-allocate         broken REGR. vs. 112193

Tests which are failing intermittently (not blocking):
 test-amd64-i386-rumprun-i386 17 rumprun-demo-xenstorels/xenstorels.repeat fail pass in 112373
 test-armhf-armhf-xl-credit2  17 guest-start.2              fail pass in 112373

Tests which did not succeed, but are not blocking:
 test-arm64-arm64-libvirt-xsm  1 build-check(1)               blocked  n/a
 test-arm64-arm64-xl           1 build-check(1)               blocked  n/a
 build-arm64-libvirt           1 build-check(1)               blocked  n/a
 test-arm64-arm64-examine      1 build-check(1)               blocked  n/a
 test-arm64-arm64-xl-credit2   1 build-check(1)               blocked  n/a
 test-arm64-arm64-xl-xsm       1 build-check(1)               blocked  n/a
 build-arm64-pvops             3 capture-logs          broken blocked in 112193
 build-arm64                   3 capture-logs          broken blocked in 112193
 build-arm64-xsm               3 capture-logs                 broken never pass
 test-amd64-i386-xl-qemuu-win7-amd64 16 guest-localmigrate/x10 fail in 112373 like 112117
 test-armhf-armhf-xl-rtds 16 guest-start/debian.repeat fail in 112373 like 112193
 test-amd64-amd64-xl-qemuu-win7-amd64 17 guest-stop            fail like 112086
 test-amd64-amd64-xl-qemut-win7-amd64 16 guest-localmigrate/x10 fail like 112117
 test-amd64-i386-xl-qemut-win7-amd64 16 guest-localmigrate/x10 fail like 112193
 test-amd64-i386-xl-qemuu-win7-amd64 17 guest-stop             fail like 112193
 test-amd64-amd64-xl-rtds     10 debian-install               fail  like 112193
 test-amd64-amd64-libvirt     13 migrate-support-check        fail   never pass
 test-amd64-amd64-xl-qemuu-ws16-amd64 10 windows-install        fail never pass
 test-amd64-i386-libvirt-xsm  13 migrate-support-check        fail   never pass
 test-amd64-i386-libvirt      13 migrate-support-check        fail   never pass
 test-amd64-amd64-xl-qemut-ws16-amd64 10 windows-install        fail never pass
 test-amd64-amd64-libvirt-xsm 13 migrate-support-check        fail   never pass
 test-amd64-i386-libvirt-qemuu-debianhvm-amd64-xsm 11 migrate-support-check fail never pass
 test-armhf-armhf-xl-arndale  13 migrate-support-check        fail   never pass
 test-armhf-armhf-xl-arndale  14 saverestore-support-check    fail   never pass
 test-amd64-amd64-qemuu-nested-amd 17 debian-hvm-install/l1/l2  fail never pass
 test-amd64-amd64-libvirt-vhd 12 migrate-support-check        fail   never pass
 test-armhf-armhf-xl-rtds     13 migrate-support-check        fail   never pass
 test-armhf-armhf-xl-rtds     14 saverestore-support-check    fail   never pass
 test-armhf-armhf-xl-credit2  13 migrate-support-check        fail   never pass
 test-armhf-armhf-xl-credit2  14 saverestore-support-check    fail   never pass
 test-armhf-armhf-xl-xsm      13 migrate-support-check        fail   never pass
 test-armhf-armhf-xl-xsm      14 saverestore-support-check    fail   never pass
 test-armhf-armhf-libvirt-xsm 13 migrate-support-check        fail   never pass
 test-armhf-armhf-xl-cubietruck 13 migrate-support-check        fail never pass
 test-armhf-armhf-libvirt-xsm 14 saverestore-support-check    fail   never pass
 test-armhf-armhf-xl-cubietruck 14 saverestore-support-check    fail never pass
 test-armhf-armhf-libvirt     13 migrate-support-check        fail   never pass
 test-armhf-armhf-libvirt     14 saverestore-support-check    fail   never pass
 test-armhf-armhf-xl          13 migrate-support-check        fail   never pass
 test-armhf-armhf-xl          14 saverestore-support-check    fail   never pass
 test-armhf-armhf-xl-multivcpu 13 migrate-support-check        fail  never pass
 test-armhf-armhf-xl-multivcpu 14 saverestore-support-check    fail  never pass
 test-amd64-i386-xl-qemuu-ws16-amd64 13 guest-saverestore       fail never pass
 test-amd64-amd64-libvirt-qemuu-debianhvm-amd64-xsm 11 migrate-support-check fail never pass
 test-amd64-i386-xl-qemut-ws16-amd64 13 guest-saverestore       fail never pass
 test-armhf-armhf-libvirt-raw 12 migrate-support-check        fail   never pass
 test-armhf-armhf-libvirt-raw 13 saverestore-support-check    fail   never pass
 test-armhf-armhf-xl-vhd      12 migrate-support-check        fail   never pass
 test-armhf-armhf-xl-vhd      13 saverestore-support-check    fail   never pass
 test-amd64-i386-xl-qemut-win10-i386 10 windows-install         fail never pass
 test-amd64-amd64-xl-qemut-win10-i386 10 windows-install        fail never pass
 test-amd64-i386-xl-qemuu-win10-i386 10 windows-install         fail never pass
 test-amd64-amd64-xl-qemuu-win10-i386 10 windows-install        fail never pass

version targeted for testing:
 linux                efcfbfb1d8bf756d1b58fe215bf4e419d176435b
baseline version:
 linux                c03917de04aa68017a737e90ea01338d991eaff5

Last test of basis   112193  2017-07-23 01:49:45 Z    7 days
Testing same since   112350  2017-07-27 22:26:55 Z    2 days    4 attempts

------------------------------------------------------------
People who touched revisions under test:
  "Yan, Zheng" <zyan@redhat.com>
  Aaron Brown <aaron.f.brown@intel.com>
  Adrian Hunter <adrian.hunter@intel.com>
  Alan Stern <stern@rowland.harvard.edu>
  Alex Deucher <alexander.deucher@amd.com>
  Alex Williamson <alex.williamson@redhat.com>
  Amir Goldstein <amir73il@gmail.com>
  Andrea Righi <righi.andrea@gmail.com>
  Andrzej Pietrasiewicz <andrzej.p@samsung.com>
  Anna Schumaker <Anna.Schumaker@Netapp.com>
  Anton Blanchard <anton@samba.org>
  Arnaldo Carvalho de Melo <acme@redhat.com>
  Arnd Bergmann <arnd@arndb.de>
  Balbir Singh <bsingharora@gmail.com>
  Banajit Goswami <bgoswami@codeaurora.org>
  Bart Van Assche <bart.vanassche@sandisk.com>
  Benjamin Herrenschmidt <benh@kernel.crashing.org>
  Bjorn Andersson <bjorn.andersson@linaro.org>
  Bjorn Helgaas <bhelgaas@google.com>
  Chen Hong <chenhong3@huawei.com>
  Chen Yu <yu.c.chen@intel.com>
  Christian König <christian.koenig@amd.com>
  Christoph Hellwig <hch@lst.de>
  Chunyu Hu <chuhu@redhat.com>
  Colin Ian King <colin.king@canonical.com>
  Corey Minyard <cminyard@mvista.com>
  Damjan Georgievski <gdamjan@gmail.com>
  Dan Carpenter <dan.carpenter@oracle.com>
  Dan Williams <dan.j.williams@intel.com>
  Daniel Vetter <daniel.vetter@ffwll.ch>
  Darrick J. Wong <darrick.wong@oracle.com>
  David Sterba <dsterba@suse.com>
  Denis P. <theoriginal.skullburner@gmail.com>
  Devin Heitmueller <dheitmueller@kernellabs.com>
  Dmitry Torokhov <dmitry.torokhov@gmail.com>
  Doug Ledford <dledford@redhat.com>
  Douglas Miller <dougmill@linux.vnet.ibm.com>
  Eduardo Valentin <edubezval@gmail.com>
  Eric Auger <eric.auger@redhat.com>
  Ewan D. Milne <emilne@redhat.com>
  Felipe Balbi <felipe.balbi@linux.intel.com>
  Fernando Chaves <nanochaves@gmail.com>
  Giulio Genovese <giulio.genovese@gmail.com>
  Gjorgji Jankovski <j.gjorgji@gmail.com>
  Greg Hackmann <ghackmann@google.com>
  Greg Kroah-Hartman <gregkh@linuxfoundation.org>
  Guoqing Jiang <gqjiang@suse.com>
  Hans Verkuil <hans.verkuil@cisco.com>
  Herbert Xu <herbert@gondor.apana.org.au>
  Ian Abbott <abbotti@mev.co.uk>
  Ian Pilcher <arequipeno@gmail.com>
  Ilya Dryomov <idryomov@gmail.com>
  Imre Deak <imre.deak@intel.com>
  Ingo Molnar <mingo@kernel.org>
  Ismail, Mustafa <mustafa.ismail@intel.com>
  Jaegeuk Kim <jaegeuk@kernel.org>
  James Bottomley <jejb@linux.vnet.ibm.com>
  James Hogan <james.hogan@imgtec.com>
  James Simmons <jsimmons@infradead.org>
  Jan Kara <jack@suse.cz>
  Jason A. Donenfeld <Jason@zx2c4.com>
  Jeff Kirsher <jeffrey.t.kirsher@intel.com>
  Jeff Moyer <jmoyer@redhat.com>
  Jiahau Chang <jiahau@gmail.com>
  Jiahau Chang <Lars_chang@asmedia.com.tw>
  Jiang Yi <jiangyilism@gmail.com>
  Jin Qian <jinqian@android.com>
  Jin Yao <yao.jin@linux.intel.com>
  Jiri Olsa <jolsa@kernel.org>
  Johan Hovold <johan@kernel.org>
  John Brooks <john@fastquake.com>
  Juergen Gross <jgross@suse.com>
  Julian Anastasov <ja@ssi.bg>
  Kalle Valo <kvalo@codeaurora.org>
  Kalle Valo <kvalo@qca.qualcomm.com>
  Kees Cook <keescook@chromium.org>
  Konstantin Khlebnikov <khlebnikov@yandex-team.ru>
  Krzysztof Kozlowski <krzk@kernel.org>
  Kyle Huey <me@kylehuey.com>
  Laurence Oberman <loberman@redhat.com>
  Leon Romanovsky <leon@kernel.org>
  Leon Romanovsky <leonro@mellanox.com>
  Linus Torvalds <torvalds@linux-foundation.org>
  Lukasz Luba <lukasz.luba@arm.com>
  Lv Zheng <lv.zheng@intel.com>
  Maciej W. Rozycki <macro@imgtec.com>
  Maciej W. Rozycki <macro@linux-mips.org>
  Marcel Holtmann <marcel@holtmann.org>
  Marek Marczykowski-Górecki <marmarek@invisiblethingslab.com>
  Mario Kleiner <mario.kleiner.de@gmail.com>
  Mark Brown <broonie@kernel.org>
  Marta Rybczynska <marta.rybczynska@kalray.eu>
  Marta Rybczynska <mrybczyn@kalray.eu>
  Martin K. Petersen <martin.petersen@oracle.com>
  Martin Schwidefsky <schwidefsky@de.ibm.com>
  Mateusz Jurczyk <mjurczyk@google.com>
  Mathias Nyman <mathias.nyman@linux.intel.com>
  Matwey V Kornilov <matwey@sai.msu.ru>
  Maurizio Lombardi <mlombard@redhat.com>
  Mauro Carvalho Chehab <mchehab@s-opensource.com>
  Miaoqing Pan <miaoqing@codeaurora.org>
  Michael Ellerman <mpe@ellerman.id.au>
  Michael Gugino <michael.gugino.2@gmail.com>
  Mike Marciniszyn <mike.marciniszyn@intel.com>
  Mike Snitzer <snitzer@redhat.com>
  Miklos Szeredi <mszeredi@redhat.com>
  Mikulas Patocka <mpatocka@redhat.com>
  Moni Shoua <monis@mellanox.com>
  Mustafa Ismail <mustafa.ismail@intel.com>
  Naveen N. Rao <naveen.n.rao@linux.vnet.ibm.com>
  NeilBrown <neilb@suse.com>
  Nicholas Bellinger <nab@linux-iscsi.org>
  Nick Moriarty <nick.moriarty@york.ac.uk>
  Oliver Neukum <oneukum@suse.com>
  Oliver O'Halloran <oohall@gmail.com>
  Peter Chen <peter.chen@nxp.com>
  Peter Zijlstra <a.p.zijlstra@chello.nl>
  Prarit Bhargava <prarit@redhat.com>
  Rafael J. Wysocki <rafael.j.wysocki@intel.com>
  Ralf Baechle <ralf@linux-mips.org>
  Richard Weinberger <richard@nod.at>
  Rob Clark <robdclark@gmail.com>
  Rob Herring <robh@kernel.org>
  Samuel Ortiz <sameo@linux.intel.com>
  Satish Babu Patakokila <sbpata@codeaurora.org>
  Seunghun Han <kkamagui@gmail.com>
  Shaohua Li <shli@fb.com>
  Shawn Lin <shawn.lin@rock-chips.com>
  Simon Horman <horms@verge.net.au>
  Steffen Klassert <steffen.klassert@secunet.com>
  Stephen Boyd <stephen.boyd@linaro.org>
  Steven Rostedt (VMware) <rostedt@goodmis.org>
  Sudeep Holla <sudeep.holla@arm.com>
  Sudip Mukherjee <sudipm.mukherjee@gmail.com>
  Teddy Wang <teddy.wang@siliconmotion.com>
  thejoe@gmail.com
  Thomas Gleixner <tglx@linutronix.de>
  Tom St Denis <tom.stdenis@amd.com>
  Tomislav Ivek <tomislav.ivek@gmail.com>
  Tony Camuso <tcamuso@redhat.com>
  Toshi Kani <toshi.kani@hpe.com>
  Ulf Hansson <ulf.hansson@linaro.org>
  Vinod Koul <vinod.koul@intel.com>
  Viresh Kumar <viresh.kumar@linaro.org>
  Vishal Verma <vishal.l.verma@intel.com>
  Vladimir Neyelov <vladimirn@mellanox.com>
  Xiao Ni <xni@redhat.com>
  Yan, Zheng <zyan@redhat.com>
  Yao Jin <yao.jin@linux.intel.com>
  Yoshihiro Shimoda <yoshihiro.shimoda.uh@renesas.com>

jobs:
 build-amd64-xsm                                              pass    
 build-arm64-xsm                                              broken  
 build-armhf-xsm                                              pass    
 build-i386-xsm                                               pass    
 build-amd64                                                  pass    
 build-arm64                                                  broken  
 build-armhf                                                  pass    
 build-i386                                                   pass    
 build-amd64-libvirt                                          pass    
 build-arm64-libvirt                                          blocked 
 build-armhf-libvirt                                          pass    
 build-i386-libvirt                                           pass    
 build-amd64-pvops                                            pass    
 build-arm64-pvops                                            broken  
 build-armhf-pvops                                            pass    
 build-i386-pvops                                             pass    
 build-amd64-rumprun                                          pass    
 build-i386-rumprun                                           pass    
 test-amd64-amd64-xl                                          pass    
 test-arm64-arm64-xl                                          blocked 
 test-armhf-armhf-xl                                          pass    
 test-amd64-i386-xl                                           pass    
 test-amd64-amd64-xl-qemut-debianhvm-amd64-xsm                pass    
 test-amd64-i386-xl-qemut-debianhvm-amd64-xsm                 pass    
 test-amd64-amd64-libvirt-qemuu-debianhvm-amd64-xsm           pass    
 test-amd64-i386-libvirt-qemuu-debianhvm-amd64-xsm            pass    
 test-amd64-amd64-xl-qemuu-debianhvm-amd64-xsm                pass    
 test-amd64-i386-xl-qemuu-debianhvm-amd64-xsm                 pass    
 test-amd64-amd64-xl-qemut-stubdom-debianhvm-amd64-xsm        pass    
 test-amd64-i386-xl-qemut-stubdom-debianhvm-amd64-xsm         pass    
 test-amd64-amd64-libvirt-xsm                                 pass    
 test-arm64-arm64-libvirt-xsm                                 blocked 
 test-armhf-armhf-libvirt-xsm                                 pass    
 test-amd64-i386-libvirt-xsm                                  pass    
 test-amd64-amd64-xl-xsm                                      pass    
 test-arm64-arm64-xl-xsm                                      blocked 
 test-armhf-armhf-xl-xsm                                      pass    
 test-amd64-i386-xl-xsm                                       pass    
 test-amd64-amd64-qemuu-nested-amd                            fail    
 test-amd64-amd64-xl-pvh-amd                                  pass    
 test-amd64-i386-qemut-rhel6hvm-amd                           pass    
 test-amd64-i386-qemuu-rhel6hvm-amd                           pass    
 test-amd64-amd64-xl-qemut-debianhvm-amd64                    pass    
 test-amd64-i386-xl-qemut-debianhvm-amd64                     pass    
 test-amd64-amd64-xl-qemuu-debianhvm-amd64                    pass    
 test-amd64-i386-xl-qemuu-debianhvm-amd64                     pass    
 test-amd64-i386-freebsd10-amd64                              pass    
 test-amd64-amd64-xl-qemuu-ovmf-amd64                         pass    
 test-amd64-i386-xl-qemuu-ovmf-amd64                          pass    
 test-amd64-amd64-rumprun-amd64                               pass    
 test-amd64-amd64-xl-qemut-win7-amd64                         fail    
 test-amd64-i386-xl-qemut-win7-amd64                          fail    
 test-amd64-amd64-xl-qemuu-win7-amd64                         fail    
 test-amd64-i386-xl-qemuu-win7-amd64                          fail    
 test-amd64-amd64-xl-qemut-ws16-amd64                         fail    
 test-amd64-i386-xl-qemut-ws16-amd64                          fail    
 test-amd64-amd64-xl-qemuu-ws16-amd64                         fail    
 test-amd64-i386-xl-qemuu-ws16-amd64                          fail    
 test-armhf-armhf-xl-arndale                                  pass    
 test-amd64-amd64-xl-credit2                                  pass    
 test-arm64-arm64-xl-credit2                                  blocked 
 test-armhf-armhf-xl-credit2                                  fail    
 test-armhf-armhf-xl-cubietruck                               pass    
 test-amd64-amd64-examine                                     pass    
 test-arm64-arm64-examine                                     blocked 
 test-armhf-armhf-examine                                     pass    
 test-amd64-i386-examine                                      pass    
 test-amd64-i386-freebsd10-i386                               pass    
 test-amd64-i386-rumprun-i386                                 fail    
 test-amd64-amd64-xl-qemut-win10-i386                         fail    
 test-amd64-i386-xl-qemut-win10-i386                          fail    
 test-amd64-amd64-xl-qemuu-win10-i386                         fail    
 test-amd64-i386-xl-qemuu-win10-i386                          fail    
 test-amd64-amd64-qemuu-nested-intel                          pass    
 test-amd64-amd64-xl-pvh-intel                                pass    
 test-amd64-i386-qemut-rhel6hvm-intel                         pass    
 test-amd64-i386-qemuu-rhel6hvm-intel                         pass    
 test-amd64-amd64-libvirt                                     pass    
 test-armhf-armhf-libvirt                                     pass    
 test-amd64-i386-libvirt                                      pass    
 test-amd64-amd64-xl-multivcpu                                pass    
 test-armhf-armhf-xl-multivcpu                                pass    
 test-amd64-amd64-pair                                        pass    
 test-amd64-i386-pair                                         pass    
 test-amd64-amd64-libvirt-pair                                pass    
 test-amd64-i386-libvirt-pair                                 pass    
 test-amd64-amd64-amd64-pvgrub                                pass    
 test-amd64-amd64-i386-pvgrub                                 pass    
 test-amd64-amd64-pygrub                                      pass    
 test-amd64-amd64-xl-qcow2                                    pass    
 test-armhf-armhf-libvirt-raw                                 pass    
 test-amd64-i386-xl-raw                                       pass    
 test-amd64-amd64-xl-rtds                                     fail    
 test-armhf-armhf-xl-rtds                                     pass    
 test-amd64-amd64-libvirt-vhd                                 pass    
 test-armhf-armhf-xl-vhd                                      pass    


------------------------------------------------------------
sg-report-flight on osstest.test-lab.xenproject.org
logs: /home/logs/logs
images: /home/logs/images

Logs, config files, etc. are available at
    http://logs.test-lab.xenproject.org/osstest/logs

Explanation of these reports, and of osstest in general, is at
    http://xenbits.xen.org/gitweb/?p=osstest.git;a=blob;f=README.email;hb=master
    http://xenbits.xen.org/gitweb/?p=osstest.git;a=blob;f=README;hb=master

Test harness code can be found at
    http://xenbits.xen.org/gitweb?p=osstest.git;a=summary

broken-step build-arm64-xsm hosts-allocate
broken-step build-arm64-xsm capture-logs
broken-step build-arm64-pvops hosts-allocate
broken-step build-arm64 hosts-allocate
broken-step build-arm64-pvops capture-logs
broken-step build-arm64 capture-logs

Not pushing.

(No revision log; it would be 3505 lines long.)


[-- Attachment #2: Type: text/plain, Size: 127 bytes --]

_______________________________________________
Xen-devel mailing list
Xen-devel@lists.xen.org
https://lists.xen.org/xen-devel

^ permalink raw reply	[flat|nested] only message in thread

only message in thread, other threads:[~2017-07-30 20:29 UTC | newest]

Thread overview: (only message) (download: mbox.gz follow: Atom feed
-- links below jump to the message on this page --
2017-07-30 20:29 [linux-4.9 test] 112379: trouble: blocked/broken/fail/pass osstest service owner

This is a public inbox, see mirroring instructions
for how to clone and mirror all data and code used for this inbox;
as well as URLs for NNTP newsgroup(s).