From mboxrd@z Thu Jan 1 00:00:00 1970 From: osstest service owner Subject: [linux-4.9 test] 112379: trouble: blocked/broken/fail/pass Date: Sun, 30 Jul 2017 20:29:32 +0000 Message-ID: Mime-Version: 1.0 Content-Type: multipart/mixed; boundary="===============7345448765609618330==" Return-path: List-Unsubscribe: , List-Post: List-Help: List-Subscribe: , Errors-To: xen-devel-bounces@lists.xen.org Sender: "Xen-devel" To: xen-devel@lists.xensource.com, osstest-admin@xenproject.org List-Id: xen-devel@lists.xenproject.org --===============7345448765609618330== Content-Type: text/plain flight 112379 linux-4.9 real [real] http://logs.test-lab.xenproject.org/osstest/logs/112379/ Failures and problems with tests :-( Tests which did not succeed and are blocking, including tests which could not be run: build-arm64-xsm 2 hosts-allocate broken REGR. vs. 112193 build-arm64-pvops 2 hosts-allocate broken REGR. vs. 112193 build-arm64 2 hosts-allocate broken REGR. vs. 112193 Tests which are failing intermittently (not blocking): test-amd64-i386-rumprun-i386 17 rumprun-demo-xenstorels/xenstorels.repeat fail pass in 112373 test-armhf-armhf-xl-credit2 17 guest-start.2 fail pass in 112373 Tests which did not succeed, but are not blocking: test-arm64-arm64-libvirt-xsm 1 build-check(1) blocked n/a test-arm64-arm64-xl 1 build-check(1) blocked n/a build-arm64-libvirt 1 build-check(1) blocked n/a test-arm64-arm64-examine 1 build-check(1) blocked n/a test-arm64-arm64-xl-credit2 1 build-check(1) blocked n/a test-arm64-arm64-xl-xsm 1 build-check(1) blocked n/a build-arm64-pvops 3 capture-logs broken blocked in 112193 build-arm64 3 capture-logs broken blocked in 112193 build-arm64-xsm 3 capture-logs broken never pass test-amd64-i386-xl-qemuu-win7-amd64 16 guest-localmigrate/x10 fail in 112373 like 112117 test-armhf-armhf-xl-rtds 16 guest-start/debian.repeat fail in 112373 like 112193 test-amd64-amd64-xl-qemuu-win7-amd64 17 guest-stop fail like 112086 test-amd64-amd64-xl-qemut-win7-amd64 16 guest-localmigrate/x10 fail like 112117 test-amd64-i386-xl-qemut-win7-amd64 16 guest-localmigrate/x10 fail like 112193 test-amd64-i386-xl-qemuu-win7-amd64 17 guest-stop fail like 112193 test-amd64-amd64-xl-rtds 10 debian-install fail like 112193 test-amd64-amd64-libvirt 13 migrate-support-check fail never pass test-amd64-amd64-xl-qemuu-ws16-amd64 10 windows-install fail never pass test-amd64-i386-libvirt-xsm 13 migrate-support-check fail never pass test-amd64-i386-libvirt 13 migrate-support-check fail never pass test-amd64-amd64-xl-qemut-ws16-amd64 10 windows-install fail never pass test-amd64-amd64-libvirt-xsm 13 migrate-support-check fail never pass test-amd64-i386-libvirt-qemuu-debianhvm-amd64-xsm 11 migrate-support-check fail never pass test-armhf-armhf-xl-arndale 13 migrate-support-check fail never pass test-armhf-armhf-xl-arndale 14 saverestore-support-check fail never pass test-amd64-amd64-qemuu-nested-amd 17 debian-hvm-install/l1/l2 fail never pass test-amd64-amd64-libvirt-vhd 12 migrate-support-check fail never pass test-armhf-armhf-xl-rtds 13 migrate-support-check fail never pass test-armhf-armhf-xl-rtds 14 saverestore-support-check fail never pass test-armhf-armhf-xl-credit2 13 migrate-support-check fail never pass test-armhf-armhf-xl-credit2 14 saverestore-support-check fail never pass test-armhf-armhf-xl-xsm 13 migrate-support-check fail never pass test-armhf-armhf-xl-xsm 14 saverestore-support-check fail never pass test-armhf-armhf-libvirt-xsm 13 migrate-support-check fail never pass test-armhf-armhf-xl-cubietruck 13 migrate-support-check fail never pass test-armhf-armhf-libvirt-xsm 14 saverestore-support-check fail never pass test-armhf-armhf-xl-cubietruck 14 saverestore-support-check fail never pass test-armhf-armhf-libvirt 13 migrate-support-check fail never pass test-armhf-armhf-libvirt 14 saverestore-support-check fail never pass test-armhf-armhf-xl 13 migrate-support-check fail never pass test-armhf-armhf-xl 14 saverestore-support-check fail never pass test-armhf-armhf-xl-multivcpu 13 migrate-support-check fail never pass test-armhf-armhf-xl-multivcpu 14 saverestore-support-check fail never pass test-amd64-i386-xl-qemuu-ws16-amd64 13 guest-saverestore fail never pass test-amd64-amd64-libvirt-qemuu-debianhvm-amd64-xsm 11 migrate-support-check fail never pass test-amd64-i386-xl-qemut-ws16-amd64 13 guest-saverestore fail never pass test-armhf-armhf-libvirt-raw 12 migrate-support-check fail never pass test-armhf-armhf-libvirt-raw 13 saverestore-support-check fail never pass test-armhf-armhf-xl-vhd 12 migrate-support-check fail never pass test-armhf-armhf-xl-vhd 13 saverestore-support-check fail never pass test-amd64-i386-xl-qemut-win10-i386 10 windows-install fail never pass test-amd64-amd64-xl-qemut-win10-i386 10 windows-install fail never pass test-amd64-i386-xl-qemuu-win10-i386 10 windows-install fail never pass test-amd64-amd64-xl-qemuu-win10-i386 10 windows-install fail never pass version targeted for testing: linux efcfbfb1d8bf756d1b58fe215bf4e419d176435b baseline version: linux c03917de04aa68017a737e90ea01338d991eaff5 Last test of basis 112193 2017-07-23 01:49:45 Z 7 days Testing same since 112350 2017-07-27 22:26:55 Z 2 days 4 attempts ------------------------------------------------------------ People who touched revisions under test: "Yan, Zheng" Aaron Brown Adrian Hunter Alan Stern Alex Deucher Alex Williamson Amir Goldstein Andrea Righi Andrzej Pietrasiewicz Anna Schumaker Anton Blanchard Arnaldo Carvalho de Melo Arnd Bergmann Balbir Singh Banajit Goswami Bart Van Assche Benjamin Herrenschmidt Bjorn Andersson Bjorn Helgaas Chen Hong Chen Yu Christian König Christoph Hellwig Chunyu Hu Colin Ian King Corey Minyard Damjan Georgievski Dan Carpenter Dan Williams Daniel Vetter Darrick J. Wong David Sterba Denis P. Devin Heitmueller Dmitry Torokhov Doug Ledford Douglas Miller Eduardo Valentin Eric Auger Ewan D. Milne Felipe Balbi Fernando Chaves Giulio Genovese Gjorgji Jankovski Greg Hackmann Greg Kroah-Hartman Guoqing Jiang Hans Verkuil Herbert Xu Ian Abbott Ian Pilcher Ilya Dryomov Imre Deak Ingo Molnar Ismail, Mustafa Jaegeuk Kim James Bottomley James Hogan James Simmons Jan Kara Jason A. Donenfeld Jeff Kirsher Jeff Moyer Jiahau Chang Jiahau Chang Jiang Yi Jin Qian Jin Yao Jiri Olsa Johan Hovold John Brooks Juergen Gross Julian Anastasov Kalle Valo Kalle Valo Kees Cook Konstantin Khlebnikov Krzysztof Kozlowski Kyle Huey Laurence Oberman Leon Romanovsky Leon Romanovsky Linus Torvalds Lukasz Luba Lv Zheng Maciej W. Rozycki Maciej W. Rozycki Marcel Holtmann Marek Marczykowski-Górecki Mario Kleiner Mark Brown Marta Rybczynska Marta Rybczynska Martin K. Petersen Martin Schwidefsky Mateusz Jurczyk Mathias Nyman Matwey V Kornilov Maurizio Lombardi Mauro Carvalho Chehab Miaoqing Pan Michael Ellerman Michael Gugino Mike Marciniszyn Mike Snitzer Miklos Szeredi Mikulas Patocka Moni Shoua Mustafa Ismail Naveen N. Rao NeilBrown Nicholas Bellinger Nick Moriarty Oliver Neukum Oliver O'Halloran Peter Chen Peter Zijlstra Prarit Bhargava Rafael J. Wysocki Ralf Baechle Richard Weinberger Rob Clark Rob Herring Samuel Ortiz Satish Babu Patakokila Seunghun Han Shaohua Li Shawn Lin Simon Horman Steffen Klassert Stephen Boyd Steven Rostedt (VMware) Sudeep Holla Sudip Mukherjee Teddy Wang thejoe@gmail.com Thomas Gleixner Tom St Denis Tomislav Ivek Tony Camuso Toshi Kani Ulf Hansson Vinod Koul Viresh Kumar Vishal Verma Vladimir Neyelov Xiao Ni Yan, Zheng Yao Jin Yoshihiro Shimoda jobs: build-amd64-xsm pass build-arm64-xsm broken build-armhf-xsm pass build-i386-xsm pass build-amd64 pass build-arm64 broken build-armhf pass build-i386 pass build-amd64-libvirt pass build-arm64-libvirt blocked build-armhf-libvirt pass build-i386-libvirt pass build-amd64-pvops pass build-arm64-pvops broken build-armhf-pvops pass build-i386-pvops pass build-amd64-rumprun pass build-i386-rumprun pass test-amd64-amd64-xl pass test-arm64-arm64-xl blocked test-armhf-armhf-xl pass test-amd64-i386-xl pass test-amd64-amd64-xl-qemut-debianhvm-amd64-xsm pass test-amd64-i386-xl-qemut-debianhvm-amd64-xsm pass test-amd64-amd64-libvirt-qemuu-debianhvm-amd64-xsm pass test-amd64-i386-libvirt-qemuu-debianhvm-amd64-xsm pass test-amd64-amd64-xl-qemuu-debianhvm-amd64-xsm pass test-amd64-i386-xl-qemuu-debianhvm-amd64-xsm pass test-amd64-amd64-xl-qemut-stubdom-debianhvm-amd64-xsm pass test-amd64-i386-xl-qemut-stubdom-debianhvm-amd64-xsm pass test-amd64-amd64-libvirt-xsm pass test-arm64-arm64-libvirt-xsm blocked test-armhf-armhf-libvirt-xsm pass test-amd64-i386-libvirt-xsm pass test-amd64-amd64-xl-xsm pass test-arm64-arm64-xl-xsm blocked test-armhf-armhf-xl-xsm pass test-amd64-i386-xl-xsm pass test-amd64-amd64-qemuu-nested-amd fail test-amd64-amd64-xl-pvh-amd pass test-amd64-i386-qemut-rhel6hvm-amd pass test-amd64-i386-qemuu-rhel6hvm-amd pass test-amd64-amd64-xl-qemut-debianhvm-amd64 pass test-amd64-i386-xl-qemut-debianhvm-amd64 pass test-amd64-amd64-xl-qemuu-debianhvm-amd64 pass test-amd64-i386-xl-qemuu-debianhvm-amd64 pass test-amd64-i386-freebsd10-amd64 pass test-amd64-amd64-xl-qemuu-ovmf-amd64 pass test-amd64-i386-xl-qemuu-ovmf-amd64 pass test-amd64-amd64-rumprun-amd64 pass test-amd64-amd64-xl-qemut-win7-amd64 fail test-amd64-i386-xl-qemut-win7-amd64 fail test-amd64-amd64-xl-qemuu-win7-amd64 fail test-amd64-i386-xl-qemuu-win7-amd64 fail test-amd64-amd64-xl-qemut-ws16-amd64 fail test-amd64-i386-xl-qemut-ws16-amd64 fail test-amd64-amd64-xl-qemuu-ws16-amd64 fail test-amd64-i386-xl-qemuu-ws16-amd64 fail test-armhf-armhf-xl-arndale pass test-amd64-amd64-xl-credit2 pass test-arm64-arm64-xl-credit2 blocked test-armhf-armhf-xl-credit2 fail test-armhf-armhf-xl-cubietruck pass test-amd64-amd64-examine pass test-arm64-arm64-examine blocked test-armhf-armhf-examine pass test-amd64-i386-examine pass test-amd64-i386-freebsd10-i386 pass test-amd64-i386-rumprun-i386 fail test-amd64-amd64-xl-qemut-win10-i386 fail test-amd64-i386-xl-qemut-win10-i386 fail test-amd64-amd64-xl-qemuu-win10-i386 fail test-amd64-i386-xl-qemuu-win10-i386 fail test-amd64-amd64-qemuu-nested-intel pass test-amd64-amd64-xl-pvh-intel pass test-amd64-i386-qemut-rhel6hvm-intel pass test-amd64-i386-qemuu-rhel6hvm-intel pass test-amd64-amd64-libvirt pass test-armhf-armhf-libvirt pass test-amd64-i386-libvirt pass test-amd64-amd64-xl-multivcpu pass test-armhf-armhf-xl-multivcpu pass test-amd64-amd64-pair pass test-amd64-i386-pair pass test-amd64-amd64-libvirt-pair pass test-amd64-i386-libvirt-pair pass test-amd64-amd64-amd64-pvgrub pass test-amd64-amd64-i386-pvgrub pass test-amd64-amd64-pygrub pass test-amd64-amd64-xl-qcow2 pass test-armhf-armhf-libvirt-raw pass test-amd64-i386-xl-raw pass test-amd64-amd64-xl-rtds fail test-armhf-armhf-xl-rtds pass test-amd64-amd64-libvirt-vhd pass test-armhf-armhf-xl-vhd pass ------------------------------------------------------------ sg-report-flight on osstest.test-lab.xenproject.org logs: /home/logs/logs images: /home/logs/images Logs, config files, etc. are available at http://logs.test-lab.xenproject.org/osstest/logs Explanation of these reports, and of osstest in general, is at http://xenbits.xen.org/gitweb/?p=osstest.git;a=blob;f=README.email;hb=master http://xenbits.xen.org/gitweb/?p=osstest.git;a=blob;f=README;hb=master Test harness code can be found at http://xenbits.xen.org/gitweb?p=osstest.git;a=summary broken-step build-arm64-xsm hosts-allocate broken-step build-arm64-xsm capture-logs broken-step build-arm64-pvops hosts-allocate broken-step build-arm64 hosts-allocate broken-step build-arm64-pvops capture-logs broken-step build-arm64 capture-logs Not pushing. (No revision log; it would be 3505 lines long.) --===============7345448765609618330== Content-Type: text/plain; charset="utf-8" MIME-Version: 1.0 Content-Transfer-Encoding: base64 Content-Disposition: inline X19fX19fX19fX19fX19fX19fX19fX19fX19fX19fX19fX19fX19fX19fX19fX18KWGVuLWRldmVs IG1haWxpbmcgbGlzdApYZW4tZGV2ZWxAbGlzdHMueGVuLm9yZwpodHRwczovL2xpc3RzLnhlbi5v cmcveGVuLWRldmVsCg== --===============7345448765609618330==--