From: osstest service owner <osstest-admin@xenproject.org>
To: xen-devel@lists.xensource.com, osstest-admin@xenproject.org
Subject: [xen-unstable-coverity test] 112383: regressions - ALL FAIL
Date: Sun, 30 Jul 2017 09:38:47 +0000 [thread overview]
Message-ID: <osstest-112383-mainreport@xen.org> (raw)
[-- Attachment #1: Type: text/plain, Size: 2778 bytes --]
flight 112383 xen-unstable-coverity real [real]
http://logs.test-lab.xenproject.org/osstest/logs/112383/
Regressions :-(
Tests which did not succeed and are blocking,
including tests which could not be run:
coverity-amd64 6 coverity-build fail REGR. vs. 111140
version targeted for testing:
xen aa4eb460bcf77ea87b9209bb136efc8142a1a512
baseline version:
xen 8b9793bfe614ee53029d2b1672e1080170809dcd
Last test of basis 111140 2017-06-28 10:06:03 Z 31 days
Failing since 111315 2017-07-02 09:22:26 Z 28 days 9 attempts
Testing same since 112383 2017-07-30 09:20:32 Z 0 days 1 attempts
------------------------------------------------------------
People who touched revisions under test:
Andrew Cooper <andrew.cooper3@citrix.com>
Andrii Anisov <andrii_anisov@epam.com>
Chao Gao <chao.gao@intel.com>
Dario Faggioli <dario.faggioli@citrix.com>
David Woodhouse <dwmw@amazon.co.uk>
Dongli Zhang <dongli.zhang@oracle.com>
Felix Schmoll <eggi.innovations@gmail.com>
George Dunlap <george.dunlap@citrix.com>
Haozhong Zhang <haozhong.zhang@intel.com>
Ian Jackson <ian.jackson@eu.citrix.com>
Igor Druzhinin <igor.druzhinin@citrix.com>
Jan Beulich <jbeulich@suse.com>
Julien Grall <julien.grall@arm.com>
Justin T. Weaver <jtweaver@hawaii.edu>
Kevin Tian <kevin.tian@intel.com>
Konrad Rzeszutek Wilk <konrad.wilk@oracle.com>
Konrad Rzeszutek Wilk <konrad@kernel.org>
Marek Marczykowski-Górecki <marmarek@invisiblethingslab.com>
Olaf Hering <olaf@aepfle.de>
Owen Smith <owen.smith@citrix.com>
Petre Pircalabu <ppircalabu@bitdefender.com>
Praveen Kumar <kpraveen.lkml@gmail.com>
Razvan Cojocaru <rcojocaru@bitdefender.com>
Sergej Proskurin <proskurin@sec.in.tum.de>
Sergey Dyasli <sergey.dyasli@citrix.com>
Stefano Stabellini <sstabellini@kernel.org>
Thomas Sanders <thomas.sanders@citrix.com>
Tim Deegan <tim@xen.org>
Wei Liu <wei.liu2@citrix.com>
Xiong Zhang <xiong.y.zhang@intel.com>
Zhongze Liu <blackskygg@gmail.com>
jobs:
coverity-amd64 fail
------------------------------------------------------------
sg-report-flight on osstest.test-lab.xenproject.org
logs: /home/logs/logs
images: /home/logs/images
Logs, config files, etc. are available at
http://logs.test-lab.xenproject.org/osstest/logs
Explanation of these reports, and of osstest in general, is at
http://xenbits.xen.org/gitweb/?p=osstest.git;a=blob;f=README.email;hb=master
http://xenbits.xen.org/gitweb/?p=osstest.git;a=blob;f=README;hb=master
Test harness code can be found at
http://xenbits.xen.org/gitweb?p=osstest.git;a=summary
Not pushing.
(No revision log; it would be 2130 lines long.)
[-- Attachment #2: Type: text/plain, Size: 127 bytes --]
_______________________________________________
Xen-devel mailing list
Xen-devel@lists.xen.org
https://lists.xen.org/xen-devel
reply other threads:[~2017-07-30 9:38 UTC|newest]
Thread overview: [no followups] expand[flat|nested] mbox.gz Atom feed
Reply instructions:
You may reply publicly to this message via plain-text email
using any one of the following methods:
* Save the following mbox file, import it into your mail client,
and reply-to-all from there: mbox
Avoid top-posting and favor interleaved quoting:
https://en.wikipedia.org/wiki/Posting_style#Interleaved_style
* Reply using the --to, --cc, and --in-reply-to
switches of git-send-email(1):
git send-email \
--in-reply-to=osstest-112383-mainreport@xen.org \
--to=osstest-admin@xenproject.org \
--cc=xen-devel@lists.xensource.com \
/path/to/YOUR_REPLY
https://kernel.org/pub/software/scm/git/docs/git-send-email.html
* If your mail client supports setting the In-Reply-To header
via mailto: links, try the mailto: link
Be sure your reply has a Subject: header at the top and a blank line
before the message body.
This is a public inbox, see mirroring instructions
for how to clone and mirror all data and code used for this inbox;
as well as URLs for NNTP newsgroup(s).