From mboxrd@z Thu Jan 1 00:00:00 1970 From: osstest service owner Subject: [linux-4.9 test] 112497: regressions - trouble: blocked/broken/fail/pass Date: Mon, 07 Aug 2017 19:55:26 +0000 Message-ID: Mime-Version: 1.0 Content-Type: multipart/mixed; boundary="===============2738437218938200640==" Return-path: List-Unsubscribe: , List-Post: List-Help: List-Subscribe: , Errors-To: xen-devel-bounces@lists.xen.org Sender: "Xen-devel" To: xen-devel@lists.xensource.com, osstest-admin@xenproject.org List-Id: xen-devel@lists.xenproject.org --===============2738437218938200640== Content-Type: text/plain flight 112497 linux-4.9 real [real] http://logs.test-lab.xenproject.org/osstest/logs/112497/ Regressions :-( Tests which did not succeed and are blocking, including tests which could not be run: test-armhf-armhf-xl-arndale 5 host-ping-check-native fail REGR. vs. 112405 Tests which did not succeed, but are not blocking: test-arm64-arm64-libvirt-xsm 1 build-check(1) blocked n/a test-arm64-arm64-xl 1 build-check(1) blocked n/a build-arm64-libvirt 1 build-check(1) blocked n/a test-arm64-arm64-examine 1 build-check(1) blocked n/a test-arm64-arm64-xl-credit2 1 build-check(1) blocked n/a test-arm64-arm64-xl-xsm 1 build-check(1) blocked n/a build-arm64-xsm 2 hosts-allocate broken like 112405 build-arm64-pvops 2 hosts-allocate broken like 112405 build-arm64 2 hosts-allocate broken like 112405 build-arm64-pvops 3 capture-logs broken like 112405 build-arm64 3 capture-logs broken like 112405 build-arm64-xsm 3 capture-logs broken never pass test-amd64-amd64-xl-qemut-win7-amd64 18 guest-start/win.repeat fail like 112397 test-amd64-i386-xl-qemuu-win7-amd64 17 guest-stop fail like 112397 test-amd64-i386-xl-qemut-win7-amd64 16 guest-localmigrate/x10 fail like 112397 test-armhf-armhf-xl-rtds 16 guest-start/debian.repeat fail like 112405 test-amd64-amd64-xl-qemuu-win7-amd64 17 guest-stop fail like 112405 test-amd64-amd64-xl-rtds 10 debian-install fail like 112405 test-amd64-amd64-libvirt 13 migrate-support-check fail never pass test-amd64-i386-libvirt 13 migrate-support-check fail never pass test-amd64-amd64-xl-qemuu-ws16-amd64 10 windows-install fail never pass test-amd64-i386-libvirt-xsm 13 migrate-support-check fail never pass test-amd64-amd64-xl-qemut-ws16-amd64 10 windows-install fail never pass test-amd64-amd64-libvirt-xsm 13 migrate-support-check fail never pass test-amd64-i386-libvirt-qemuu-debianhvm-amd64-xsm 11 migrate-support-check fail never pass test-amd64-amd64-qemuu-nested-amd 17 debian-hvm-install/l1/l2 fail never pass test-amd64-amd64-libvirt-vhd 12 migrate-support-check fail never pass test-armhf-armhf-xl-rtds 13 migrate-support-check fail never pass test-armhf-armhf-xl-rtds 14 saverestore-support-check fail never pass test-amd64-i386-xl-qemuu-ws16-amd64 13 guest-saverestore fail never pass test-armhf-armhf-xl-credit2 13 migrate-support-check fail never pass test-armhf-armhf-xl-credit2 14 saverestore-support-check fail never pass test-armhf-armhf-libvirt-xsm 13 migrate-support-check fail never pass test-armhf-armhf-libvirt-xsm 14 saverestore-support-check fail never pass test-armhf-armhf-xl 13 migrate-support-check fail never pass test-armhf-armhf-xl 14 saverestore-support-check fail never pass test-armhf-armhf-libvirt 13 migrate-support-check fail never pass test-armhf-armhf-xl-multivcpu 13 migrate-support-check fail never pass test-armhf-armhf-libvirt 14 saverestore-support-check fail never pass test-armhf-armhf-xl-multivcpu 14 saverestore-support-check fail never pass test-armhf-armhf-xl-cubietruck 13 migrate-support-check fail never pass test-armhf-armhf-xl-xsm 13 migrate-support-check fail never pass test-armhf-armhf-xl-xsm 14 saverestore-support-check fail never pass test-armhf-armhf-xl-cubietruck 14 saverestore-support-check fail never pass test-amd64-amd64-libvirt-qemuu-debianhvm-amd64-xsm 11 migrate-support-check fail never pass test-armhf-armhf-libvirt-raw 12 migrate-support-check fail never pass test-armhf-armhf-libvirt-raw 13 saverestore-support-check fail never pass test-amd64-i386-xl-qemut-ws16-amd64 13 guest-saverestore fail never pass test-armhf-armhf-xl-vhd 12 migrate-support-check fail never pass test-armhf-armhf-xl-vhd 13 saverestore-support-check fail never pass test-amd64-i386-xl-qemut-win10-i386 10 windows-install fail never pass test-amd64-amd64-xl-qemut-win10-i386 10 windows-install fail never pass test-amd64-i386-xl-qemuu-win10-i386 10 windows-install fail never pass test-amd64-amd64-xl-qemuu-win10-i386 10 windows-install fail never pass version targeted for testing: linux db397d9c6e66afdd34ae430172db122632b5f8a7 baseline version: linux efcfbfb1d8bf756d1b58fe215bf4e419d176435b Last test of basis 112405 2017-08-01 03:50:17 Z 6 days Testing same since 112497 2017-08-07 02:26:34 Z 0 days 1 attempts ------------------------------------------------------------ People who touched revisions under test: Al Viro Alex Williamson Amit Pundir Anand Jain Andreas Schaertl Andrzej Hajda Andy Shevchenko Anna Schumaker Annie Cherkaev Arnaldo Carvalho de Melo Arnd Bergmann Arvind Yadav Bartlomiej Zolnierkiewicz Ben Skeggs Benjamin Coddington Benjamin Poirier Burak Ok Caleb Crome Catalin Marinas Cheah Kok Cheong Christophe JAILLET Chun-Hao Lin Corey Minyard Dan Williams Daniel Bristot de Oliveira Daniel Dadap Daniel Schultz Dave Jiang Dave Kleikamp David Carrillo-Cisneros David Lechner David S. Miller David Sterba Dmitry Vyukov Doug Ledford Eric Dumazet Felipe Balbi Florian Fainelli Greg Kroah-Hartman Grygorii Strashko Guillaume Nault Hans de Goede Hans Verkuil Helge Deller Herbert Xu Ilia Mirkin Ingo Molnar Ioan-Adrian Ratiu Ismail, Mustafa Jack Morgenstein Jan Kara Jan Stancek Jason Cooper Jassi Brar Jeeja KP Jia-Ju Bai Jiandi An Jiri Kosina Jiten Thakkar Joel Fernandes John David Anglin John Hsu Jonas Bonn Jordan Crouse Kalle Valo Kees Cook Konstantin Khlebnikov Krzysztof Kozlowski Laurent Pinchart Laurent Vivier Leon Romanovsky Linus Torvalds Lior David Liu Bo Maninder Singh Mark Brown Mark Rutland Mark Salyzyn Martin K. Petersen Masami Hiramatsu Matt Fleming Mauro Carvalho Chehab Maya Erez Michael Ellerman Michal Kazior Michal Simek Mike Marciniszyn Milo Kim Moritz Fischer Mustafa Ismail Narsimhulu Musini NeilBrown Nhan Nguyen Ofer Heifetz OGAWA Hirofumi Or Gerlitz Pali Rohár Patrick Lai Paul Mackerras Pavel Machek Peter Chen Peter Ujfalusi Peter Zijlstra (Intel) Peter Zijlstra Phil Reid Pierre-Louis Bossart Rafael J. Wysocki Rasesh Mody Rob Clark Rob Herring Roger Quadros Sabrina Dubroca Saeed Mahameed Samuel Ortiz Sasha Levin Satish Kharat Sergei Shtylyov Sesidhar Baddela Shaohua Li Sinclair Yeh Srinivas Kandagatla Stafford Horne Stefan Wahren Steffen Klassert Steven Rostedt Strashko, Grygorii Sudeep Holla Sudip Mukherjee Sudip Mukherjee Suman Anna Sören Brinkmann Takashi Iwai Tariq Toukan Thomas Gleixner thongsyho Tony Lindgren Valentin Vidic Vaneet Narang Vineet Gupta Vinod Koul Will Deacon Yoichi Yuasa Yuejie Shi Yuriy Kolerov Zheng Li Émeric MASCHINO jobs: build-amd64-xsm pass build-arm64-xsm broken build-armhf-xsm pass build-i386-xsm pass build-amd64 pass build-arm64 broken build-armhf pass build-i386 pass build-amd64-libvirt pass build-arm64-libvirt blocked build-armhf-libvirt pass build-i386-libvirt pass build-amd64-pvops pass build-arm64-pvops broken build-armhf-pvops pass build-i386-pvops pass build-amd64-rumprun pass build-i386-rumprun pass test-amd64-amd64-xl pass test-arm64-arm64-xl blocked test-armhf-armhf-xl pass test-amd64-i386-xl pass test-amd64-amd64-xl-qemut-debianhvm-amd64-xsm pass test-amd64-i386-xl-qemut-debianhvm-amd64-xsm pass test-amd64-amd64-libvirt-qemuu-debianhvm-amd64-xsm pass test-amd64-i386-libvirt-qemuu-debianhvm-amd64-xsm pass test-amd64-amd64-xl-qemuu-debianhvm-amd64-xsm pass test-amd64-i386-xl-qemuu-debianhvm-amd64-xsm pass test-amd64-amd64-xl-qemut-stubdom-debianhvm-amd64-xsm pass test-amd64-i386-xl-qemut-stubdom-debianhvm-amd64-xsm pass test-amd64-amd64-libvirt-xsm pass test-arm64-arm64-libvirt-xsm blocked test-armhf-armhf-libvirt-xsm pass test-amd64-i386-libvirt-xsm pass test-amd64-amd64-xl-xsm pass test-arm64-arm64-xl-xsm blocked test-armhf-armhf-xl-xsm pass test-amd64-i386-xl-xsm pass test-amd64-amd64-qemuu-nested-amd fail test-amd64-amd64-xl-pvh-amd pass test-amd64-i386-qemut-rhel6hvm-amd pass test-amd64-i386-qemuu-rhel6hvm-amd pass test-amd64-amd64-xl-qemut-debianhvm-amd64 pass test-amd64-i386-xl-qemut-debianhvm-amd64 pass test-amd64-amd64-xl-qemuu-debianhvm-amd64 pass test-amd64-i386-xl-qemuu-debianhvm-amd64 pass test-amd64-i386-freebsd10-amd64 pass test-amd64-amd64-xl-qemuu-ovmf-amd64 pass test-amd64-i386-xl-qemuu-ovmf-amd64 pass test-amd64-amd64-rumprun-amd64 pass test-amd64-amd64-xl-qemut-win7-amd64 fail test-amd64-i386-xl-qemut-win7-amd64 fail test-amd64-amd64-xl-qemuu-win7-amd64 fail test-amd64-i386-xl-qemuu-win7-amd64 fail test-amd64-amd64-xl-qemut-ws16-amd64 fail test-amd64-i386-xl-qemut-ws16-amd64 fail test-amd64-amd64-xl-qemuu-ws16-amd64 fail test-amd64-i386-xl-qemuu-ws16-amd64 fail test-armhf-armhf-xl-arndale fail test-amd64-amd64-xl-credit2 pass test-arm64-arm64-xl-credit2 blocked test-armhf-armhf-xl-credit2 pass test-armhf-armhf-xl-cubietruck pass test-amd64-amd64-examine pass test-arm64-arm64-examine blocked test-armhf-armhf-examine pass test-amd64-i386-examine pass test-amd64-i386-freebsd10-i386 pass test-amd64-i386-rumprun-i386 pass test-amd64-amd64-xl-qemut-win10-i386 fail test-amd64-i386-xl-qemut-win10-i386 fail test-amd64-amd64-xl-qemuu-win10-i386 fail test-amd64-i386-xl-qemuu-win10-i386 fail test-amd64-amd64-qemuu-nested-intel pass test-amd64-amd64-xl-pvh-intel pass test-amd64-i386-qemut-rhel6hvm-intel pass test-amd64-i386-qemuu-rhel6hvm-intel pass test-amd64-amd64-libvirt pass test-armhf-armhf-libvirt pass test-amd64-i386-libvirt pass test-amd64-amd64-xl-multivcpu pass test-armhf-armhf-xl-multivcpu pass test-amd64-amd64-pair pass test-amd64-i386-pair pass test-amd64-amd64-libvirt-pair pass test-amd64-i386-libvirt-pair pass test-amd64-amd64-amd64-pvgrub pass test-amd64-amd64-i386-pvgrub pass test-amd64-amd64-pygrub pass test-amd64-amd64-xl-qcow2 pass test-armhf-armhf-libvirt-raw pass test-amd64-i386-xl-raw pass test-amd64-amd64-xl-rtds fail test-armhf-armhf-xl-rtds fail test-amd64-amd64-libvirt-vhd pass test-armhf-armhf-xl-vhd pass ------------------------------------------------------------ sg-report-flight on osstest.test-lab.xenproject.org logs: /home/logs/logs images: /home/logs/images Logs, config files, etc. are available at http://logs.test-lab.xenproject.org/osstest/logs Explanation of these reports, and of osstest in general, is at http://xenbits.xen.org/gitweb/?p=osstest.git;a=blob;f=README.email;hb=master http://xenbits.xen.org/gitweb/?p=osstest.git;a=blob;f=README;hb=master Test harness code can be found at http://xenbits.xen.org/gitweb?p=osstest.git;a=summary broken-step build-arm64-xsm hosts-allocate broken-step build-arm64-xsm capture-logs broken-step build-arm64-pvops hosts-allocate broken-step build-arm64 hosts-allocate broken-step build-arm64-pvops capture-logs broken-step build-arm64 capture-logs Not pushing. (No revision log; it would be 2801 lines long.) --===============2738437218938200640== Content-Type: text/plain; charset="utf-8" MIME-Version: 1.0 Content-Transfer-Encoding: base64 Content-Disposition: inline X19fX19fX19fX19fX19fX19fX19fX19fX19fX19fX19fX19fX19fX19fX19fX18KWGVuLWRldmVs IG1haWxpbmcgbGlzdApYZW4tZGV2ZWxAbGlzdHMueGVuLm9yZwpodHRwczovL2xpc3RzLnhlbi5v cmcveGVuLWRldmVsCg== --===============2738437218938200640==--