xen-devel.lists.xenproject.org archive mirror
 help / color / mirror / Atom feed
* [linux-4.1 test] 112503: tolerable trouble: blocked/broken/fail/pass - PUSHED
@ 2017-08-07 21:30 osstest service owner
  0 siblings, 0 replies; only message in thread
From: osstest service owner @ 2017-08-07 21:30 UTC (permalink / raw)
  To: xen-devel, osstest-admin

[-- Attachment #1: Type: text/plain, Size: 27337 bytes --]

flight 112503 linux-4.1 real [real]
http://logs.test-lab.xenproject.org/osstest/logs/112503/

Failures :-/ but no regressions.

Tests which are failing intermittently (not blocking):
 test-armhf-armhf-xl-xsm      15 guest-stop       fail in 112491 pass in 112503
 test-amd64-amd64-xl-qemut-win7-amd64 16 guest-localmigrate/x10 fail in 112491 pass in 112503
 test-amd64-i386-xl-qemut-win7-amd64 16 guest-localmigrate/x10 fail in 112491 pass in 112503
 test-armhf-armhf-xl-credit2  16 guest-start/debian.repeat  fail pass in 112491

Regressions which are regarded as allowable (not blocking):
 build-arm64-pvops             2 hosts-allocate         broken REGR. vs. 111195
 build-arm64                   2 hosts-allocate         broken REGR. vs. 111195
 build-arm64-xsm               2 hosts-allocate         broken REGR. vs. 111195

Tests which did not succeed, but are not blocking:
 test-arm64-arm64-libvirt-xsm  1 build-check(1)               blocked  n/a
 test-arm64-arm64-xl           1 build-check(1)               blocked  n/a
 build-arm64-libvirt           1 build-check(1)               blocked  n/a
 test-arm64-arm64-examine      1 build-check(1)               blocked  n/a
 test-arm64-arm64-xl-credit2   1 build-check(1)               blocked  n/a
 test-arm64-arm64-xl-xsm       1 build-check(1)               blocked  n/a
 build-arm64-xsm               3 capture-logs          broken blocked in 111195
 build-arm64                   3 capture-logs          broken blocked in 111195
 build-arm64-pvops             3 capture-logs                 broken never pass
 test-amd64-amd64-xl-qemuu-win7-amd64 17 guest-stop      fail blocked in 111195
 test-amd64-i386-xl-qemuu-win7-amd64 17 guest-stop fail in 112491 blocked in 111195
 test-amd64-amd64-xl-qemuu-win7-amd64 16 guest-localmigrate/x10 fail in 112491 like 111195
 test-armhf-armhf-libvirt-xsm 14 saverestore-support-check    fail  like 111195
 test-armhf-armhf-libvirt     14 saverestore-support-check    fail  like 111195
 test-amd64-i386-xl-qemuu-win7-amd64 16 guest-localmigrate/x10 fail like 111195
 test-amd64-amd64-xl-qemut-win7-amd64 17 guest-stop            fail like 111195
 test-amd64-i386-xl-qemut-win7-amd64 17 guest-stop             fail like 111195
 test-amd64-i386-libvirt      13 migrate-support-check        fail   never pass
 test-amd64-amd64-libvirt     13 migrate-support-check        fail   never pass
 test-amd64-i386-libvirt-xsm  13 migrate-support-check        fail   never pass
 test-amd64-amd64-xl-qemuu-ws16-amd64 10 windows-install        fail never pass
 test-amd64-amd64-xl-qemut-ws16-amd64 10 windows-install        fail never pass
 test-amd64-amd64-libvirt-qemuu-debianhvm-amd64-xsm 11 migrate-support-check fail never pass
 test-amd64-amd64-libvirt-vhd 12 migrate-support-check        fail   never pass
 test-armhf-armhf-xl-arndale  13 migrate-support-check        fail   never pass
 test-amd64-i386-libvirt-qemuu-debianhvm-amd64-xsm 11 migrate-support-check fail never pass
 test-armhf-armhf-xl-arndale  14 saverestore-support-check    fail   never pass
 test-amd64-i386-xl-qemuu-ws16-amd64 13 guest-saverestore       fail never pass
 test-amd64-amd64-qemuu-nested-amd 17 debian-hvm-install/l1/l2  fail never pass
 test-amd64-i386-xl-qemut-ws16-amd64 13 guest-saverestore       fail never pass
 test-armhf-armhf-xl-multivcpu 13 migrate-support-check        fail  never pass
 test-armhf-armhf-xl-multivcpu 14 saverestore-support-check    fail  never pass
 test-armhf-armhf-libvirt-xsm 13 migrate-support-check        fail   never pass
 test-armhf-armhf-xl-xsm      13 migrate-support-check        fail   never pass
 test-armhf-armhf-xl-xsm      14 saverestore-support-check    fail   never pass
 test-armhf-armhf-xl-cubietruck 13 migrate-support-check        fail never pass
 test-armhf-armhf-xl-cubietruck 14 saverestore-support-check    fail never pass
 test-armhf-armhf-xl          13 migrate-support-check        fail   never pass
 test-armhf-armhf-xl-credit2  13 migrate-support-check        fail   never pass
 test-armhf-armhf-xl          14 saverestore-support-check    fail   never pass
 test-armhf-armhf-xl-credit2  14 saverestore-support-check    fail   never pass
 test-armhf-armhf-libvirt     13 migrate-support-check        fail   never pass
 test-amd64-amd64-libvirt-xsm 13 migrate-support-check        fail   never pass
 test-armhf-armhf-libvirt-raw 12 migrate-support-check        fail   never pass
 test-armhf-armhf-libvirt-raw 13 saverestore-support-check    fail   never pass
 test-armhf-armhf-xl-rtds     13 migrate-support-check        fail   never pass
 test-armhf-armhf-xl-rtds     14 saverestore-support-check    fail   never pass
 test-armhf-armhf-xl-vhd      12 migrate-support-check        fail   never pass
 test-armhf-armhf-xl-vhd      13 saverestore-support-check    fail   never pass
 test-amd64-amd64-xl-qemuu-win10-i386 10 windows-install        fail never pass
 test-amd64-amd64-xl-qemut-win10-i386 10 windows-install        fail never pass
 test-amd64-i386-xl-qemuu-win10-i386 10 windows-install         fail never pass
 test-amd64-i386-xl-qemut-win10-i386 10 windows-install         fail never pass

version targeted for testing:
 linux                1af952704416d76ad86963f04feb10a3da143901
baseline version:
 linux                2ac51e21d8c50ca37fc9b5b9a9b4937c810b0d0a

Last test of basis   111195  2017-06-29 17:21:55 Z   39 days
Testing same since   112477  2017-08-06 04:23:16 Z    1 days    4 attempts

------------------------------------------------------------
People who touched revisions under test:
  "Eric W. Biederman" <ebiederm@xmission.com>
  Adam Borowski <kilobyte@angband.pl>
  Adrian Salido <salidoa@google.com>
  Al Viro <viro@zeniv.linux.org.uk>
  Alan Stern <stern@rowland.harvard.edu>
  Alex Deucher <alexander.deucher@amd.com>
  Alexander Potapenko <glider@google.com>
  Andrei Vagin <avagin@virtuozzo.com>
  Andrew Morton <akpm@linux-foundation.org>
  Andy Shevchenko <andriy.shevchenko@linux.intel.com>
  Anna Schumaker <Anna.Schumaker@Netapp.com>
  Arend van Spriel <arend.vanspriel@broadcom.com>
  Arjan van de Ven <arjan@linux.intel.com>
  Arnaldo Carvalho de Melo <acme@redhat.com>
  Artem Savkov <asavkov@redhat.com>
  Balakrishnan Raman <ramanb@cumulusnetworks.com>
  Baolin Wang <baolin.wang@linaro.org>
  Bart Van Assche <bart.vanassche@sandisk.com>
  Ben Hutchings <ben@decadent.org.uk>
  Benjamin Herrenschmidt <benh@kernel.crashing.org>
  Benjamin Tissoires <benjamin.tissoires@redhat.com>
  Bjørn Mork <bjorn@mork.no>
  Brendan McGrath <redmcg@redmandi.dyndns.org>
  Brian Norris <computersforpeace@gmail.com>
  Bryan O'Donoghue <bryan.odonoghue@imgtec.com>
  Catalin Marinas <catalin.marinas@arm.com>
  Christoph Hellwig <hch@lst.de>
  Chu Yuan Lin <cyl@datera.io>
  Cong Wang <xiyou.wangcong@gmail.com>
  Cyril Bur <cyrilbur@gmail.com>
  Cyrille Pitchen <cyrille.pitchen@atmel.com>
  Damien Le Moal <damien.lemoal@wdc.com>
  Dan Carpenter <dan.carpenter@oracle.com>
  Daniel Cashman <dcashman@android.com>
  Daniel Drake <drake@endlessm.com>
  Daniel Micay <danielmicay@gmail.com>
  Darrick J. Wong <darrick.wong@oracle.com>
  Dave Airlie <airlied@redhat.com>
  Dave Chinner <david@fromorbit.com>
  Dave Kleikamp <dave.kleikamp@oracle.com>
  David Dillow <dillow@google.com>
  David Howells <dhowells@redhat.com>
  David Lin <dtwlin@google.com>
  David Rientjes <rientjes@google.com>
  David S. Miller <davem@davemloft.net>
  David Sterba <dsterba@suse.com>
  Deepak Rawat <drawat@vmware.com>
  Devin Heitmueller <dheitmueller@kernellabs.com>
  Dick Kennedy <dick.kennedy@broadcom.com>
  Dmitry Torokhov <dmitry.torokhov@gmail.com>
  Dmitry V. Levin <ldv@altlinux.org>
  Dmitry Vyukov <dvyukov@google.com>
  Dongli Zhang <dongli.zhang@oracle.com>
  Doug Berger <opendmb@gmail.com>
  Eric Anholt <eric@anholt.net>
  Eric Biggers <ebiggers3@gmail.com>
  Eric Biggers <ebiggers@google.com>
  Eric Dumazet <edumazet@google.com>
  Eric Engestrom <eric.engestrom@imgtec.com>
  Eric Farman <farman@linux.vnet.ibm.com>
  Eric Leblond <eric@regit.org>
  Eric Sandeen <sandeen@redhat.com>
  Eric Sandeen <sandeen@sandeen.net>
  Eric W. Biederman <ebiederm@xmission.com>
  Fabio Estevam <fabio.estevam@nxp.com>
  Felipe Balbi <felipe.balbi@linux.intel.com>
  Felix Fietkau <nbd@nbd.name>
  Florian Fainelli <f.fainelli@gmail.com>
  G. Campana <gcampana@quarkslab.com>
  Gao Feng <gfree.wind@vip.163.com>
  Gary Guo <ghg@datera.io>
  Gavin Shan <gwshan@linux.vnet.ibm.com>
  Geert Uytterhoeven <geert+renesas@glider.be>
  Gilad Ben-Yossef <gilad@benyossef.com>
  Gleb Fotengauer-Malinovskiy <glebfm@altlinux.org>
  Greg Kroah-Hartman <gregkh@linuxfoundation.org>
  Guenter Roeck <linux@roeck-us.net>
  Hannes Frederic Sowa <hannes@stressinduktion.org>
  Heiko Carstens <heiko.carstens@de.ibm.com>
  Helge Deller <deller@gmx.de>
  Herbert Xu <herbert@gondor.apana.org.au>
  Himanshu Madhani <himanshu.madhani@cavium.com>
  Horia Geantă <horia.geanta@nxp.com>
  Hui Wang <hui.wang@canonical.com>
  Ian Abbott <abbotti@mev.co.uk>
  Ilya Matveychikov <matvejchikov@gmail.com>
  Ilya V. Matveychikov <matvejchikov@gmail.com>
  Ingo Molnar <mingo@kernel.org>
  Ivan Vecera <cera@cera.cz>
  Jack Morgenstein <jackm@dev.mellanox.co.il>
  James Hogan <james.hogan@imgtec.com>
  James Morris <james.l.morris@oracle.com>
  James Smart <james.smart@broadcom.com>
  Jarkko Sakkinen <jarkko.sakkinen@linux.intel.com>
  Jason Yan <yanaijie@huawei.com>
  Jeremie Rapin <rapinj@gmail.com>
  Jia-Ju Bai <baijiaju1990@163.com>
  Jim Mattson <jmattson@google.com>
  Jiri Kosina <jkosina@suse.cz>
  Jiri Olsa <jolsa@kernel.org>
  Jiri Slaby <jslaby@suse.cz>
  Joe Perches <joe@perches.com>
  Joel Stanley <joel@jms.id.au>
  Joerg Roedel <jroedel@suse.de>
  Johan Hovold <johan@kernel.org>
  Johannes Berg <johannes.berg@intel.com>
  Johannes Thumshirn <jthumshirn@suse.de>
  John Crispin <blogic@openwrt.org>
  John Stultz <john.stultz@linaro.org>
  Jon Mason <jon.mason@broadcom.com>
  Josh Zimmerman <joshz@google.com>
  Jouni Malinen <jouni@qca.qualcomm.com>
  Joël Esponde <joel.esponde@honeywell.com>
  Julian Anastasov <ja@ssi.bg>
  Kees Cook <keescook@chromium.org>
  Kevin Hilman <khilman@baylibre.com>
  Kinglong Mee <kinglongmee@gmail.com>
  Kirill A. Shutemov <kirill.shutemov@linux.intel.com>
  Konrad Rzeszutek Wilk <konrad.wilk@oracle.com>
  Konrad Rzeszutek Wilk <konrad@kernel.org>
  Krister Johansen <kjlx@templeofstupid.com>
  Lauro Ramos Venancio <lvenanci@redhat.com>
  Lendacky, Thomas <Thomas.Lendacky@amd.com>
  Linus Torvalds <torvalds@linux-foundation.org>
  Linus Walleij <linus.walleij@linaro.org>
  Liu Bo <bo.li.liu@oracle.com>
  Maciej S. Szmigiero <mail@maciej.szmigiero.name>
  Malcolm Priestley <tvboxspy@gmail.com>
  Marc Zyngier <marc.zyngier@arm.com>
  Marcelo Ricardo Leitner <marcelo.leitner@gmail.com>
  Marcin Nowakowski <marcin.nowakowski@imgtec.com>
  Mark Brown <broonie@kernel.org>
  Mark Rutland <mark.rutland@arm.com>
  Markus Trippelsdorf <markus@trippelsdorf.de>
  Martin Blumenstingl <martin.blumenstingl@googlemail.com>
  Martin Hicks <mort@bork.org>
  Martin K. Petersen <martin.petersen@oracle.com>
  Martin KaFai Lau <kafai@fb.com>
  Martin Schwidefsky <schwidefsky@de.ibm.com>
  Masahiro Yamada <yamada.masahiro@socionext.com>
  Masami Hiramatsu <mhiramat@kernel.org>
  Mateusz Jurczyk <mjurczyk@google.com>
  Mauro Carvalho Chehab <mchehab@s-opensource.com>
  Michael Ellerman <mpe@ellerman.id.au>
  Michael Grzeschik <m.grzeschik@pengutronix.de>
  Michael S. Tsirkin <mst@redhat.com>
  Michal Hocko <mhocko@suse.com>
  Michal Nazarewicz <mina86@mina86.com>
  Mimi Zohar <zohar@linux.vnet.ibm.com>
  Naveen N. Rao <naveen.n.rao@linux.vnet.ibm.com>
  NeilBrown <neilb@suse.com>
  Nicholas Bellinger <nab@linux-iscsi.org>
  Nick Moriarty <nick.moriarty@york.ac.uk>
  Nikita Yushchenko <nikita.yoush@cogentembedded.com>
  Pablo Neira Ayuso <pablo@netfilter.org>
  Pan Bian <bianpan2016@163.com>
  Paolo Abeni <pabeni@redhat.com>
  Paul Burton <paul.burton@imgtec.com>
  Paul Mackerras <paulus@ozlabs.org>
  Pavankumar Kondeti <pkondeti@codeaurora.org>
  Pavel Machek <pavel@ucw.cz>
  Pavel Shilovsky <pshilov@microsoft.com>
  Peter Zijlstra (Intel) <peterz@infradead.org>
  Peter Zijlstra <peterz@infradead.org>
  Pooya Keshavarzi <Pooya.Keshavarzi@de.bosch.com>
  Quinn Tran <quinn.tran@cavium.com>
  Radim Krčmář <rkrcmar@redhat.com>
  Rafael J. Wysocki <rafael.j.wysocki@intel.com>
  Rafał Miłecki <zajec5@gmail.com>
  Ralf Baechle <ralf@linux-mips.org>
  Richard Cochran <richardcochran@gmail.com>
  Rik van Riel <riel@redhat.com>
  Roberto Sassu <rsassu@suse.de>
  Roopa Prabhu <roopa@cumulusnetworks.com>
  Russell Currey <ruscur@russell.cc>
  Russell King <rmk+kernel@armlinux.org.uk>
  Sabrina Dubroca <sd@queasysnail.net>
  Sachin Prabhu <sprabhu@redhat.com>
  Sahitya Tummala <stummala@codeaurora.org>
  Sasha Levin <alexander.levin@verizon.com>
  Sasha Levin <sasha.levin@oracle.com>
  Shaohua Li <shli@fb.com>
  Shawn Guo <shawnguo@kernel.org>
  Shuah Khan <shuahkh@osg.samsung.com>
  Simon Horman <horms@verge.net.au>
  Srinivas Dasari <dasaris@qti.qualcomm.com>
  Stefano Stabellini <sstabellini@kernel.org>
  Steffen Klassert <steffen.klassert@secunet.com>
  Steve Capper <steve.capper@arm.com>
  Steve French <smfrench@gmail.com>
  Steven Rostedt (VMware) <rostedt@goodmis.org>
  Steven Rostedt <rostedt@goodmis.org>
  Suzuki K Poulose <suzuki.poulose@arm.com>
  Takashi Iwai <tiwai@suse.de>
  Tariq Toukan <tariqt@mellanox.com>
  Teemu Likonen <tlikonen@iki.fi>
  Theodore Ts'o <tytso@mit.edu>
  Thomas Bogendoerfer <tsbogend@alpha.franken.de>
  Thomas Gleixner <tglx@linutronix.de>
  Thomas Hellstrom <thellstrom@vmware.com>
  Tobias Klauser <tklauser@distanz.ch>
  Tobias Wolf <dev-NTEO@vplace.de>
  Tom Lendacky <thomas.lendacky@amd.com>
  Tomasz Wilczyński <twilczynski@naver.com>
  Trond Myklebust <trond.myklebust@primarydata.com>
  Uwe Kleine-König <u.kleine-koenig@pengutronix.de>
  Vineeth Remanan Pillai <vineethp@amazon.com>
  Viresh Kumar <viresh.kumar@linaro.org>
  Vladimir Davydov <vdavydov.dev@gmail.com>
  Vlastimil Babka <vbabka@suse.cz>
  WANG Cong <xiyou.wangcong@gmail.com>
  Wang YanQing <udknight@gmail.com>
  wangweidong <wangweidong1@huawei.com>
  Wanpeng Li <wanpeng.li@hotmail.com>
  Wei Wang <weiwan@google.com>
  Weidong Wang <wangweidong1@huawei.com>
  Will Deacon <will.deacon@arm.com>
  Willem de Bruijn <willemb@google.com>
  William Wu <william.wu@rock-chips.com>
  Wim Van Sebroeck <wim@iguana.be>
  Xin Long <lucien.xin@gmail.com>
  Zach Ploskey <zach@ploskey.com>
  Álvaro Fernández Rojas <noltari@gmail.com>

jobs:
 build-amd64-xsm                                              pass    
 build-arm64-xsm                                              broken  
 build-armhf-xsm                                              pass    
 build-i386-xsm                                               pass    
 build-amd64                                                  pass    
 build-arm64                                                  broken  
 build-armhf                                                  pass    
 build-i386                                                   pass    
 build-amd64-libvirt                                          pass    
 build-arm64-libvirt                                          blocked 
 build-armhf-libvirt                                          pass    
 build-i386-libvirt                                           pass    
 build-amd64-pvops                                            pass    
 build-arm64-pvops                                            broken  
 build-armhf-pvops                                            pass    
 build-i386-pvops                                             pass    
 build-amd64-rumprun                                          pass    
 build-i386-rumprun                                           pass    
 test-amd64-amd64-xl                                          pass    
 test-arm64-arm64-xl                                          blocked 
 test-armhf-armhf-xl                                          pass    
 test-amd64-i386-xl                                           pass    
 test-amd64-amd64-xl-qemut-debianhvm-amd64-xsm                pass    
 test-amd64-i386-xl-qemut-debianhvm-amd64-xsm                 pass    
 test-amd64-amd64-libvirt-qemuu-debianhvm-amd64-xsm           pass    
 test-amd64-i386-libvirt-qemuu-debianhvm-amd64-xsm            pass    
 test-amd64-amd64-xl-qemuu-debianhvm-amd64-xsm                pass    
 test-amd64-i386-xl-qemuu-debianhvm-amd64-xsm                 pass    
 test-amd64-amd64-xl-qemut-stubdom-debianhvm-amd64-xsm        pass    
 test-amd64-i386-xl-qemut-stubdom-debianhvm-amd64-xsm         pass    
 test-amd64-amd64-libvirt-xsm                                 pass    
 test-arm64-arm64-libvirt-xsm                                 blocked 
 test-armhf-armhf-libvirt-xsm                                 pass    
 test-amd64-i386-libvirt-xsm                                  pass    
 test-amd64-amd64-xl-xsm                                      pass    
 test-arm64-arm64-xl-xsm                                      blocked 
 test-armhf-armhf-xl-xsm                                      pass    
 test-amd64-i386-xl-xsm                                       pass    
 test-amd64-amd64-qemuu-nested-amd                            fail    
 test-amd64-amd64-xl-pvh-amd                                  pass    
 test-amd64-i386-qemut-rhel6hvm-amd                           pass    
 test-amd64-i386-qemuu-rhel6hvm-amd                           pass    
 test-amd64-amd64-xl-qemut-debianhvm-amd64                    pass    
 test-amd64-i386-xl-qemut-debianhvm-amd64                     pass    
 test-amd64-amd64-xl-qemuu-debianhvm-amd64                    pass    
 test-amd64-i386-xl-qemuu-debianhvm-amd64                     pass    
 test-amd64-i386-freebsd10-amd64                              pass    
 test-amd64-amd64-xl-qemuu-ovmf-amd64                         pass    
 test-amd64-i386-xl-qemuu-ovmf-amd64                          pass    
 test-amd64-amd64-rumprun-amd64                               pass    
 test-amd64-amd64-xl-qemut-win7-amd64                         fail    
 test-amd64-i386-xl-qemut-win7-amd64                          fail    
 test-amd64-amd64-xl-qemuu-win7-amd64                         fail    
 test-amd64-i386-xl-qemuu-win7-amd64                          fail    
 test-amd64-amd64-xl-qemut-ws16-amd64                         fail    
 test-amd64-i386-xl-qemut-ws16-amd64                          fail    
 test-amd64-amd64-xl-qemuu-ws16-amd64                         fail    
 test-amd64-i386-xl-qemuu-ws16-amd64                          fail    
 test-armhf-armhf-xl-arndale                                  pass    
 test-amd64-amd64-xl-credit2                                  pass    
 test-arm64-arm64-xl-credit2                                  blocked 
 test-armhf-armhf-xl-credit2                                  fail    
 test-armhf-armhf-xl-cubietruck                               pass    
 test-amd64-amd64-examine                                     pass    
 test-arm64-arm64-examine                                     blocked 
 test-armhf-armhf-examine                                     pass    
 test-amd64-i386-examine                                      pass    
 test-amd64-i386-freebsd10-i386                               pass    
 test-amd64-i386-rumprun-i386                                 pass    
 test-amd64-amd64-xl-qemut-win10-i386                         fail    
 test-amd64-i386-xl-qemut-win10-i386                          fail    
 test-amd64-amd64-xl-qemuu-win10-i386                         fail    
 test-amd64-i386-xl-qemuu-win10-i386                          fail    
 test-amd64-amd64-qemuu-nested-intel                          pass    
 test-amd64-amd64-xl-pvh-intel                                pass    
 test-amd64-i386-qemut-rhel6hvm-intel                         pass    
 test-amd64-i386-qemuu-rhel6hvm-intel                         pass    
 test-amd64-amd64-libvirt                                     pass    
 test-armhf-armhf-libvirt                                     pass    
 test-amd64-i386-libvirt                                      pass    
 test-amd64-amd64-xl-multivcpu                                pass    
 test-armhf-armhf-xl-multivcpu                                pass    
 test-amd64-amd64-pair                                        pass    
 test-amd64-i386-pair                                         pass    
 test-amd64-amd64-libvirt-pair                                pass    
 test-amd64-i386-libvirt-pair                                 pass    
 test-amd64-amd64-amd64-pvgrub                                pass    
 test-amd64-amd64-i386-pvgrub                                 pass    
 test-amd64-amd64-pygrub                                      pass    
 test-amd64-amd64-xl-qcow2                                    pass    
 test-armhf-armhf-libvirt-raw                                 pass    
 test-amd64-i386-xl-raw                                       pass    
 test-amd64-amd64-xl-rtds                                     pass    
 test-armhf-armhf-xl-rtds                                     pass    
 test-amd64-amd64-libvirt-vhd                                 pass    
 test-armhf-armhf-xl-vhd                                      pass    


------------------------------------------------------------
sg-report-flight on osstest.test-lab.xenproject.org
logs: /home/logs/logs
images: /home/logs/images

Logs, config files, etc. are available at
    http://logs.test-lab.xenproject.org/osstest/logs

Explanation of these reports, and of osstest in general, is at
    http://xenbits.xen.org/gitweb/?p=osstest.git;a=blob;f=README.email;hb=master
    http://xenbits.xen.org/gitweb/?p=osstest.git;a=blob;f=README;hb=master

Test harness code can be found at
    http://xenbits.xen.org/gitweb?p=osstest.git;a=summary

broken-step build-arm64-pvops hosts-allocate
broken-step build-arm64 hosts-allocate
broken-step build-arm64-xsm hosts-allocate
broken-step build-arm64-pvops capture-logs
broken-step build-arm64-xsm capture-logs
broken-step build-arm64 capture-logs

Pushing revision :

+ branch=linux-4.1
+ revision=1af952704416d76ad86963f04feb10a3da143901
+ . ./cri-lock-repos
++ . ./cri-common
+++ . ./cri-getconfig
+++ umask 002
+++ getrepos
++++ getconfig Repos
++++ perl -e '
                use Osstest;
                readglobalconfig();
                print $c{"Repos"} or die $!;
        '
+++ local repos=/home/osstest/repos
+++ '[' -z /home/osstest/repos ']'
+++ '[' '!' -d /home/osstest/repos ']'
+++ echo /home/osstest/repos
++ repos=/home/osstest/repos
++ repos_lock=/home/osstest/repos/lock
++ '[' x '!=' x/home/osstest/repos/lock ']'
++ OSSTEST_REPOS_LOCK_LOCKED=/home/osstest/repos/lock
++ exec with-lock-ex -w /home/osstest/repos/lock ./ap-push linux-4.1 1af952704416d76ad86963f04feb10a3da143901
+ branch=linux-4.1
+ revision=1af952704416d76ad86963f04feb10a3da143901
+ . ./cri-lock-repos
++ . ./cri-common
+++ . ./cri-getconfig
+++ umask 002
+++ getrepos
++++ getconfig Repos
++++ perl -e '
                use Osstest;
                readglobalconfig();
                print $c{"Repos"} or die $!;
        '
+++ local repos=/home/osstest/repos
+++ '[' -z /home/osstest/repos ']'
+++ '[' '!' -d /home/osstest/repos ']'
+++ echo /home/osstest/repos
++ repos=/home/osstest/repos
++ repos_lock=/home/osstest/repos/lock
++ '[' x/home/osstest/repos/lock '!=' x/home/osstest/repos/lock ']'
+ . ./cri-common
++ . ./cri-getconfig
++ umask 002
+ select_xenbranch
+ case "$branch" in
+ tree=linux
+ xenbranch=xen-unstable
+ '[' xlinux = xlinux ']'
+ linuxbranch=linux-4.1
+ '[' x = x ']'
+ qemuubranch=qemu-upstream-unstable
+ select_prevxenbranch
++ ./cri-getprevxenbranch xen-unstable
+ prevxenbranch=xen-4.9-testing
+ '[' x1af952704416d76ad86963f04feb10a3da143901 = x ']'
+ : tested/2.6.39.x
+ . ./ap-common
++ : osstest@xenbits.xen.org
+++ getconfig OsstestUpstream
+++ perl -e '
                use Osstest;
                readglobalconfig();
                print $c{"OsstestUpstream"} or die $!;
        '
++ :
++ : git://xenbits.xen.org/xen.git
++ : osstest@xenbits.xen.org:/home/xen/git/xen.git
++ : git://xenbits.xen.org/qemu-xen-traditional.git
++ : git://git.kernel.org
++ : git://git.kernel.org/pub/scm/linux/kernel/git
++ : git
++ : git://xenbits.xen.org/xtf.git
++ : osstest@xenbits.xen.org:/home/xen/git/xtf.git
++ : git://xenbits.xen.org/xtf.git
++ : git://xenbits.xen.org/libvirt.git
++ : osstest@xenbits.xen.org:/home/xen/git/libvirt.git
++ : git://xenbits.xen.org/libvirt.git
++ : git://xenbits.xen.org/osstest/rumprun.git
++ : git
++ : git://xenbits.xen.org/osstest/rumprun.git
++ : osstest@xenbits.xen.org:/home/xen/git/osstest/rumprun.git
++ : git://git.seabios.org/seabios.git
++ : osstest@xenbits.xen.org:/home/xen/git/osstest/seabios.git
++ : git://xenbits.xen.org/osstest/seabios.git
++ : https://github.com/tianocore/edk2.git
++ : osstest@xenbits.xen.org:/home/xen/git/osstest/ovmf.git
++ : git://xenbits.xen.org/osstest/ovmf.git
++ : git://xenbits.xen.org/osstest/linux-firmware.git
++ : osstest@xenbits.xen.org:/home/osstest/ext/linux-firmware.git
++ : git://git.kernel.org/pub/scm/linux/kernel/git/firmware/linux-firmware.git
++ : osstest@xenbits.xen.org:/home/xen/git/linux-pvops.git
++ : git://xenbits.xen.org/linux-pvops.git
++ : tested/linux-4.9
++ : tested/linux-arm-xen
++ '[' xgit://git.kernel.org/pub/scm/linux/kernel/git/stable/linux-stable.git = x ']'
++ '[' xgit://git.kernel.org/pub/scm/linux/kernel/git/stable/linux-stable.git = x ']'
++ : git://git.kernel.org/pub/scm/linux/kernel/git/konrad/xen.git
++ : tested/2.6.39.x
++ : daily-cron.linux-4.1
++ : daily-cron.linux-4.1
++ : daily-cron.linux-4.1
++ : daily-cron.linux-4.1
++ : daily-cron.linux-4.1
++ : daily-cron.linux-4.1
++ : daily-cron.linux-4.1
++ : http://hg.uk.xensource.com/carbon/trunk/linux-2.6.27
++ : git://xenbits.xen.org/qemu-xen.git
++ : osstest@xenbits.xen.org:/home/xen/git/qemu-xen.git
++ : daily-cron.linux-4.1
++ : git://xenbits.xen.org/qemu-xen.git
++ : git://git.qemu.org/qemu.git
+ TREE_LINUX=osstest@xenbits.xen.org:/home/xen/git/linux-pvops.git
+ TREE_QEMU_UPSTREAM=osstest@xenbits.xen.org:/home/xen/git/qemu-xen.git
+ TREE_XEN=osstest@xenbits.xen.org:/home/xen/git/xen.git
+ TREE_LIBVIRT=osstest@xenbits.xen.org:/home/xen/git/libvirt.git
+ TREE_RUMPRUN=osstest@xenbits.xen.org:/home/xen/git/osstest/rumprun.git
+ TREE_SEABIOS=osstest@xenbits.xen.org:/home/xen/git/osstest/seabios.git
+ TREE_OVMF=osstest@xenbits.xen.org:/home/xen/git/osstest/ovmf.git
+ TREE_XTF=osstest@xenbits.xen.org:/home/xen/git/xtf.git
+ info_linux_tree linux-4.1
+ case $1 in
+ : git://git.kernel.org/pub/scm/linux/kernel/git/stable/linux-stable.git
+ : linux-4.1.y
+ : linux-4.1.y
+ : git
+ : git
+ : git://xenbits.xen.org/linux-pvops.git
+ : osstest@xenbits.xen.org:/home/xen/git/linux-pvops.git
+ : tested/linux-4.1
+ : refs/heads/tested/linux-4.1
+ return 0
+ cd /home/osstest/repos/linux
+ git push osstest@xenbits.xen.org:/home/xen/git/linux-pvops.git 1af952704416d76ad86963f04feb10a3da143901:refs/heads/tested/linux-4.1
To osstest@xenbits.xen.org:/home/xen/git/linux-pvops.git
   2ac51e2..1af9527  1af952704416d76ad86963f04feb10a3da143901 -> tested/linux-4.1
+ exit 0


[-- Attachment #2: Type: text/plain, Size: 127 bytes --]

_______________________________________________
Xen-devel mailing list
Xen-devel@lists.xen.org
https://lists.xen.org/xen-devel

^ permalink raw reply	[flat|nested] only message in thread

only message in thread, other threads:[~2017-08-07 21:30 UTC | newest]

Thread overview: (only message) (download: mbox.gz follow: Atom feed
-- links below jump to the message on this page --
2017-08-07 21:30 [linux-4.1 test] 112503: tolerable trouble: blocked/broken/fail/pass - PUSHED osstest service owner

This is a public inbox, see mirroring instructions
for how to clone and mirror all data and code used for this inbox;
as well as URLs for NNTP newsgroup(s).