* [xen-unstable test] 112511: regressions - trouble: blocked/broken/fail/pass
@ 2017-08-08 10:20 osstest service owner
2017-08-09 10:02 ` Andrew Cooper
0 siblings, 1 reply; 2+ messages in thread
From: osstest service owner @ 2017-08-08 10:20 UTC (permalink / raw)
To: xen-devel, osstest-admin
[-- Attachment #1: Type: text/plain, Size: 14426 bytes --]
flight 112511 xen-unstable real [real]
http://logs.test-lab.xenproject.org/osstest/logs/112511/
Regressions :-(
Tests which did not succeed and are blocking,
including tests which could not be run:
test-amd64-amd64-xl-qemut-win7-amd64 13 guest-saverestore fail REGR. vs. 112496
build-armhf-xsm 5 host-build-prep fail REGR. vs. 112496
Regressions which are regarded as allowable (not blocking):
test-amd64-i386-xl-qemut-win7-amd64 17 guest-stop fail REGR. vs. 112447
Tests which did not succeed, but are not blocking:
test-arm64-arm64-libvirt-xsm 1 build-check(1) blocked n/a
test-arm64-arm64-xl 1 build-check(1) blocked n/a
build-arm64-libvirt 1 build-check(1) blocked n/a
test-arm64-arm64-examine 1 build-check(1) blocked n/a
test-arm64-arm64-xl-credit2 1 build-check(1) blocked n/a
test-armhf-armhf-libvirt-xsm 1 build-check(1) blocked n/a
test-armhf-armhf-xl-xsm 1 build-check(1) blocked n/a
test-arm64-arm64-xl-xsm 1 build-check(1) blocked n/a
build-arm64-xsm 2 hosts-allocate broken like 112496
build-arm64-pvops 2 hosts-allocate broken like 112496
build-arm64 2 hosts-allocate broken like 112496
build-arm64-xsm 3 capture-logs broken like 112496
build-arm64-pvops 3 capture-logs broken like 112496
build-arm64 3 capture-logs broken like 112496
test-amd64-amd64-xl-qemuu-win7-amd64 18 guest-start/win.repeat fail like 112423
test-armhf-armhf-xl-credit2 16 guest-start/debian.repeat fail like 112475
test-amd64-i386-xl-qemuu-win7-amd64 17 guest-stop fail like 112496
test-armhf-armhf-libvirt-raw 13 saverestore-support-check fail like 112496
test-armhf-armhf-libvirt 14 saverestore-support-check fail like 112496
test-amd64-amd64-xl-rtds 10 debian-install fail like 112496
test-amd64-amd64-xl-qemuu-ws16-amd64 10 windows-install fail never pass
test-amd64-i386-libvirt-xsm 13 migrate-support-check fail never pass
test-amd64-amd64-libvirt 13 migrate-support-check fail never pass
test-amd64-amd64-libvirt-xsm 13 migrate-support-check fail never pass
test-amd64-amd64-libvirt-qemuu-debianhvm-amd64-xsm 11 migrate-support-check fail never pass
test-amd64-i386-libvirt-qemuu-debianhvm-amd64-xsm 11 migrate-support-check fail never pass
test-armhf-armhf-xl-arndale 13 migrate-support-check fail never pass
test-armhf-armhf-xl-arndale 14 saverestore-support-check fail never pass
test-amd64-amd64-libvirt-vhd 12 migrate-support-check fail never pass
test-amd64-i386-xl-qemuu-ws16-amd64 13 guest-saverestore fail never pass
test-amd64-amd64-qemuu-nested-amd 17 debian-hvm-install/l1/l2 fail never pass
test-armhf-armhf-xl-multivcpu 13 migrate-support-check fail never pass
test-armhf-armhf-xl-multivcpu 14 saverestore-support-check fail never pass
test-armhf-armhf-xl-cubietruck 13 migrate-support-check fail never pass
test-armhf-armhf-xl-cubietruck 14 saverestore-support-check fail never pass
test-armhf-armhf-xl 13 migrate-support-check fail never pass
test-armhf-armhf-xl 14 saverestore-support-check fail never pass
test-armhf-armhf-xl-credit2 13 migrate-support-check fail never pass
test-armhf-armhf-xl-credit2 14 saverestore-support-check fail never pass
test-amd64-i386-xl-qemut-ws16-amd64 13 guest-saverestore fail never pass
test-amd64-i386-libvirt 13 migrate-support-check fail never pass
test-armhf-armhf-libvirt-raw 12 migrate-support-check fail never pass
test-amd64-amd64-xl-qemut-ws16-amd64 10 windows-install fail never pass
test-armhf-armhf-libvirt 13 migrate-support-check fail never pass
test-armhf-armhf-xl-rtds 13 migrate-support-check fail never pass
test-armhf-armhf-xl-rtds 14 saverestore-support-check fail never pass
test-armhf-armhf-xl-vhd 12 migrate-support-check fail never pass
test-armhf-armhf-xl-vhd 13 saverestore-support-check fail never pass
test-amd64-amd64-xl-qemuu-win10-i386 10 windows-install fail never pass
test-amd64-i386-xl-qemuu-win10-i386 10 windows-install fail never pass
test-amd64-amd64-xl-qemut-win10-i386 10 windows-install fail never pass
test-amd64-i386-xl-qemut-win10-i386 10 windows-install fail never pass
version targeted for testing:
xen dd050808ccc23f0a11d5596409f4245b9406a242
baseline version:
xen b8029db62eb2a06a204a8e2b69437d0927bd1ac4
Last test of basis 112496 2017-08-07 02:01:01 Z 1 days
Testing same since 112511 2017-08-07 14:47:08 Z 0 days 1 attempts
------------------------------------------------------------
People who touched revisions under test:
Andrew Cooper <andrew.cooper3@citrix.com>
Andrii Anisov <andrii_anisov@epam.com>
He Chen <he.chen@linux.intel.com>
Ian Jackson <ian.jackson@eu.citrix.com>
Iurii Konovalenko <iurii.konovalenko@globallogic.com>
Iurii Mykhalskyi <iurii.mykhalskyi@globallogic.com>
Jan Beulich <jbeulich@suse.com>
Julien Grall <julien.grall@arm.com>
Kevin Tian <kevin.tian@intel.com>
Marek Marczykowski-Górecki <marmarek@invisiblethingslab.com>
Praveen Kumar <kpraveen.lkml@gmail.com>
Rusty Bird <rustybird@openmailbox.org>
Sergej Proskurin <proskurin@sec.in.tum.de>
Stefano Stabellini <sstabellini@kernel.org>
Wei Liu <wei.liu2@citrix.com>
Xiao Liang <xiliang@redhat.com>
xiliang <xiliang@redhat.com>
Yi Sun <yi.y.sun@linux.intel.com>
jobs:
build-amd64-xsm pass
build-arm64-xsm broken
build-armhf-xsm broken
build-i386-xsm pass
build-amd64-xtf pass
build-amd64 pass
build-arm64 broken
build-armhf pass
build-i386 pass
build-amd64-libvirt pass
build-arm64-libvirt blocked
build-armhf-libvirt pass
build-i386-libvirt pass
build-amd64-prev pass
build-i386-prev pass
build-amd64-pvops pass
build-arm64-pvops broken
build-armhf-pvops pass
build-i386-pvops pass
build-amd64-rumprun pass
build-i386-rumprun pass
test-xtf-amd64-amd64-1 pass
test-xtf-amd64-amd64-2 pass
test-xtf-amd64-amd64-3 pass
test-xtf-amd64-amd64-4 pass
test-xtf-amd64-amd64-5 pass
test-amd64-amd64-xl pass
test-arm64-arm64-xl blocked
test-armhf-armhf-xl pass
test-amd64-i386-xl pass
test-amd64-amd64-xl-qemut-debianhvm-amd64-xsm pass
test-amd64-i386-xl-qemut-debianhvm-amd64-xsm pass
test-amd64-amd64-libvirt-qemuu-debianhvm-amd64-xsm pass
test-amd64-i386-libvirt-qemuu-debianhvm-amd64-xsm pass
test-amd64-amd64-xl-qemuu-debianhvm-amd64-xsm pass
test-amd64-i386-xl-qemuu-debianhvm-amd64-xsm pass
test-amd64-amd64-xl-qemut-stubdom-debianhvm-amd64-xsm pass
test-amd64-i386-xl-qemut-stubdom-debianhvm-amd64-xsm pass
test-amd64-amd64-libvirt-xsm pass
test-arm64-arm64-libvirt-xsm blocked
test-armhf-armhf-libvirt-xsm blocked
test-amd64-i386-libvirt-xsm pass
test-amd64-amd64-xl-xsm pass
test-arm64-arm64-xl-xsm blocked
test-armhf-armhf-xl-xsm blocked
test-amd64-i386-xl-xsm pass
test-amd64-amd64-qemuu-nested-amd fail
test-amd64-amd64-xl-pvh-amd pass
test-amd64-i386-qemut-rhel6hvm-amd pass
test-amd64-i386-qemuu-rhel6hvm-amd pass
test-amd64-amd64-xl-qemut-debianhvm-amd64 pass
test-amd64-i386-xl-qemut-debianhvm-amd64 pass
test-amd64-amd64-xl-qemuu-debianhvm-amd64 pass
test-amd64-i386-xl-qemuu-debianhvm-amd64 pass
test-amd64-i386-freebsd10-amd64 pass
test-amd64-amd64-xl-qemuu-ovmf-amd64 pass
test-amd64-i386-xl-qemuu-ovmf-amd64 pass
test-amd64-amd64-rumprun-amd64 pass
test-amd64-amd64-xl-qemut-win7-amd64 fail
test-amd64-i386-xl-qemut-win7-amd64 fail
test-amd64-amd64-xl-qemuu-win7-amd64 fail
test-amd64-i386-xl-qemuu-win7-amd64 fail
test-amd64-amd64-xl-qemut-ws16-amd64 fail
test-amd64-i386-xl-qemut-ws16-amd64 fail
test-amd64-amd64-xl-qemuu-ws16-amd64 fail
test-amd64-i386-xl-qemuu-ws16-amd64 fail
test-armhf-armhf-xl-arndale pass
test-amd64-amd64-xl-credit2 pass
test-arm64-arm64-xl-credit2 blocked
test-armhf-armhf-xl-credit2 fail
test-armhf-armhf-xl-cubietruck pass
test-amd64-amd64-examine pass
test-arm64-arm64-examine blocked
test-armhf-armhf-examine pass
test-amd64-i386-examine pass
test-amd64-i386-freebsd10-i386 pass
test-amd64-i386-rumprun-i386 pass
test-amd64-amd64-xl-qemut-win10-i386 fail
test-amd64-i386-xl-qemut-win10-i386 fail
test-amd64-amd64-xl-qemuu-win10-i386 fail
test-amd64-i386-xl-qemuu-win10-i386 fail
test-amd64-amd64-qemuu-nested-intel pass
test-amd64-amd64-xl-pvh-intel pass
test-amd64-i386-qemut-rhel6hvm-intel pass
test-amd64-i386-qemuu-rhel6hvm-intel pass
test-amd64-amd64-libvirt pass
test-armhf-armhf-libvirt pass
test-amd64-i386-libvirt pass
test-amd64-amd64-livepatch pass
test-amd64-i386-livepatch pass
test-amd64-amd64-migrupgrade pass
test-amd64-i386-migrupgrade pass
test-amd64-amd64-xl-multivcpu pass
test-armhf-armhf-xl-multivcpu pass
test-amd64-amd64-pair pass
test-amd64-i386-pair pass
test-amd64-amd64-libvirt-pair pass
test-amd64-i386-libvirt-pair pass
test-amd64-amd64-amd64-pvgrub pass
test-amd64-amd64-i386-pvgrub pass
test-amd64-amd64-pygrub pass
test-amd64-amd64-xl-qcow2 pass
test-armhf-armhf-libvirt-raw pass
test-amd64-i386-xl-raw pass
test-amd64-amd64-xl-rtds fail
test-armhf-armhf-xl-rtds pass
test-amd64-amd64-libvirt-vhd pass
test-armhf-armhf-xl-vhd pass
------------------------------------------------------------
sg-report-flight on osstest.test-lab.xenproject.org
logs: /home/logs/logs
images: /home/logs/images
Logs, config files, etc. are available at
http://logs.test-lab.xenproject.org/osstest/logs
Explanation of these reports, and of osstest in general, is at
http://xenbits.xen.org/gitweb/?p=osstest.git;a=blob;f=README.email;hb=master
http://xenbits.xen.org/gitweb/?p=osstest.git;a=blob;f=README;hb=master
Test harness code can be found at
http://xenbits.xen.org/gitweb?p=osstest.git;a=summary
broken-step build-arm64-xsm hosts-allocate
broken-step build-arm64-pvops hosts-allocate
broken-step build-arm64 hosts-allocate
broken-step build-arm64-xsm capture-logs
broken-step build-arm64-pvops capture-logs
broken-step build-arm64 capture-logs
Not pushing.
(No revision log; it would be 753 lines long.)
[-- Attachment #2: Type: text/plain, Size: 127 bytes --]
_______________________________________________
Xen-devel mailing list
Xen-devel@lists.xen.org
https://lists.xen.org/xen-devel
^ permalink raw reply [flat|nested] 2+ messages in thread
* Re: [xen-unstable test] 112511: regressions - trouble: blocked/broken/fail/pass
2017-08-08 10:20 [xen-unstable test] 112511: regressions - trouble: blocked/broken/fail/pass osstest service owner
@ 2017-08-09 10:02 ` Andrew Cooper
0 siblings, 0 replies; 2+ messages in thread
From: Andrew Cooper @ 2017-08-09 10:02 UTC (permalink / raw)
To: xen-devel; +Cc: Ian Jackson, Wei Liu
On 08/08/17 11:20, osstest service owner wrote:
> flight 112511 xen-unstable real [real]
> http://logs.test-lab.xenproject.org/osstest/logs/112511/
>
> Regressions :-(
>
> Tests which did not succeed and are blocking,
> including tests which could not be run:
> test-amd64-amd64-xl-qemut-win7-amd64 13 guest-saverestore fail REGR. vs. 112496
libxl-save-helper: debug: starting save: Success
xc: detail: fd 9, dom 4, max_iters 0, max_factor 0, flags 4, hvm 1
xc: info: Saving domain 4, type x86 HVM
libxl: debug: libxl_event.c:636:libxl__ev_xswatch_register: watch w=0x228bac8 wpath=/local/domain/0/device-model/4/logdirty/ret token=3/0: register slotnum=3
libxl: debug: libxl_event.c:573:watchfd_callback: watch w=0x228bac8 wpath=/local/domain/0/device-model/4/logdirty/ret token=3/0: event epath=/local/domain/0/device-model/4/logdirty/ret
libxl: debug: libxl_event.c:573:watchfd_callback: watch w=0x228bac8 wpath=/local/domain/0/device-model/4/logdirty/ret token=3/0: event epath=/local/domain/0/device-model/4/logdirty/ret
libxl: debug: libxl_event.c:673:libxl__ev_xswatch_deregister: watch w=0x228bac8 wpath=/local/domain/0/device-model/4/logdirty/ret token=3/0: deregister slotnum=3
libxl: debug: libxl_event.c:542:watchfd_callback: watch epath=/local/domain/0/device-model/4/logdirty/ret token=3/0: empty slot
libxl: debug: libxl_dom_suspend.c:179:domain_suspend_callback_common: Domain 4:Calling xc_domain_shutdown on HVM domain
libxl: debug: libxl_dom_suspend.c:294:domain_suspend_common_wait_guest: Domain 4:wait for the guest to suspend
libxl: debug: libxl_event.c:636:libxl__ev_xswatch_register: watch w=0x228b250 wpath=@releaseDomain token=3/1: register slotnum=3
libxl: debug: libxl_event.c:573:watchfd_callback: watch w=0x228b250 wpath=@releaseDomain token=3/1: event epath=@releaseDomain
libxl: debug: libxl_dom_suspend.c:352:suspend_common_wait_guest_check: Domain 4:guest has suspended
libxl: debug: libxl_event.c:673:libxl__ev_xswatch_deregister: watch w=0x228b250 wpath=@releaseDomain token=3/1: deregister slotnum=3
libxl: debug: libxl_dom_suspend.c:80:libxl__domain_suspend_device_model: Domain 4:Saving device model state to /var/lib/xen/qemu-save.4
libxl: debug: libxl_event.c:686:libxl__ev_xswatch_deregister: watch w=0x228b250: deregister unregistered
xc: detail: Frames: 11264/1045504 1%
xc: detail: Frames: 21504/1045504 2%
xc: detail: Frames: 31744/1045504 3%
xc: detail: Frames: 41984/1045504 4%
xc: detail: Frames: 53248/1045504 5%
xc: detail: Frames: 63488/1045504 6%
xc: detail: Frames: 73728/1045504 7%
xc: detail: Frames: 83968/1045504 8%
xc: detail: Frames: 94208/1045504 9%
xc: detail: Frames: 105472/1045504 10%
xc: detail: Frames: 115712/1045504 11%
xc: detail: Frames: 125952/1045504 12%
xc: detail: Frames: 136192/1045504 13%
xc: detail: Frames: 146432/1045504 14%
xc: detail: Frames: 157696/1045504 15%
xc: detail: Frames: 167936/1045504 16%
xc: detail: Frames: 178176/1045504 17%
xc: detail: Frames: 188416/1045504 18%
xc: error: Failed to get types for pfn batch (14 = Bad address): Internal error
xc: error: Save failed (14 = Bad address): Internal error
This is intermittent, but something is clearly wrong with the process. As a first guess, I'd say this is dom0 kernel related.
~Andrew
_______________________________________________
Xen-devel mailing list
Xen-devel@lists.xen.org
https://lists.xen.org/xen-devel
^ permalink raw reply [flat|nested] 2+ messages in thread
end of thread, other threads:[~2017-08-09 10:02 UTC | newest]
Thread overview: 2+ messages (download: mbox.gz follow: Atom feed
-- links below jump to the message on this page --
2017-08-08 10:20 [xen-unstable test] 112511: regressions - trouble: blocked/broken/fail/pass osstest service owner
2017-08-09 10:02 ` Andrew Cooper
This is a public inbox, see mirroring instructions
for how to clone and mirror all data and code used for this inbox;
as well as URLs for NNTP newsgroup(s).