xen-devel.lists.xenproject.org archive mirror
 help / color / mirror / Atom feed
* [linux-4.9 test] 112513: tolerable trouble: blocked/broken/fail/pass - PUSHED
@ 2017-08-08 12:27 osstest service owner
  0 siblings, 0 replies; only message in thread
From: osstest service owner @ 2017-08-08 12:27 UTC (permalink / raw)
  To: xen-devel, osstest-admin

[-- Attachment #1: Type: text/plain, Size: 23703 bytes --]

flight 112513 linux-4.9 real [real]
http://logs.test-lab.xenproject.org/osstest/logs/112513/

Failures :-/ but no regressions.

Tests which did not succeed, but are not blocking:
 test-arm64-arm64-libvirt-xsm  1 build-check(1)               blocked  n/a
 test-arm64-arm64-xl           1 build-check(1)               blocked  n/a
 build-arm64-libvirt           1 build-check(1)               blocked  n/a
 test-arm64-arm64-examine      1 build-check(1)               blocked  n/a
 test-arm64-arm64-xl-credit2   1 build-check(1)               blocked  n/a
 test-arm64-arm64-xl-xsm       1 build-check(1)               blocked  n/a
 build-arm64-xsm               2 hosts-allocate              broken like 112405
 build-arm64-pvops             2 hosts-allocate              broken like 112405
 build-arm64                   2 hosts-allocate              broken like 112405
 build-arm64-pvops             3 capture-logs                broken like 112405
 build-arm64                   3 capture-logs                broken like 112405
 build-arm64-xsm               3 capture-logs                 broken never pass
 test-amd64-amd64-xl-qemuu-win7-amd64 16 guest-localmigrate/x10 fail like 112363
 test-amd64-i386-xl-qemuu-win7-amd64 17 guest-stop             fail like 112397
 test-amd64-i386-xl-qemut-win7-amd64 16 guest-localmigrate/x10 fail like 112397
 test-amd64-amd64-xl-qemut-win7-amd64 16 guest-localmigrate/x10 fail like 112405
 test-armhf-armhf-xl-rtds     16 guest-start/debian.repeat    fail  like 112405
 test-amd64-amd64-xl-rtds     10 debian-install               fail  like 112405
 test-amd64-amd64-libvirt     13 migrate-support-check        fail   never pass
 test-amd64-i386-libvirt      13 migrate-support-check        fail   never pass
 test-amd64-amd64-xl-qemuu-ws16-amd64 10 windows-install        fail never pass
 test-amd64-i386-libvirt-xsm  13 migrate-support-check        fail   never pass
 test-amd64-amd64-xl-qemut-ws16-amd64 10 windows-install        fail never pass
 test-amd64-amd64-libvirt-xsm 13 migrate-support-check        fail   never pass
 test-armhf-armhf-xl-arndale  13 migrate-support-check        fail   never pass
 test-armhf-armhf-xl-arndale  14 saverestore-support-check    fail   never pass
 test-amd64-i386-libvirt-qemuu-debianhvm-amd64-xsm 11 migrate-support-check fail never pass
 test-amd64-amd64-qemuu-nested-amd 17 debian-hvm-install/l1/l2  fail never pass
 test-amd64-amd64-libvirt-vhd 12 migrate-support-check        fail   never pass
 test-armhf-armhf-xl-rtds     13 migrate-support-check        fail   never pass
 test-armhf-armhf-xl-rtds     14 saverestore-support-check    fail   never pass
 test-amd64-i386-xl-qemuu-ws16-amd64 13 guest-saverestore       fail never pass
 test-armhf-armhf-xl-credit2  13 migrate-support-check        fail   never pass
 test-armhf-armhf-xl-credit2  14 saverestore-support-check    fail   never pass
 test-armhf-armhf-xl          13 migrate-support-check        fail   never pass
 test-armhf-armhf-libvirt-xsm 13 migrate-support-check        fail   never pass
 test-armhf-armhf-xl          14 saverestore-support-check    fail   never pass
 test-armhf-armhf-libvirt-xsm 14 saverestore-support-check    fail   never pass
 test-armhf-armhf-libvirt     13 migrate-support-check        fail   never pass
 test-armhf-armhf-xl-multivcpu 13 migrate-support-check        fail  never pass
 test-armhf-armhf-libvirt     14 saverestore-support-check    fail   never pass
 test-armhf-armhf-xl-multivcpu 14 saverestore-support-check    fail  never pass
 test-armhf-armhf-xl-cubietruck 13 migrate-support-check        fail never pass
 test-armhf-armhf-xl-xsm      13 migrate-support-check        fail   never pass
 test-armhf-armhf-xl-xsm      14 saverestore-support-check    fail   never pass
 test-armhf-armhf-xl-cubietruck 14 saverestore-support-check    fail never pass
 test-amd64-amd64-libvirt-qemuu-debianhvm-amd64-xsm 11 migrate-support-check fail never pass
 test-armhf-armhf-libvirt-raw 12 migrate-support-check        fail   never pass
 test-armhf-armhf-libvirt-raw 13 saverestore-support-check    fail   never pass
 test-amd64-i386-xl-qemut-ws16-amd64 13 guest-saverestore       fail never pass
 test-armhf-armhf-xl-vhd      12 migrate-support-check        fail   never pass
 test-armhf-armhf-xl-vhd      13 saverestore-support-check    fail   never pass
 test-amd64-i386-xl-qemut-win10-i386 10 windows-install         fail never pass
 test-amd64-amd64-xl-qemut-win10-i386 10 windows-install        fail never pass
 test-amd64-i386-xl-qemuu-win10-i386 10 windows-install         fail never pass
 test-amd64-amd64-xl-qemuu-win10-i386 10 windows-install        fail never pass

version targeted for testing:
 linux                db397d9c6e66afdd34ae430172db122632b5f8a7
baseline version:
 linux                efcfbfb1d8bf756d1b58fe215bf4e419d176435b

Last test of basis   112405  2017-08-01 03:50:17 Z    7 days
Testing same since   112497  2017-08-07 02:26:34 Z    1 days    2 attempts

------------------------------------------------------------
People who touched revisions under test:
  Al Viro <viro@zeniv.linux.org.uk>
  Alex Williamson <alex.williamson@redhat.com>
  Amit Pundir <amit.pundir@linaro.org>
  Anand Jain <anand.jain@oracle.com>
  Andreas Schaertl <andreas.schaertl@fau.de>
  Andrzej Hajda <a.hajda@samsung.com>
  Andy Shevchenko <andriy.shevchenko@linux.intel.com>
  Anna Schumaker <Anna.Schumaker@Netapp.com>
  Annie Cherkaev <annie.cherk@gmail.com>
  Arnaldo Carvalho de Melo <acme@redhat.com>
  Arnd Bergmann <arnd@arndb.de>
  Arvind Yadav <arvind.yadav.cs@gmail.com>
  Bartlomiej Zolnierkiewicz <b.zolnierkie@samsung.com>
  Ben Skeggs <bskeggs@redhat.com>
  Benjamin Coddington <bcodding@redhat.com>
  Benjamin Poirier <bpoirier@suse.com>
  Burak Ok <burak-kernel@bur0k.de>
  Caleb Crome <caleb@crome.org>
  Catalin Marinas <catalin.marinas@arm.com>
  Cheah Kok Cheong <thrust73@gmail.com>
  Christophe JAILLET <christophe.jaillet@wanadoo.fr>
  Chun-Hao Lin <hau@realtek.com>
  Corey Minyard <cminyard@mvista.com>
  Dan Williams <dan.j.williams@intel.com>
  Daniel Bristot de Oliveira <bristot@redhat.com>
  Daniel Dadap <ddadap@nvidia.com>
  Daniel Schultz <d.schultz@phytec.de>
  Dave Jiang <dave.jiang@intel.com>
  Dave Kleikamp <dave.kleikamp@oracle.com>
  David Carrillo-Cisneros <davidcc@google.com>
  David Lechner <david@lechnology.com>
  David S. Miller <davem@davemloft.net>
  David Sterba <dsterba@suse.com>
  Dmitry Vyukov <dvyukov@google.com>
  Doug Ledford <dledford@redhat.com>
  Eric Dumazet <edumazet@google.com>
  Felipe Balbi <felipe.balbi@linux.intel.com>
  Florian Fainelli <f.fainelli@gmail.com>
  Greg Kroah-Hartman <gregkh@linuxfoundation.org>
  Grygorii Strashko <grygorii.strashko@ti.com>
  Guillaume Nault <g.nault@alphalink.fr>
  Hans de Goede <hdegoede@redhat.com>
  Hans Verkuil <hans.verkuil@cisco.com>
  Helge Deller <deller@gmx.de>
  Herbert Xu <herbert@gondor.apana.org.au>
  Ilia Mirkin <imirkin@alum.mit.edu>
  Ingo Molnar <mingo@kernel.org>
  Ioan-Adrian Ratiu <adi@adirat.com>
  Ismail, Mustafa <mustafa.ismail@intel.com>
  Jack Morgenstein <jackm@dev.mellanox.co.il>
  Jan Kara <jack@suse.cz>
  Jan Stancek <jstancek@redhat.com>
  Jason Cooper <jason@lakedaemon.net>
  Jassi Brar <jaswinder.singh@linaro.org>
  Jeeja KP <jeeja.kp@intel.com>
  Jia-Ju Bai <baijiaju1990@163.com>
  Jiandi An <anjiandi@codeaurora.org>
  Jiri Kosina <jkosina@suse.cz>
  Jiten Thakkar <jitenmt@gmail.com>
  Joel Fernandes <joelaf@google.com>
  John David Anglin <dave.anglin@bell.net>
  John Hsu <KCHSU0@nuvoton.com>
  Jonas Bonn <jonas@southpole.se>
  Jordan Crouse <jcrouse@codeaurora.org>
  Kalle Valo <kvalo@qca.qualcomm.com>
  Kees Cook <keescook@chromium.org>
  Konstantin Khlebnikov <khlebnikov@yandex-team.ru>
  Krzysztof Kozlowski <krzk@kernel.org>
  Laurent Pinchart <laurent.pinchart+renesas@ideasonboard.com>
  Laurent Vivier <lvivier@redhat.com>
  Leon Romanovsky <leonro@mellanox.com>
  Linus Torvalds <torvalds@linux-foundation.org>
  Lior David <qca_liord@qca.qualcomm.com>
  Liu Bo <bo.li.liu@oracle.com>
  Maninder Singh <maninder1.s@samsung.com>
  Mark Brown <broonie@kernel.org>
  Mark Rutland <mark.rutland@arm.com>
  Mark Salyzyn <salyzyn@android.com>
  Martin K. Petersen <martin.petersen@oracle.com>
  Masami Hiramatsu <mhiramat@kernel.org>
  Matt Fleming <matt@codeblueprint.co.uk>
  Mauro Carvalho Chehab <mchehab@s-opensource.com>
  Maya Erez <qca_merez@qca.qualcomm.com>
  Michael Ellerman <mpe@ellerman.id.au>
  Michal Kazior <michal.kazior@tieto.com>
  Michal Simek <michal.simek@xilinx.com>
  Mike Marciniszyn <mike.marciniszyn@intel.com>
  Milo Kim <woogyom.kim@gmail.com>
  Moritz Fischer <mdf@kernel.org>
  Mustafa Ismail <mustafa.ismail@intel.com>
  Narsimhulu Musini <nmusini@cisco.com>
  NeilBrown <neilb@suse.com>
  Nhan Nguyen <nhan.nguyen.yb@renesas.com>
  Ofer Heifetz <oferh@marvell.com>
  OGAWA Hirofumi <hirofumi@mail.parknet.co.jp>
  Or Gerlitz <ogerlitz@mellanox.com>
  Pali Rohár <pali.rohar@gmail.com>
  Patrick Lai <plai@codeaurora.org>
  Paul Mackerras <paulus@ozlabs.org>
  Pavel Machek <pavel@ucw.cz>
  Peter Chen <peter.chen@nxp.com>
  Peter Ujfalusi <peter.ujfalusi@ti.com>
  Peter Zijlstra (Intel) <peterz@infradead.org>
  Peter Zijlstra <peterz@infradead.org>
  Phil Reid <preid@electromag.com.au>
  Pierre-Louis Bossart <pierre-louis.bossart@linux.intel.com>
  Rafael J. Wysocki <rafael.j.wysocki@intel.com>
  Rasesh Mody <rasesh.mody@cavium.com>
  Rob Clark <robdclark@gmail.com>
  Rob Herring <robh@kernel.org>
  Roger Quadros <rogerq@ti.com>
  Sabrina Dubroca <sd@queasysnail.net>
  Saeed Mahameed <saeedm@mellanox.com>
  Samuel Ortiz <sameo@linux.intel.com>
  Sasha Levin <alexander.levin@verizon.com>
  Satish Kharat <satishkh@cisco.com>
  Sergei Shtylyov <sergei.shtylyov@cogentembedded.com>
  Sesidhar Baddela <sebaddel@cisco.com>
  Shaohua Li <shli@fb.com>
  Sinclair Yeh <syeh@vmware.com>
  Srinivas Kandagatla <srinivas.kandagatla@linaro.org>
  Stafford Horne <shorne@gmail.com>
  Stefan Wahren <stefan.wahren@i2se.com>
  Steffen Klassert <steffen.klassert@secunet.com>
  Steven Rostedt <rostedt@goodmis.org>
  Strashko, Grygorii <grygorii.strashko@ti.com>
  Sudeep Holla <sudeep.holla@arm.com>
  Sudip Mukherjee <sudip.mukherjee@codethink.co.uk>
  Sudip Mukherjee <sudipm.mukherjee@gmail.com>
  Suman Anna <s-anna@ti.com>
  Sören Brinkmann <soren.brinkmann@xilinx.com>
  Takashi Iwai <tiwai@suse.de>
  Tariq Toukan <tariqt@mellanox.com>
  Thomas Gleixner <tglx@linutronix.de>
  thongsyho <thong.ho.px@rvc.renesas.com>
  Tony Lindgren <tony@atomide.com>
  Valentin Vidic <Valentin.Vidic@CARNet.hr>
  Vaneet Narang <v.narang@samsung.com>
  Vineet Gupta <vgupta@synopsys.com>
  Vinod Koul <vinod.koul@intel.com>
  Will Deacon <will.deacon@arm.com>
  Yoichi Yuasa <yuasa@linux-mips.org>
  Yuejie Shi <syjcnss@gmail.com>
  Yuriy Kolerov <yuriy.kolerov@synopsys.com>
  Zheng Li <james.z.li@ericsson.com>
  Émeric MASCHINO <emeric.maschino@gmail.com>

jobs:
 build-amd64-xsm                                              pass    
 build-arm64-xsm                                              broken  
 build-armhf-xsm                                              pass    
 build-i386-xsm                                               pass    
 build-amd64                                                  pass    
 build-arm64                                                  broken  
 build-armhf                                                  pass    
 build-i386                                                   pass    
 build-amd64-libvirt                                          pass    
 build-arm64-libvirt                                          blocked 
 build-armhf-libvirt                                          pass    
 build-i386-libvirt                                           pass    
 build-amd64-pvops                                            pass    
 build-arm64-pvops                                            broken  
 build-armhf-pvops                                            pass    
 build-i386-pvops                                             pass    
 build-amd64-rumprun                                          pass    
 build-i386-rumprun                                           pass    
 test-amd64-amd64-xl                                          pass    
 test-arm64-arm64-xl                                          blocked 
 test-armhf-armhf-xl                                          pass    
 test-amd64-i386-xl                                           pass    
 test-amd64-amd64-xl-qemut-debianhvm-amd64-xsm                pass    
 test-amd64-i386-xl-qemut-debianhvm-amd64-xsm                 pass    
 test-amd64-amd64-libvirt-qemuu-debianhvm-amd64-xsm           pass    
 test-amd64-i386-libvirt-qemuu-debianhvm-amd64-xsm            pass    
 test-amd64-amd64-xl-qemuu-debianhvm-amd64-xsm                pass    
 test-amd64-i386-xl-qemuu-debianhvm-amd64-xsm                 pass    
 test-amd64-amd64-xl-qemut-stubdom-debianhvm-amd64-xsm        pass    
 test-amd64-i386-xl-qemut-stubdom-debianhvm-amd64-xsm         pass    
 test-amd64-amd64-libvirt-xsm                                 pass    
 test-arm64-arm64-libvirt-xsm                                 blocked 
 test-armhf-armhf-libvirt-xsm                                 pass    
 test-amd64-i386-libvirt-xsm                                  pass    
 test-amd64-amd64-xl-xsm                                      pass    
 test-arm64-arm64-xl-xsm                                      blocked 
 test-armhf-armhf-xl-xsm                                      pass    
 test-amd64-i386-xl-xsm                                       pass    
 test-amd64-amd64-qemuu-nested-amd                            fail    
 test-amd64-amd64-xl-pvh-amd                                  pass    
 test-amd64-i386-qemut-rhel6hvm-amd                           pass    
 test-amd64-i386-qemuu-rhel6hvm-amd                           pass    
 test-amd64-amd64-xl-qemut-debianhvm-amd64                    pass    
 test-amd64-i386-xl-qemut-debianhvm-amd64                     pass    
 test-amd64-amd64-xl-qemuu-debianhvm-amd64                    pass    
 test-amd64-i386-xl-qemuu-debianhvm-amd64                     pass    
 test-amd64-i386-freebsd10-amd64                              pass    
 test-amd64-amd64-xl-qemuu-ovmf-amd64                         pass    
 test-amd64-i386-xl-qemuu-ovmf-amd64                          pass    
 test-amd64-amd64-rumprun-amd64                               pass    
 test-amd64-amd64-xl-qemut-win7-amd64                         fail    
 test-amd64-i386-xl-qemut-win7-amd64                          fail    
 test-amd64-amd64-xl-qemuu-win7-amd64                         fail    
 test-amd64-i386-xl-qemuu-win7-amd64                          fail    
 test-amd64-amd64-xl-qemut-ws16-amd64                         fail    
 test-amd64-i386-xl-qemut-ws16-amd64                          fail    
 test-amd64-amd64-xl-qemuu-ws16-amd64                         fail    
 test-amd64-i386-xl-qemuu-ws16-amd64                          fail    
 test-armhf-armhf-xl-arndale                                  pass    
 test-amd64-amd64-xl-credit2                                  pass    
 test-arm64-arm64-xl-credit2                                  blocked 
 test-armhf-armhf-xl-credit2                                  pass    
 test-armhf-armhf-xl-cubietruck                               pass    
 test-amd64-amd64-examine                                     pass    
 test-arm64-arm64-examine                                     blocked 
 test-armhf-armhf-examine                                     pass    
 test-amd64-i386-examine                                      pass    
 test-amd64-i386-freebsd10-i386                               pass    
 test-amd64-i386-rumprun-i386                                 pass    
 test-amd64-amd64-xl-qemut-win10-i386                         fail    
 test-amd64-i386-xl-qemut-win10-i386                          fail    
 test-amd64-amd64-xl-qemuu-win10-i386                         fail    
 test-amd64-i386-xl-qemuu-win10-i386                          fail    
 test-amd64-amd64-qemuu-nested-intel                          pass    
 test-amd64-amd64-xl-pvh-intel                                pass    
 test-amd64-i386-qemut-rhel6hvm-intel                         pass    
 test-amd64-i386-qemuu-rhel6hvm-intel                         pass    
 test-amd64-amd64-libvirt                                     pass    
 test-armhf-armhf-libvirt                                     pass    
 test-amd64-i386-libvirt                                      pass    
 test-amd64-amd64-xl-multivcpu                                pass    
 test-armhf-armhf-xl-multivcpu                                pass    
 test-amd64-amd64-pair                                        pass    
 test-amd64-i386-pair                                         pass    
 test-amd64-amd64-libvirt-pair                                pass    
 test-amd64-i386-libvirt-pair                                 pass    
 test-amd64-amd64-amd64-pvgrub                                pass    
 test-amd64-amd64-i386-pvgrub                                 pass    
 test-amd64-amd64-pygrub                                      pass    
 test-amd64-amd64-xl-qcow2                                    pass    
 test-armhf-armhf-libvirt-raw                                 pass    
 test-amd64-i386-xl-raw                                       pass    
 test-amd64-amd64-xl-rtds                                     fail    
 test-armhf-armhf-xl-rtds                                     fail    
 test-amd64-amd64-libvirt-vhd                                 pass    
 test-armhf-armhf-xl-vhd                                      pass    


------------------------------------------------------------
sg-report-flight on osstest.test-lab.xenproject.org
logs: /home/logs/logs
images: /home/logs/images

Logs, config files, etc. are available at
    http://logs.test-lab.xenproject.org/osstest/logs

Explanation of these reports, and of osstest in general, is at
    http://xenbits.xen.org/gitweb/?p=osstest.git;a=blob;f=README.email;hb=master
    http://xenbits.xen.org/gitweb/?p=osstest.git;a=blob;f=README;hb=master

Test harness code can be found at
    http://xenbits.xen.org/gitweb?p=osstest.git;a=summary

broken-step build-arm64-xsm hosts-allocate
broken-step build-arm64-xsm capture-logs
broken-step build-arm64-pvops hosts-allocate
broken-step build-arm64 hosts-allocate
broken-step build-arm64-pvops capture-logs
broken-step build-arm64 capture-logs

Pushing revision :

+ branch=linux-4.9
+ revision=db397d9c6e66afdd34ae430172db122632b5f8a7
+ . ./cri-lock-repos
++ . ./cri-common
+++ . ./cri-getconfig
+++ umask 002
+++ getrepos
++++ getconfig Repos
++++ perl -e '
                use Osstest;
                readglobalconfig();
                print $c{"Repos"} or die $!;
        '
+++ local repos=/home/osstest/repos
+++ '[' -z /home/osstest/repos ']'
+++ '[' '!' -d /home/osstest/repos ']'
+++ echo /home/osstest/repos
++ repos=/home/osstest/repos
++ repos_lock=/home/osstest/repos/lock
++ '[' x '!=' x/home/osstest/repos/lock ']'
++ OSSTEST_REPOS_LOCK_LOCKED=/home/osstest/repos/lock
++ exec with-lock-ex -w /home/osstest/repos/lock ./ap-push linux-4.9 db397d9c6e66afdd34ae430172db122632b5f8a7
+ branch=linux-4.9
+ revision=db397d9c6e66afdd34ae430172db122632b5f8a7
+ . ./cri-lock-repos
++ . ./cri-common
+++ . ./cri-getconfig
+++ umask 002
+++ getrepos
++++ getconfig Repos
++++ perl -e '
                use Osstest;
                readglobalconfig();
                print $c{"Repos"} or die $!;
        '
+++ local repos=/home/osstest/repos
+++ '[' -z /home/osstest/repos ']'
+++ '[' '!' -d /home/osstest/repos ']'
+++ echo /home/osstest/repos
++ repos=/home/osstest/repos
++ repos_lock=/home/osstest/repos/lock
++ '[' x/home/osstest/repos/lock '!=' x/home/osstest/repos/lock ']'
+ . ./cri-common
++ . ./cri-getconfig
++ umask 002
+ select_xenbranch
+ case "$branch" in
+ tree=linux
+ xenbranch=xen-unstable
+ '[' xlinux = xlinux ']'
+ linuxbranch=linux-4.9
+ '[' x = x ']'
+ qemuubranch=qemu-upstream-unstable
+ select_prevxenbranch
++ ./cri-getprevxenbranch xen-unstable
+ prevxenbranch=xen-4.9-testing
+ '[' xdb397d9c6e66afdd34ae430172db122632b5f8a7 = x ']'
+ : tested/2.6.39.x
+ . ./ap-common
++ : osstest@xenbits.xen.org
+++ getconfig OsstestUpstream
+++ perl -e '
                use Osstest;
                readglobalconfig();
                print $c{"OsstestUpstream"} or die $!;
        '
++ :
++ : git://xenbits.xen.org/xen.git
++ : osstest@xenbits.xen.org:/home/xen/git/xen.git
++ : git://xenbits.xen.org/qemu-xen-traditional.git
++ : git://git.kernel.org
++ : git://git.kernel.org/pub/scm/linux/kernel/git
++ : git
++ : git://xenbits.xen.org/xtf.git
++ : osstest@xenbits.xen.org:/home/xen/git/xtf.git
++ : git://xenbits.xen.org/xtf.git
++ : git://xenbits.xen.org/libvirt.git
++ : osstest@xenbits.xen.org:/home/xen/git/libvirt.git
++ : git://xenbits.xen.org/libvirt.git
++ : git://xenbits.xen.org/osstest/rumprun.git
++ : git
++ : git://xenbits.xen.org/osstest/rumprun.git
++ : osstest@xenbits.xen.org:/home/xen/git/osstest/rumprun.git
++ : git://git.seabios.org/seabios.git
++ : osstest@xenbits.xen.org:/home/xen/git/osstest/seabios.git
++ : git://xenbits.xen.org/osstest/seabios.git
++ : https://github.com/tianocore/edk2.git
++ : osstest@xenbits.xen.org:/home/xen/git/osstest/ovmf.git
++ : git://xenbits.xen.org/osstest/ovmf.git
++ : git://xenbits.xen.org/osstest/linux-firmware.git
++ : osstest@xenbits.xen.org:/home/osstest/ext/linux-firmware.git
++ : git://git.kernel.org/pub/scm/linux/kernel/git/firmware/linux-firmware.git
++ : osstest@xenbits.xen.org:/home/xen/git/linux-pvops.git
++ : git://xenbits.xen.org/linux-pvops.git
++ : tested/linux-4.9
++ : tested/linux-arm-xen
++ '[' xgit://git.kernel.org/pub/scm/linux/kernel/git/stable/linux-stable.git = x ']'
++ '[' xgit://git.kernel.org/pub/scm/linux/kernel/git/stable/linux-stable.git = x ']'
++ : git://git.kernel.org/pub/scm/linux/kernel/git/konrad/xen.git
++ : tested/2.6.39.x
++ : daily-cron.linux-4.9
++ : daily-cron.linux-4.9
++ : daily-cron.linux-4.9
++ : daily-cron.linux-4.9
++ : daily-cron.linux-4.9
++ : daily-cron.linux-4.9
++ : daily-cron.linux-4.9
++ : http://hg.uk.xensource.com/carbon/trunk/linux-2.6.27
++ : git://xenbits.xen.org/qemu-xen.git
++ : osstest@xenbits.xen.org:/home/xen/git/qemu-xen.git
++ : daily-cron.linux-4.9
++ : git://xenbits.xen.org/qemu-xen.git
++ : git://git.qemu.org/qemu.git
+ TREE_LINUX=osstest@xenbits.xen.org:/home/xen/git/linux-pvops.git
+ TREE_QEMU_UPSTREAM=osstest@xenbits.xen.org:/home/xen/git/qemu-xen.git
+ TREE_XEN=osstest@xenbits.xen.org:/home/xen/git/xen.git
+ TREE_LIBVIRT=osstest@xenbits.xen.org:/home/xen/git/libvirt.git
+ TREE_RUMPRUN=osstest@xenbits.xen.org:/home/xen/git/osstest/rumprun.git
+ TREE_SEABIOS=osstest@xenbits.xen.org:/home/xen/git/osstest/seabios.git
+ TREE_OVMF=osstest@xenbits.xen.org:/home/xen/git/osstest/ovmf.git
+ TREE_XTF=osstest@xenbits.xen.org:/home/xen/git/xtf.git
+ info_linux_tree linux-4.9
+ case $1 in
+ : git://git.kernel.org/pub/scm/linux/kernel/git/stable/linux-stable.git
+ : linux-4.9.y
+ : linux-4.9.y
+ : git
+ : git
+ : git://xenbits.xen.org/linux-pvops.git
+ : osstest@xenbits.xen.org:/home/xen/git/linux-pvops.git
+ : tested/linux-4.9
+ : refs/heads/tested/linux-4.9
+ return 0
+ cd /home/osstest/repos/linux
+ git push osstest@xenbits.xen.org:/home/xen/git/linux-pvops.git db397d9c6e66afdd34ae430172db122632b5f8a7:refs/heads/tested/linux-4.9
To osstest@xenbits.xen.org:/home/xen/git/linux-pvops.git
   efcfbfb..db397d9  db397d9c6e66afdd34ae430172db122632b5f8a7 -> tested/linux-4.9
+ exit 0


[-- Attachment #2: Type: text/plain, Size: 127 bytes --]

_______________________________________________
Xen-devel mailing list
Xen-devel@lists.xen.org
https://lists.xen.org/xen-devel

^ permalink raw reply	[flat|nested] only message in thread

only message in thread, other threads:[~2017-08-08 12:27 UTC | newest]

Thread overview: (only message) (download: mbox.gz follow: Atom feed
-- links below jump to the message on this page --
2017-08-08 12:27 [linux-4.9 test] 112513: tolerable trouble: blocked/broken/fail/pass - PUSHED osstest service owner

This is a public inbox, see mirroring instructions
for how to clone and mirror all data and code used for this inbox;
as well as URLs for NNTP newsgroup(s).