From: osstest service owner <osstest-admin@xenproject.org>
To: xen-devel@lists.xensource.com, osstest-admin@xenproject.org
Subject: [linux-3.18 test] 112524: trouble: blocked/broken/fail/pass
Date: Wed, 09 Aug 2017 09:50:33 +0000 [thread overview]
Message-ID: <osstest-112524-mainreport@xen.org> (raw)
[-- Attachment #1: Type: text/plain, Size: 16715 bytes --]
flight 112524 linux-3.18 real [real]
http://logs.test-lab.xenproject.org/osstest/logs/112524/
Failures and problems with tests :-(
Tests which did not succeed and are blocking,
including tests which could not be run:
build-arm64-pvops 3 capture-logs broken REGR. vs. 112102
Tests which are failing intermittently (not blocking):
test-armhf-armhf-xl 7 xen-boot fail in 112517 pass in 112524
test-amd64-amd64-libvirt 7 xen-boot fail pass in 112517
Regressions which are regarded as allowable (not blocking):
build-arm64-pvops 2 hosts-allocate broken REGR. vs. 112102
build-arm64-xsm 2 hosts-allocate broken REGR. vs. 112102
build-arm64 2 hosts-allocate broken REGR. vs. 112102
Tests which did not succeed, but are not blocking:
test-arm64-arm64-libvirt-xsm 1 build-check(1) blocked n/a
test-arm64-arm64-xl 1 build-check(1) blocked n/a
build-arm64-libvirt 1 build-check(1) blocked n/a
test-arm64-arm64-examine 1 build-check(1) blocked n/a
test-arm64-arm64-xl-credit2 1 build-check(1) blocked n/a
test-arm64-arm64-xl-xsm 1 build-check(1) blocked n/a
build-arm64-xsm 3 capture-logs broken blocked in 112102
build-arm64 3 capture-logs broken blocked in 112102
test-amd64-amd64-xl-qemut-win7-amd64 18 guest-start/win.repeat fail blocked in 112102
test-amd64-i386-xl-qemuu-win7-amd64 18 guest-start/win.repeat fail blocked in 112102
test-amd64-i386-xl-qemut-win7-amd64 17 guest-stop fail blocked in 112102
test-amd64-amd64-xl-qemuu-win7-amd64 17 guest-stop fail blocked in 112102
test-amd64-amd64-xl-qemut-win7-amd64 17 guest-stop fail in 112517 like 112085
test-amd64-i386-xl-qemuu-win7-amd64 16 guest-localmigrate/x10 fail in 112517 like 112102
test-amd64-amd64-xl-qemuu-win7-amd64 16 guest-localmigrate/x10 fail in 112517 like 112102
test-amd64-amd64-libvirt 13 migrate-support-check fail in 112517 never pass
test-armhf-armhf-libvirt 14 saverestore-support-check fail like 112102
test-armhf-armhf-libvirt-raw 13 saverestore-support-check fail like 112102
test-armhf-armhf-libvirt-xsm 14 saverestore-support-check fail like 112102
test-amd64-amd64-xl-rtds 10 debian-install fail like 112102
test-amd64-i386-libvirt-xsm 13 migrate-support-check fail never pass
test-amd64-i386-libvirt 13 migrate-support-check fail never pass
test-amd64-amd64-libvirt-xsm 13 migrate-support-check fail never pass
test-amd64-amd64-xl-qemut-ws16-amd64 10 windows-install fail never pass
test-amd64-amd64-xl-qemuu-ws16-amd64 10 windows-install fail never pass
test-amd64-i386-libvirt-qemuu-debianhvm-amd64-xsm 11 migrate-support-check fail never pass
test-amd64-amd64-libvirt-qemuu-debianhvm-amd64-xsm 11 migrate-support-check fail never pass
test-amd64-amd64-libvirt-vhd 12 migrate-support-check fail never pass
test-amd64-i386-xl-qemuu-ws16-amd64 13 guest-saverestore fail never pass
test-amd64-amd64-qemuu-nested-amd 17 debian-hvm-install/l1/l2 fail never pass
test-armhf-armhf-libvirt 13 migrate-support-check fail never pass
test-armhf-armhf-xl-xsm 13 migrate-support-check fail never pass
test-armhf-armhf-xl-xsm 14 saverestore-support-check fail never pass
test-amd64-i386-xl-qemut-ws16-amd64 13 guest-saverestore fail never pass
test-armhf-armhf-xl 13 migrate-support-check fail never pass
test-armhf-armhf-xl 14 saverestore-support-check fail never pass
test-armhf-armhf-xl-arndale 13 migrate-support-check fail never pass
test-armhf-armhf-xl-arndale 14 saverestore-support-check fail never pass
test-armhf-armhf-libvirt-raw 12 migrate-support-check fail never pass
test-armhf-armhf-xl-vhd 12 migrate-support-check fail never pass
test-armhf-armhf-xl-vhd 13 saverestore-support-check fail never pass
test-armhf-armhf-xl-cubietruck 13 migrate-support-check fail never pass
test-armhf-armhf-xl-cubietruck 14 saverestore-support-check fail never pass
test-armhf-armhf-xl-credit2 13 migrate-support-check fail never pass
test-armhf-armhf-xl-credit2 14 saverestore-support-check fail never pass
test-armhf-armhf-libvirt-xsm 13 migrate-support-check fail never pass
test-amd64-i386-xl-qemuu-win10-i386 10 windows-install fail never pass
test-amd64-amd64-xl-qemuu-win10-i386 10 windows-install fail never pass
test-amd64-i386-xl-qemut-win10-i386 10 windows-install fail never pass
test-armhf-armhf-xl-multivcpu 13 migrate-support-check fail never pass
test-armhf-armhf-xl-multivcpu 14 saverestore-support-check fail never pass
test-amd64-amd64-xl-qemut-win10-i386 10 windows-install fail never pass
test-armhf-armhf-xl-rtds 13 migrate-support-check fail never pass
test-armhf-armhf-xl-rtds 14 saverestore-support-check fail never pass
version targeted for testing:
linux 8c13fcce2c663b37c1134a3302b43e514961b5fa
baseline version:
linux dd8b674caeef9381345a6369fba29d425ff433f3
Last test of basis 112102 2017-07-21 17:53:24 Z 18 days
Testing same since 112351 2017-07-27 22:26:55 Z 12 days 20 attempts
------------------------------------------------------------
People who touched revisions under test:
Alan Stern <stern@rowland.harvard.edu>
Alex Deucher <alexander.deucher@amd.com>
Alex Williamson <alex.williamson@redhat.com>
Andrew Morton <akpm@linux-foundation.org>
Anna Schumaker <Anna.Schumaker@Netapp.com>
Anton Blanchard <anton@samba.org>
Arnaldo Carvalho de Melo <acme@redhat.com>
Arnd Bergmann <arnd@arndb.de>
Banajit Goswami <bgoswami@codeaurora.org>
Bjorn Andersson <bjorn.andersson@linaro.org>
Bjorn Helgaas <bhelgaas@google.com>
Chen Hong <chenhong3@huawei.com>
Chen Yu <yu.c.chen@intel.com>
Christian König <christian.koenig@amd.com>
Chunyu Hu <chuhu@redhat.com>
Colin Ian King <colin.king@canonical.com>
Colin King <colin.king@canonical.com>
Daniel Vetter <daniel.vetter@ffwll.ch>
Denys Vlasenko <dvlasenk@redhat.com>
Dmitry Torokhov <dmitry.torokhov@gmail.com>
Douglas Miller <dougmill@linux.vnet.ibm.com>
Eric Auger <eric.auger@redhat.com>
Felipe Balbi <felipe.balbi@linux.intel.com>
Greg Hackmann <ghackmann@google.com>
Greg Kroah-Hartman <gregkh@linuxfoundation.org>
Guoqing Jiang <gqjiang@suse.com>
Herbert Xu <herbert@gondor.apana.org.au>
Imre Deak <imre.deak@intel.com>
Ingo Molnar <mingo@kernel.org>
Jaegeuk Kim <jaegeuk@kernel.org>
James Bottomley <jejb@linux.vnet.ibm.com>
James Hogan <james.hogan@imgtec.com>
Jan Kara <jack@suse.cz>
Jason A. Donenfeld <Jason@zx2c4.com>
Jiang Yi <jiangyilism@gmail.com>
Jin Yao <yao.jin@linux.intel.com>
Jiri Olsa <jolsa@kernel.org>
Jiri Slaby <jslaby@suse.cz>
Joe Perches <joe@perches.com>
Johan Hovold <johan@kernel.org>
Kalle Valo <kvalo@qca.qualcomm.com>
Kees Cook <keescook@chromium.org>
Krzysztof Kozlowski <krzk@kernel.org>
Kyle Huey <me@kylehuey.com>
Linus Torvalds <torvalds@linux-foundation.org>
Maciej W. Rozycki <macro@imgtec.com>
Marcel Holtmann <marcel@holtmann.org>
Mark Brown <broonie@kernel.org>
Martin K. Petersen <martin.petersen@oracle.com>
Martin Schwidefsky <schwidefsky@de.ibm.com>
Mateusz Jurczyk <mjurczyk@google.com>
Mathias Nyman <mathias.nyman@linux.intel.com>
Maurizio Lombardi <mlombard@redhat.com>
Mauro Carvalho Chehab <mchehab@s-opensource.com>
Miaoqing Pan <miaoqing@codeaurora.org>
Michael Ellerman <mpe@ellerman.id.au>
Michael Gugino <michael.gugino.2@gmail.com>
Mikulas Patocka <mpatocka@redhat.com>
Naveen N. Rao <naveen.n.rao@linux.vnet.ibm.com>
NeilBrown <neilb@suse.com>
Nicholas Bellinger <nab@linux-iscsi.org>
Oliver Neukum <oneukum@suse.com>
Oliver O'Halloran <oohall@gmail.com>
Paul Mackerras <paulus@ozlabs.org>
Pavel Shilovsky <pshilov@microsoft.com>
Peter Chen <peter.chen@nxp.com>
Peter Zijlstra <a.p.zijlstra@chello.nl>
Radim KrÄmáŠ<rkrcmar@redhat.com>
Rafael J. Wysocki <rafael.j.wysocki@intel.com>
Ralf Baechle <ralf@linux-mips.org>
Rob Clark <robdclark@gmail.com>
Rob Herring <robh@kernel.org>
Samuel Ortiz <sameo@linux.intel.com>
Satish Babu Patakokila <sbpata@codeaurora.org>
Seunghun Han <kkamagui@gmail.com>
Shaohua Li <shli@fb.com>
Steffen Klassert <steffen.klassert@secunet.com>
Stephen Boyd <stephen.boyd@linaro.org>
Steven Rostedt (VMware) <rostedt@goodmis.org>
Thomas Gleixner <tglx@linutronix.de>
Ulf Hansson <ulf.hansson@linaro.org>
Vinod Koul <vinod.koul@intel.com>
Xiao Ni <xni@redhat.com>
Yao Jin <yao.jin@linux.intel.com>
Yoshihiro Shimoda <yoshihiro.shimoda.uh@renesas.com>
jobs:
build-amd64-xsm pass
build-arm64-xsm broken
build-armhf-xsm pass
build-i386-xsm pass
build-amd64 pass
build-arm64 broken
build-armhf pass
build-i386 pass
build-amd64-libvirt pass
build-arm64-libvirt blocked
build-armhf-libvirt pass
build-i386-libvirt pass
build-amd64-pvops pass
build-arm64-pvops broken
build-armhf-pvops pass
build-i386-pvops pass
build-amd64-rumprun pass
build-i386-rumprun pass
test-amd64-amd64-xl pass
test-arm64-arm64-xl blocked
test-armhf-armhf-xl pass
test-amd64-i386-xl pass
test-amd64-amd64-xl-qemut-debianhvm-amd64-xsm pass
test-amd64-i386-xl-qemut-debianhvm-amd64-xsm pass
test-amd64-amd64-libvirt-qemuu-debianhvm-amd64-xsm pass
test-amd64-i386-libvirt-qemuu-debianhvm-amd64-xsm pass
test-amd64-amd64-xl-qemuu-debianhvm-amd64-xsm pass
test-amd64-i386-xl-qemuu-debianhvm-amd64-xsm pass
test-amd64-amd64-xl-qemut-stubdom-debianhvm-amd64-xsm pass
test-amd64-i386-xl-qemut-stubdom-debianhvm-amd64-xsm pass
test-amd64-amd64-libvirt-xsm pass
test-arm64-arm64-libvirt-xsm blocked
test-armhf-armhf-libvirt-xsm pass
test-amd64-i386-libvirt-xsm pass
test-amd64-amd64-xl-xsm pass
test-arm64-arm64-xl-xsm blocked
test-armhf-armhf-xl-xsm pass
test-amd64-i386-xl-xsm pass
test-amd64-amd64-qemuu-nested-amd fail
test-amd64-amd64-xl-pvh-amd pass
test-amd64-i386-qemut-rhel6hvm-amd pass
test-amd64-i386-qemuu-rhel6hvm-amd pass
test-amd64-amd64-xl-qemut-debianhvm-amd64 pass
test-amd64-i386-xl-qemut-debianhvm-amd64 pass
test-amd64-amd64-xl-qemuu-debianhvm-amd64 pass
test-amd64-i386-xl-qemuu-debianhvm-amd64 pass
test-amd64-i386-freebsd10-amd64 pass
test-amd64-amd64-xl-qemuu-ovmf-amd64 pass
test-amd64-i386-xl-qemuu-ovmf-amd64 pass
test-amd64-amd64-rumprun-amd64 pass
test-amd64-amd64-xl-qemut-win7-amd64 fail
test-amd64-i386-xl-qemut-win7-amd64 fail
test-amd64-amd64-xl-qemuu-win7-amd64 fail
test-amd64-i386-xl-qemuu-win7-amd64 fail
test-amd64-amd64-xl-qemut-ws16-amd64 fail
test-amd64-i386-xl-qemut-ws16-amd64 fail
test-amd64-amd64-xl-qemuu-ws16-amd64 fail
test-amd64-i386-xl-qemuu-ws16-amd64 fail
test-armhf-armhf-xl-arndale pass
test-amd64-amd64-xl-credit2 pass
test-arm64-arm64-xl-credit2 blocked
test-armhf-armhf-xl-credit2 pass
test-armhf-armhf-xl-cubietruck pass
test-amd64-amd64-examine pass
test-arm64-arm64-examine blocked
test-armhf-armhf-examine pass
test-amd64-i386-examine pass
test-amd64-i386-freebsd10-i386 pass
test-amd64-i386-rumprun-i386 pass
test-amd64-amd64-xl-qemut-win10-i386 fail
test-amd64-i386-xl-qemut-win10-i386 fail
test-amd64-amd64-xl-qemuu-win10-i386 fail
test-amd64-i386-xl-qemuu-win10-i386 fail
test-amd64-amd64-qemuu-nested-intel pass
test-amd64-amd64-xl-pvh-intel pass
test-amd64-i386-qemut-rhel6hvm-intel pass
test-amd64-i386-qemuu-rhel6hvm-intel pass
test-amd64-amd64-libvirt fail
test-armhf-armhf-libvirt pass
test-amd64-i386-libvirt pass
test-amd64-amd64-xl-multivcpu pass
test-armhf-armhf-xl-multivcpu pass
test-amd64-amd64-pair pass
test-amd64-i386-pair pass
test-amd64-amd64-libvirt-pair pass
test-amd64-i386-libvirt-pair pass
test-amd64-amd64-amd64-pvgrub pass
test-amd64-amd64-i386-pvgrub pass
test-amd64-amd64-pygrub pass
test-amd64-amd64-xl-qcow2 pass
test-armhf-armhf-libvirt-raw pass
test-amd64-i386-xl-raw pass
test-amd64-amd64-xl-rtds fail
test-armhf-armhf-xl-rtds pass
test-amd64-amd64-libvirt-vhd pass
test-armhf-armhf-xl-vhd pass
------------------------------------------------------------
sg-report-flight on osstest.test-lab.xenproject.org
logs: /home/logs/logs
images: /home/logs/images
Logs, config files, etc. are available at
http://logs.test-lab.xenproject.org/osstest/logs
Explanation of these reports, and of osstest in general, is at
http://xenbits.xen.org/gitweb/?p=osstest.git;a=blob;f=README.email;hb=master
http://xenbits.xen.org/gitweb/?p=osstest.git;a=blob;f=README;hb=master
Test harness code can be found at
http://xenbits.xen.org/gitweb?p=osstest.git;a=summary
broken-step build-arm64-pvops hosts-allocate
broken-step build-arm64-xsm hosts-allocate
broken-step build-arm64-pvops capture-logs
broken-step build-arm64-xsm capture-logs
broken-step build-arm64 hosts-allocate
broken-step build-arm64 capture-logs
Not pushing.
(No revision log; it would be 1632 lines long.)
[-- Attachment #2: Type: text/plain, Size: 127 bytes --]
_______________________________________________
Xen-devel mailing list
Xen-devel@lists.xen.org
https://lists.xen.org/xen-devel
reply other threads:[~2017-08-09 9:50 UTC|newest]
Thread overview: [no followups] expand[flat|nested] mbox.gz Atom feed
Reply instructions:
You may reply publicly to this message via plain-text email
using any one of the following methods:
* Save the following mbox file, import it into your mail client,
and reply-to-all from there: mbox
Avoid top-posting and favor interleaved quoting:
https://en.wikipedia.org/wiki/Posting_style#Interleaved_style
* Reply using the --to, --cc, and --in-reply-to
switches of git-send-email(1):
git send-email \
--in-reply-to=osstest-112524-mainreport@xen.org \
--to=osstest-admin@xenproject.org \
--cc=xen-devel@lists.xensource.com \
/path/to/YOUR_REPLY
https://kernel.org/pub/software/scm/git/docs/git-send-email.html
* If your mail client supports setting the In-Reply-To header
via mailto: links, try the mailto: link
Be sure your reply has a Subject: header at the top and a blank line
before the message body.
This is a public inbox, see mirroring instructions
for how to clone and mirror all data and code used for this inbox;
as well as URLs for NNTP newsgroup(s).