* [xen-4.5-testing test] 112731: regressions - FAIL
@ 2017-08-20 22:48 osstest service owner
0 siblings, 0 replies; only message in thread
From: osstest service owner @ 2017-08-20 22:48 UTC (permalink / raw)
To: xen-devel, osstest-admin
flight 112731 xen-4.5-testing real [real]
http://logs.test-lab.xenproject.org/osstest/logs/112731/
Regressions :-(
Tests which did not succeed and are blocking,
including tests which could not be run:
test-amd64-i386-xl-qemut-debianhvm-amd64 10 debian-hvm-install fail REGR. vs. 110906
test-amd64-i386-xl-qemuu-ovmf-amd64 10 debian-hvm-install fail REGR. vs. 110906
test-amd64-i386-xl-qemuu-debianhvm-amd64 10 debian-hvm-install fail REGR. vs. 110906
test-amd64-i386-xl-raw 10 debian-di-install fail REGR. vs. 110906
Tests which are failing intermittently (not blocking):
test-amd64-i386-xl-qemuu-winxpsp3-vcpus1 16 guest-localmigrate/x10 fail in 112706 pass in 112731
test-armhf-armhf-xl-rtds 12 guest-start fail in 112706 pass in 112731
test-armhf-armhf-xl-cubietruck 16 guest-start/debian.repeat fail pass in 112706
Tests which did not succeed, but are not blocking:
test-amd64-i386-xl-qemuu-win7-amd64 17 guest-stop fail blocked in 110906
test-amd64-amd64-xl-rtds 7 xen-boot fail like 110906
test-xtf-amd64-amd64-2 59 leak-check/check fail like 110906
test-xtf-amd64-amd64-3 59 leak-check/check fail like 110906
test-xtf-amd64-amd64-4 59 leak-check/check fail like 110906
test-xtf-amd64-amd64-5 59 leak-check/check fail like 110906
test-xtf-amd64-amd64-1 59 leak-check/check fail like 110906
test-armhf-armhf-libvirt 14 saverestore-support-check fail like 110906
test-armhf-armhf-xl-rtds 16 guest-start/debian.repeat fail like 110906
test-amd64-amd64-xl-qemut-win7-amd64 17 guest-stop fail like 110906
test-amd64-amd64-xl-qemuu-win7-amd64 17 guest-stop fail like 110906
test-amd64-i386-xl-qemut-win7-amd64 17 guest-stop fail like 110906
test-xtf-amd64-amd64-2 19 xtf/test-hvm32-cpuid-faulting fail never pass
test-xtf-amd64-amd64-2 33 xtf/test-hvm32pae-cpuid-faulting fail never pass
test-xtf-amd64-amd64-2 40 xtf/test-hvm32pse-cpuid-faulting fail never pass
test-xtf-amd64-amd64-2 44 xtf/test-hvm64-cpuid-faulting fail never pass
test-xtf-amd64-amd64-4 19 xtf/test-hvm32-cpuid-faulting fail never pass
test-xtf-amd64-amd64-5 19 xtf/test-hvm32-cpuid-faulting fail never pass
test-xtf-amd64-amd64-4 33 xtf/test-hvm32pae-cpuid-faulting fail never pass
test-xtf-amd64-amd64-5 33 xtf/test-hvm32pae-cpuid-faulting fail never pass
test-xtf-amd64-amd64-1 19 xtf/test-hvm32-cpuid-faulting fail never pass
test-xtf-amd64-amd64-5 40 xtf/test-hvm32pse-cpuid-faulting fail never pass
test-xtf-amd64-amd64-4 40 xtf/test-hvm32pse-cpuid-faulting fail never pass
test-xtf-amd64-amd64-5 44 xtf/test-hvm64-cpuid-faulting fail never pass
test-xtf-amd64-amd64-4 44 xtf/test-hvm64-cpuid-faulting fail never pass
test-xtf-amd64-amd64-1 33 xtf/test-hvm32pae-cpuid-faulting fail never pass
test-xtf-amd64-amd64-1 40 xtf/test-hvm32pse-cpuid-faulting fail never pass
test-xtf-amd64-amd64-1 44 xtf/test-hvm64-cpuid-faulting fail never pass
test-amd64-amd64-xl-pvh-intel 15 guest-saverestore fail never pass
test-amd64-amd64-xl-pvh-amd 12 guest-start fail never pass
test-xtf-amd64-amd64-2 58 xtf/test-hvm64-xsa-195 fail never pass
test-amd64-i386-libvirt 13 migrate-support-check fail never pass
test-xtf-amd64-amd64-3 58 xtf/test-hvm64-xsa-195 fail never pass
test-amd64-amd64-libvirt 13 migrate-support-check fail never pass
test-xtf-amd64-amd64-5 58 xtf/test-hvm64-xsa-195 fail never pass
test-xtf-amd64-amd64-4 58 xtf/test-hvm64-xsa-195 fail never pass
test-xtf-amd64-amd64-1 58 xtf/test-hvm64-xsa-195 fail never pass
test-armhf-armhf-xl-arndale 13 migrate-support-check fail never pass
test-armhf-armhf-xl-arndale 14 saverestore-support-check fail never pass
test-amd64-amd64-libvirt-vhd 12 migrate-support-check fail never pass
test-amd64-amd64-xl-qemuu-ws16-amd64 13 guest-saverestore fail never pass
test-amd64-amd64-qemuu-nested-amd 17 debian-hvm-install/l1/l2 fail never pass
test-armhf-armhf-libvirt 13 migrate-support-check fail never pass
test-armhf-armhf-xl 13 migrate-support-check fail never pass
test-armhf-armhf-xl 14 saverestore-support-check fail never pass
test-armhf-armhf-xl-credit2 13 migrate-support-check fail never pass
test-armhf-armhf-xl-credit2 14 saverestore-support-check fail never pass
test-armhf-armhf-xl-multivcpu 13 migrate-support-check fail never pass
test-armhf-armhf-xl-multivcpu 14 saverestore-support-check fail never pass
test-armhf-armhf-xl-cubietruck 13 migrate-support-check fail never pass
test-armhf-armhf-xl-cubietruck 14 saverestore-support-check fail never pass
test-amd64-amd64-xl-qemut-ws16-amd64 13 guest-saverestore fail never pass
test-amd64-i386-xl-qemuu-ws16-amd64 13 guest-saverestore fail never pass
test-armhf-armhf-xl-rtds 13 migrate-support-check fail never pass
test-armhf-armhf-xl-rtds 14 saverestore-support-check fail never pass
test-armhf-armhf-xl-vhd 11 guest-start fail never pass
test-amd64-i386-xl-qemut-ws16-amd64 13 guest-saverestore fail never pass
test-amd64-amd64-xl-qemut-win10-i386 10 windows-install fail never pass
test-amd64-i386-xl-qemuu-win10-i386 10 windows-install fail never pass
test-amd64-i386-xl-qemut-win10-i386 10 windows-install fail never pass
test-amd64-amd64-xl-qemuu-win10-i386 10 windows-install fail never pass
test-armhf-armhf-libvirt-raw 11 guest-start fail never pass
version targeted for testing:
xen 136ff4ea88123d7728a01187ee9bbdf010b23345
baseline version:
xen 3217129eb65c0d4995ed08fb8919e3c334cad548
Last test of basis 110906 2017-06-21 00:20:43 Z 60 days
Failing since 112652 2017-08-15 14:10:51 Z 5 days 5 attempts
Testing same since 112689 2017-08-17 17:22:18 Z 3 days 3 attempts
------------------------------------------------------------
People who touched revisions under test:
Andrew Cooper <andrew.cooper3@citrix.com>
Jan Beulich <jbeulich@suse.com>
jobs:
build-amd64-xtf pass
build-amd64 pass
build-armhf pass
build-i386 pass
build-amd64-libvirt pass
build-armhf-libvirt pass
build-i386-libvirt pass
build-amd64-prev pass
build-i386-prev pass
build-amd64-pvops pass
build-armhf-pvops pass
build-i386-pvops pass
build-amd64-rumprun pass
build-i386-rumprun pass
test-xtf-amd64-amd64-1 fail
test-xtf-amd64-amd64-2 fail
test-xtf-amd64-amd64-3 fail
test-xtf-amd64-amd64-4 fail
test-xtf-amd64-amd64-5 fail
test-amd64-amd64-xl pass
test-armhf-armhf-xl pass
test-amd64-i386-xl pass
test-amd64-amd64-qemuu-nested-amd fail
test-amd64-amd64-xl-pvh-amd fail
test-amd64-i386-qemut-rhel6hvm-amd pass
test-amd64-i386-qemuu-rhel6hvm-amd pass
test-amd64-amd64-xl-qemut-debianhvm-amd64 pass
test-amd64-i386-xl-qemut-debianhvm-amd64 fail
test-amd64-amd64-xl-qemuu-debianhvm-amd64 pass
test-amd64-i386-xl-qemuu-debianhvm-amd64 fail
test-amd64-i386-freebsd10-amd64 pass
test-amd64-amd64-xl-qemuu-ovmf-amd64 pass
test-amd64-i386-xl-qemuu-ovmf-amd64 fail
test-amd64-amd64-rumprun-amd64 pass
test-amd64-amd64-xl-qemut-win7-amd64 fail
test-amd64-i386-xl-qemut-win7-amd64 fail
test-amd64-amd64-xl-qemuu-win7-amd64 fail
test-amd64-i386-xl-qemuu-win7-amd64 fail
test-amd64-amd64-xl-qemut-ws16-amd64 fail
test-amd64-i386-xl-qemut-ws16-amd64 fail
test-amd64-amd64-xl-qemuu-ws16-amd64 fail
test-amd64-i386-xl-qemuu-ws16-amd64 fail
test-armhf-armhf-xl-arndale pass
test-amd64-amd64-xl-credit2 pass
test-armhf-armhf-xl-credit2 pass
test-armhf-armhf-xl-cubietruck fail
test-amd64-i386-freebsd10-i386 pass
test-amd64-i386-rumprun-i386 pass
test-amd64-amd64-xl-qemut-win10-i386 fail
test-amd64-i386-xl-qemut-win10-i386 fail
test-amd64-amd64-xl-qemuu-win10-i386 fail
test-amd64-i386-xl-qemuu-win10-i386 fail
test-amd64-amd64-qemuu-nested-intel pass
test-amd64-amd64-xl-pvh-intel fail
test-amd64-i386-qemut-rhel6hvm-intel pass
test-amd64-i386-qemuu-rhel6hvm-intel pass
test-amd64-amd64-libvirt pass
test-armhf-armhf-libvirt pass
test-amd64-i386-libvirt pass
test-amd64-amd64-migrupgrade pass
test-amd64-i386-migrupgrade pass
test-amd64-amd64-xl-multivcpu pass
test-armhf-armhf-xl-multivcpu pass
test-amd64-amd64-pair pass
test-amd64-i386-pair pass
test-amd64-amd64-libvirt-pair pass
test-amd64-i386-libvirt-pair pass
test-amd64-amd64-amd64-pvgrub pass
test-amd64-amd64-i386-pvgrub pass
test-amd64-amd64-pygrub pass
test-amd64-amd64-xl-qcow2 pass
test-armhf-armhf-libvirt-raw fail
test-amd64-i386-xl-raw fail
test-amd64-amd64-xl-rtds fail
test-armhf-armhf-xl-rtds fail
test-amd64-i386-xl-qemut-winxpsp3-vcpus1 pass
test-amd64-i386-xl-qemuu-winxpsp3-vcpus1 pass
test-amd64-amd64-libvirt-vhd pass
test-armhf-armhf-xl-vhd fail
test-amd64-amd64-xl-qemut-winxpsp3 pass
test-amd64-i386-xl-qemut-winxpsp3 pass
test-amd64-amd64-xl-qemuu-winxpsp3 pass
test-amd64-i386-xl-qemuu-winxpsp3 pass
------------------------------------------------------------
sg-report-flight on osstest.test-lab.xenproject.org
logs: /home/logs/logs
images: /home/logs/images
Logs, config files, etc. are available at
http://logs.test-lab.xenproject.org/osstest/logs
Explanation of these reports, and of osstest in general, is at
http://xenbits.xen.org/gitweb/?p=osstest.git;a=blob;f=README.email;hb=master
http://xenbits.xen.org/gitweb/?p=osstest.git;a=blob;f=README;hb=master
Test harness code can be found at
http://xenbits.xen.org/gitweb?p=osstest.git;a=summary
Not pushing.
------------------------------------------------------------
commit 136ff4ea88123d7728a01187ee9bbdf010b23345
Author: Jan Beulich <jbeulich@suse.com>
Date: Thu Aug 17 15:15:55 2017 +0200
gnttab: fix transitive grant handling
Processing of transitive grants must not use the fast path, or else
reference counting breaks due to the skipped recursive call to
__acquire_grant_for_copy() (its __release_grant_for_copy()
counterpart occurs independent of original pin count). Furthermore
after re-acquiring temporarily dropped locks we need to verify no grant
properties changed if the original pin count was non-zero; checking
just the pin counts is sufficient only for well-behaved guests. As a
result, __release_grant_for_copy() needs to mirror that new behavior.
Furthermore a __release_grant_for_copy() invocation was missing on the
retry path of __acquire_grant_for_copy(), and gnttab_set_version() also
needs to bail out upon encountering a transitive grant.
This is part of XSA-226.
Reported-by: Andrew Cooper <andrew.cooper3@citrix.com>
Signed-off-by: Jan Beulich <jbeulich@suse.com>
Reviewed-by: Andrew Cooper <andrew.cooper3@citrix.com>
master commit: ad48fb963dbff02762d2db5396fa655ac0c432c7
master date: 2017-08-17 14:40:31 +0200
commit 42c8ba5dfc0be9d646f191c744c5fa71d7f372fa
Author: Jan Beulich <jbeulich@suse.com>
Date: Thu Aug 17 15:15:35 2017 +0200
gnttab: don't use possibly unbounded tail calls
There is no guarantee that the compiler would actually translate them
to branches instead of calls, so only ones with a known recursion limit
are okay:
- __release_grant_for_copy() can call itself only once, as
__acquire_grant_for_copy() won't permit use of multi-level transitive
grants,
- __acquire_grant_for_copy() is fine to call itself with the last
argument false, as that prevents further recursion,
- __acquire_grant_for_copy() must not call itself to recover from an
observed change to the active entry's pin count
This is part of XSA-226.
Signed-off-by: Jan Beulich <jbeulich@suse.com>
Reviewed-by: Andrew Cooper <andrew.cooper3@citrix.com>
master commit: 999d2ccb7f73408aa22656e1ba2f98b077eaa1c2
master date: 2017-08-17 14:39:18 +0200
commit d38489de9df93a4679cae2ae02b75287778fb3ed
Author: Jan Beulich <jbeulich@suse.com>
Date: Tue Aug 15 15:35:46 2017 +0200
gnttab: correct pin status fixup for copy
Regardless of copy operations only setting GNTPIN_hst*, GNTPIN_dev*
also need to be taken into account when deciding whether to clear
_GTF_{read,writ}ing. At least for consistency with code elsewhere the
read part better doesn't use any mask at all.
This is XSA-230.
Signed-off-by: Jan Beulich <jbeulich@suse.com>
Reviewed-by: Andrew Cooper <andrew.cooper3@citrix.com>
master commit: 6e2a4c73564ab907b732059adb317d6ca2d138a2
master date: 2017-08-15 15:08:03 +0200
commit df59014276cdca3d85286c70bd5194609fba8320
Author: Andrew Cooper <andrew.cooper3@citrix.com>
Date: Tue Aug 15 15:33:09 2017 +0200
x86/grant: disallow misaligned PTEs
Pagetable entries must be aligned to function correctly. Disallow attempts
from the guest to have a grant PTE created at a misaligned address, which
would result in corruption of the L1 table with largely-guest-controlled
values.
This is CVE-2017-12137 / XSA-227.
Signed-off-by: Andrew Cooper <andrew.cooper3@citrix.com>
Reviewed-by: Jan Beulich <jbeulich@suse.com>
master commit: ce442926c2530da9376199dcc769436376ad2386
master date: 2017-08-15 15:06:45 +0200
(qemu changes not included)
_______________________________________________
Xen-devel mailing list
Xen-devel@lists.xen.org
https://lists.xen.org/xen-devel
^ permalink raw reply [flat|nested] only message in thread
only message in thread, other threads:[~2017-08-20 22:48 UTC | newest]
Thread overview: (only message) (download: mbox.gz follow: Atom feed
-- links below jump to the message on this page --
2017-08-20 22:48 [xen-4.5-testing test] 112731: regressions - FAIL osstest service owner
This is a public inbox, see mirroring instructions
for how to clone and mirror all data and code used for this inbox;
as well as URLs for NNTP newsgroup(s).