xen-devel.lists.xenproject.org archive mirror
 help / color / mirror / Atom feed
* [xen-unstable-coverity test] 112746: regressions - ALL FAIL
@ 2017-08-20  9:50 osstest service owner
  0 siblings, 0 replies; only message in thread
From: osstest service owner @ 2017-08-20  9:50 UTC (permalink / raw)
  To: xen-devel, osstest-admin

flight 112746 xen-unstable-coverity real [real]
http://logs.test-lab.xenproject.org/osstest/logs/112746/

Regressions :-(

Tests which did not succeed and are blocking,
including tests which could not be run:
 coverity-amd64                6 coverity-build           fail REGR. vs. 112663

version targeted for testing:
 xen                  82d510c88dc12c8aa31aa97bab633b922737bdf4
baseline version:
 xen                  7591ea75f77643342b194031ef5a903564901ba8

Last test of basis   112663  2017-08-16 10:48:26 Z    3 days
Testing same since   112746  2017-08-20 09:18:50 Z    0 days    1 attempts

------------------------------------------------------------
People who touched revisions under test:
  Andrew Cooper <andrew.cooper3@citrix.com>
  Jan Beulich <jbeulich@suse.com>
  Julien Grall <julien.grall@arm.com>
  Sergej Proskurin <proskurin@sec.in.tum.de>
  Stefano Stabellini <sstabellini@kernel.org>
  Tamas K Lengyel <tamas@tklengyel.com>
  Tim Deegan <tim@xen.org>
  Volodymyr Babchuk <volodymyr_babchuk@epam.com>
  Wei Liu <wei.liu2@citrix.com>
  Yi Sun <yi.y.sun@linux.intel.com>

jobs:
 coverity-amd64                                               fail    


------------------------------------------------------------
sg-report-flight on osstest.test-lab.xenproject.org
logs: /home/logs/logs
images: /home/logs/images

Logs, config files, etc. are available at
    http://logs.test-lab.xenproject.org/osstest/logs

Explanation of these reports, and of osstest in general, is at
    http://xenbits.xen.org/gitweb/?p=osstest.git;a=blob;f=README.email;hb=master
    http://xenbits.xen.org/gitweb/?p=osstest.git;a=blob;f=README;hb=master

Test harness code can be found at
    http://xenbits.xen.org/gitweb?p=osstest.git;a=summary


Not pushing.

(No revision log; it would be 707 lines long.)

_______________________________________________
Xen-devel mailing list
Xen-devel@lists.xen.org
https://lists.xen.org/xen-devel

^ permalink raw reply	[flat|nested] only message in thread

only message in thread, other threads:[~2017-08-20  9:50 UTC | newest]

Thread overview: (only message) (download: mbox.gz follow: Atom feed
-- links below jump to the message on this page --
2017-08-20  9:50 [xen-unstable-coverity test] 112746: regressions - ALL FAIL osstest service owner

This is a public inbox, see mirroring instructions
for how to clone and mirror all data and code used for this inbox;
as well as URLs for NNTP newsgroup(s).