* [xen-unstable test] 11275: tolerable FAIL
@ 2012-01-22 8:07 xen.org
0 siblings, 0 replies; only message in thread
From: xen.org @ 2012-01-22 8:07 UTC (permalink / raw)
To: xen-devel; +Cc: ian.jackson
flight 11275 xen-unstable real [real]
http://www.chiark.greenend.org.uk/~xensrcts/logs/11275/
Failures :-/ but no regressions.
Tests which are failing intermittently (not blocking):
test-amd64-i386-xl-credit2 7 debian-install fail pass in 11217
test-amd64-amd64-xl-sedf-pin 13 guest-localmigrate.2 fail pass in 11217
test-amd64-i386-win 7 windows-install fail pass in 11217
test-amd64-amd64-win 7 windows-install fail in 11217 pass in 11275
test-amd64-amd64-xl-win 7 windows-install fail in 11217 pass in 11275
Regressions which are regarded as allowable (not blocking):
test-amd64-i386-win-vcpus1 7 windows-install fail like 11217
Tests which did not succeed, but are not blocking:
test-amd64-amd64-xl-pcipt-intel 9 guest-start fail never pass
test-amd64-i386-rhel6hvm-intel 9 guest-start.2 fail never pass
test-amd64-i386-rhel6hvm-amd 9 guest-start.2 fail never pass
test-amd64-amd64-xl-win7-amd64 13 guest-stop fail never pass
test-amd64-i386-xend-winxpsp3 16 leak-check/check fail never pass
test-amd64-amd64-win 16 leak-check/check fail never pass
test-amd64-amd64-xl-win 13 guest-stop fail never pass
test-i386-i386-xl-win 13 guest-stop fail never pass
test-amd64-i386-xl-win-vcpus1 13 guest-stop fail never pass
test-amd64-i386-xl-win7-amd64 13 guest-stop fail never pass
test-i386-i386-win 16 leak-check/check fail never pass
test-i386-i386-xl-winxpsp3 13 guest-stop fail never pass
test-amd64-amd64-xl-winxpsp3 13 guest-stop fail never pass
test-amd64-i386-xl-winxpsp3-vcpus1 13 guest-stop fail never pass
test-amd64-i386-win 16 leak-check/check fail in 11217 never pass
version targeted for testing:
xen 80fdf2182bc6
baseline version:
xen 80fdf2182bc6
jobs:
build-amd64 pass
build-i386 pass
build-amd64-oldkern pass
build-i386-oldkern pass
build-amd64-pvops pass
build-i386-pvops pass
test-amd64-amd64-xl pass
test-amd64-i386-xl pass
test-i386-i386-xl pass
test-amd64-i386-rhel6hvm-amd fail
test-amd64-amd64-xl-win7-amd64 fail
test-amd64-i386-xl-win7-amd64 fail
test-amd64-i386-xl-credit2 fail
test-amd64-amd64-xl-pcipt-intel fail
test-amd64-i386-rhel6hvm-intel fail
test-amd64-i386-xl-multivcpu pass
test-amd64-amd64-pair pass
test-amd64-i386-pair pass
test-i386-i386-pair pass
test-amd64-amd64-xl-sedf-pin fail
test-amd64-amd64-pv pass
test-amd64-i386-pv pass
test-i386-i386-pv pass
test-amd64-amd64-xl-sedf pass
test-amd64-i386-win-vcpus1 fail
test-amd64-i386-xl-win-vcpus1 fail
test-amd64-i386-xl-winxpsp3-vcpus1 fail
test-amd64-amd64-win fail
test-amd64-i386-win fail
test-i386-i386-win fail
test-amd64-amd64-xl-win fail
test-i386-i386-xl-win fail
test-amd64-i386-xend-winxpsp3 fail
test-amd64-amd64-xl-winxpsp3 fail
test-i386-i386-xl-winxpsp3 fail
------------------------------------------------------------
sg-report-flight on woking.cam.xci-test.com
logs: /home/xc_osstest/logs
images: /home/xc_osstest/images
Logs, config files, etc. are available at
http://www.chiark.greenend.org.uk/~xensrcts/logs
Test harness code can be found at
http://xenbits.xensource.com/gitweb?p=osstest.git;a=summary
Published tested tree is already up to date.
^ permalink raw reply [flat|nested] only message in thread
only message in thread, other threads:[~2012-01-22 8:07 UTC | newest]
Thread overview: (only message) (download: mbox.gz follow: Atom feed
-- links below jump to the message on this page --
2012-01-22 8:07 [xen-unstable test] 11275: tolerable FAIL xen.org
This is a public inbox, see mirroring instructions
for how to clone and mirror all data and code used for this inbox;
as well as URLs for NNTP newsgroup(s).