From: osstest service owner <osstest-admin@xenproject.org>
To: xen-devel@lists.xensource.com, osstest-admin@xenproject.org
Subject: [xen-4.8-testing test] 112759: regressions - trouble: blocked/broken/fail/pass
Date: Mon, 21 Aug 2017 17:01:53 +0000 [thread overview]
Message-ID: <osstest-112759-mainreport@xen.org> (raw)
flight 112759 xen-4.8-testing real [real]
http://logs.test-lab.xenproject.org/osstest/logs/112759/
Regressions :-(
Tests which did not succeed and are blocking,
including tests which could not be run:
build-armhf-pvops 4 host-install(4) broken REGR. vs. 112664
test-amd64-i386-xl-qemut-debianhvm-amd64 10 debian-hvm-install fail REGR. vs. 112664
test-amd64-i386-xl-qemut-debianhvm-amd64-xsm 10 debian-hvm-install fail REGR. vs. 112664
test-amd64-i386-xl-qemuu-ovmf-amd64 10 debian-hvm-install fail REGR. vs. 112664
test-amd64-i386-xl-qemuu-debianhvm-amd64 10 debian-hvm-install fail REGR. vs. 112664
test-amd64-i386-libvirt-qemuu-debianhvm-amd64-xsm 10 debian-hvm-install fail REGR. vs. 112664
test-amd64-i386-xl-qemut-stubdom-debianhvm-amd64-xsm 10 debian-hvm-install fail REGR. vs. 112664
test-amd64-i386-xl-qemuu-debianhvm-amd64-xsm 10 debian-hvm-install fail REGR. vs. 112664
test-amd64-i386-xl-raw 10 debian-di-install fail REGR. vs. 112664
Tests which are failing intermittently (not blocking):
test-xtf-amd64-amd64-5 48 xtf/test-hvm64-lbr-tsx-vmentry fail pass in 112701
test-xtf-amd64-amd64-2 48 xtf/test-hvm64-lbr-tsx-vmentry fail pass in 112720
test-xtf-amd64-amd64-4 48 xtf/test-hvm64-lbr-tsx-vmentry fail pass in 112720
Tests which did not succeed, but are not blocking:
test-arm64-arm64-libvirt-xsm 1 build-check(1) blocked n/a
test-armhf-armhf-xl-multivcpu 1 build-check(1) blocked n/a
test-armhf-armhf-libvirt 1 build-check(1) blocked n/a
test-arm64-arm64-xl 1 build-check(1) blocked n/a
build-arm64-libvirt 1 build-check(1) blocked n/a
test-armhf-armhf-libvirt-raw 1 build-check(1) blocked n/a
test-armhf-armhf-xl 1 build-check(1) blocked n/a
test-armhf-armhf-xl-vhd 1 build-check(1) blocked n/a
test-arm64-arm64-xl-credit2 1 build-check(1) blocked n/a
test-armhf-armhf-xl-credit2 1 build-check(1) blocked n/a
test-armhf-armhf-xl-cubietruck 1 build-check(1) blocked n/a
test-armhf-armhf-xl-rtds 1 build-check(1) blocked n/a
test-armhf-armhf-xl-arndale 1 build-check(1) blocked n/a
test-armhf-armhf-libvirt-xsm 1 build-check(1) blocked n/a
test-armhf-armhf-xl-xsm 1 build-check(1) blocked n/a
test-arm64-arm64-xl-xsm 1 build-check(1) blocked n/a
build-arm64-pvops 2 hosts-allocate broken like 112664
build-arm64-xsm 2 hosts-allocate broken like 112664
build-arm64 2 hosts-allocate broken like 112664
build-arm64-pvops 3 capture-logs broken like 112664
build-arm64-xsm 3 capture-logs broken like 112664
build-arm64 3 capture-logs broken like 112664
test-xtf-amd64-amd64-1 48 xtf/test-hvm64-lbr-tsx-vmentry fail in 112701 like 112664
test-armhf-armhf-xl-rtds 16 guest-start/debian.repeat fail in 112720 like 112664
test-armhf-armhf-xl-arndale 13 migrate-support-check fail in 112720 never pass
test-armhf-armhf-xl-arndale 14 saverestore-support-check fail in 112720 never pass
test-armhf-armhf-xl-rtds 13 migrate-support-check fail in 112720 never pass
test-armhf-armhf-xl-rtds 14 saverestore-support-check fail in 112720 never pass
test-armhf-armhf-libvirt 13 migrate-support-check fail in 112720 never pass
test-armhf-armhf-libvirt 14 saverestore-support-check fail in 112720 never pass
test-armhf-armhf-xl 13 migrate-support-check fail in 112720 never pass
test-armhf-armhf-xl 14 saverestore-support-check fail in 112720 never pass
test-armhf-armhf-libvirt-xsm 13 migrate-support-check fail in 112720 never pass
test-armhf-armhf-xl-credit2 13 migrate-support-check fail in 112720 never pass
test-armhf-armhf-xl-credit2 14 saverestore-support-check fail in 112720 never pass
test-armhf-armhf-libvirt-xsm 14 saverestore-support-check fail in 112720 never pass
test-armhf-armhf-xl-cubietruck 13 migrate-support-check fail in 112720 never pass
test-armhf-armhf-xl-cubietruck 14 saverestore-support-check fail in 112720 never pass
test-armhf-armhf-xl-multivcpu 13 migrate-support-check fail in 112720 never pass
test-armhf-armhf-xl-multivcpu 14 saverestore-support-check fail in 112720 never pass
test-armhf-armhf-libvirt-raw 12 migrate-support-check fail in 112720 never pass
test-armhf-armhf-libvirt-raw 13 saverestore-support-check fail in 112720 never pass
test-armhf-armhf-xl-vhd 12 migrate-support-check fail in 112720 never pass
test-armhf-armhf-xl-vhd 13 saverestore-support-check fail in 112720 never pass
test-armhf-armhf-xl-xsm 13 migrate-support-check fail in 112720 never pass
test-armhf-armhf-xl-xsm 14 saverestore-support-check fail in 112720 never pass
test-amd64-amd64-xl-qemut-win7-amd64 17 guest-stop fail like 112664
test-amd64-i386-xl-qemuu-win7-amd64 17 guest-stop fail like 112664
build-amd64-prev 7 xen-build/dist-test fail never pass
test-amd64-amd64-xl-pvh-intel 15 guest-saverestore fail never pass
test-amd64-amd64-xl-qemut-ws16-amd64 10 windows-install fail never pass
test-amd64-amd64-libvirt 13 migrate-support-check fail never pass
build-i386-prev 7 xen-build/dist-test fail never pass
test-amd64-amd64-xl-qemuu-ws16-amd64 10 windows-install fail never pass
test-amd64-i386-libvirt 13 migrate-support-check fail never pass
test-amd64-amd64-xl-pvh-amd 12 guest-start fail never pass
test-amd64-amd64-libvirt-xsm 13 migrate-support-check fail never pass
test-amd64-i386-libvirt-xsm 13 migrate-support-check fail never pass
test-amd64-amd64-libvirt-qemuu-debianhvm-amd64-xsm 11 migrate-support-check fail never pass
test-amd64-amd64-libvirt-vhd 12 migrate-support-check fail never pass
test-amd64-amd64-qemuu-nested-amd 17 debian-hvm-install/l1/l2 fail never pass
test-amd64-i386-xl-qemut-ws16-amd64 13 guest-saverestore fail never pass
test-amd64-i386-xl-qemuu-ws16-amd64 13 guest-saverestore fail never pass
test-amd64-i386-xl-qemut-win10-i386 10 windows-install fail never pass
test-amd64-amd64-xl-qemuu-win10-i386 10 windows-install fail never pass
test-amd64-i386-xl-qemuu-win10-i386 10 windows-install fail never pass
test-amd64-amd64-xl-qemut-win10-i386 10 windows-install fail never pass
version targeted for testing:
xen 5c10e0e4b0804aa43a45b4bf31d4df3f08ccd0c1
baseline version:
xen f5211ce75821e0f2cc55effd28dfbe908226970f
Last test of basis 112664 2017-08-16 10:48:25 Z 5 days
Testing same since 112684 2017-08-17 13:53:41 Z 4 days 4 attempts
------------------------------------------------------------
People who touched revisions under test:
Jan Beulich <jbeulich@suse.com>
jobs:
build-amd64-xsm pass
build-arm64-xsm broken
build-armhf-xsm pass
build-i386-xsm pass
build-amd64-xtf pass
build-amd64 pass
build-arm64 broken
build-armhf pass
build-i386 pass
build-amd64-libvirt pass
build-arm64-libvirt blocked
build-armhf-libvirt pass
build-i386-libvirt pass
build-amd64-prev pass
build-i386-prev pass
build-amd64-pvops pass
build-arm64-pvops broken
build-armhf-pvops broken
build-i386-pvops pass
build-amd64-rumprun pass
build-i386-rumprun pass
test-xtf-amd64-amd64-1 pass
test-xtf-amd64-amd64-2 pass
test-xtf-amd64-amd64-3 pass
test-xtf-amd64-amd64-4 pass
test-xtf-amd64-amd64-5 pass
test-amd64-amd64-xl pass
test-arm64-arm64-xl blocked
test-armhf-armhf-xl blocked
test-amd64-i386-xl pass
test-amd64-amd64-xl-qemut-debianhvm-amd64-xsm pass
test-amd64-i386-xl-qemut-debianhvm-amd64-xsm fail
test-amd64-amd64-libvirt-qemuu-debianhvm-amd64-xsm pass
test-amd64-i386-libvirt-qemuu-debianhvm-amd64-xsm fail
test-amd64-amd64-xl-qemuu-debianhvm-amd64-xsm pass
test-amd64-i386-xl-qemuu-debianhvm-amd64-xsm fail
test-amd64-amd64-xl-qemut-stubdom-debianhvm-amd64-xsm pass
test-amd64-i386-xl-qemut-stubdom-debianhvm-amd64-xsm fail
test-amd64-amd64-libvirt-xsm pass
test-arm64-arm64-libvirt-xsm blocked
test-armhf-armhf-libvirt-xsm blocked
test-amd64-i386-libvirt-xsm pass
test-amd64-amd64-xl-xsm pass
test-arm64-arm64-xl-xsm blocked
test-armhf-armhf-xl-xsm blocked
test-amd64-i386-xl-xsm pass
test-amd64-amd64-qemuu-nested-amd fail
test-amd64-amd64-xl-pvh-amd fail
test-amd64-i386-qemut-rhel6hvm-amd pass
test-amd64-i386-qemuu-rhel6hvm-amd pass
test-amd64-amd64-xl-qemut-debianhvm-amd64 pass
test-amd64-i386-xl-qemut-debianhvm-amd64 fail
test-amd64-amd64-xl-qemuu-debianhvm-amd64 pass
test-amd64-i386-xl-qemuu-debianhvm-amd64 fail
test-amd64-i386-freebsd10-amd64 pass
test-amd64-amd64-xl-qemuu-ovmf-amd64 pass
test-amd64-i386-xl-qemuu-ovmf-amd64 fail
test-amd64-amd64-rumprun-amd64 pass
test-amd64-amd64-xl-qemut-win7-amd64 fail
test-amd64-i386-xl-qemut-win7-amd64 pass
test-amd64-amd64-xl-qemuu-win7-amd64 pass
test-amd64-i386-xl-qemuu-win7-amd64 fail
test-amd64-amd64-xl-qemut-ws16-amd64 fail
test-amd64-i386-xl-qemut-ws16-amd64 fail
test-amd64-amd64-xl-qemuu-ws16-amd64 fail
test-amd64-i386-xl-qemuu-ws16-amd64 fail
test-armhf-armhf-xl-arndale blocked
test-amd64-amd64-xl-credit2 pass
test-arm64-arm64-xl-credit2 blocked
test-armhf-armhf-xl-credit2 blocked
test-armhf-armhf-xl-cubietruck blocked
test-amd64-i386-freebsd10-i386 pass
test-amd64-i386-rumprun-i386 pass
test-amd64-amd64-xl-qemut-win10-i386 fail
test-amd64-i386-xl-qemut-win10-i386 fail
test-amd64-amd64-xl-qemuu-win10-i386 fail
test-amd64-i386-xl-qemuu-win10-i386 fail
test-amd64-amd64-qemuu-nested-intel pass
test-amd64-amd64-xl-pvh-intel fail
test-amd64-i386-qemut-rhel6hvm-intel pass
test-amd64-i386-qemuu-rhel6hvm-intel pass
test-amd64-amd64-libvirt pass
test-armhf-armhf-libvirt blocked
test-amd64-i386-libvirt pass
test-amd64-amd64-livepatch pass
test-amd64-i386-livepatch pass
test-amd64-amd64-migrupgrade pass
test-amd64-i386-migrupgrade pass
test-amd64-amd64-xl-multivcpu pass
test-armhf-armhf-xl-multivcpu blocked
test-amd64-amd64-pair pass
test-amd64-i386-pair pass
test-amd64-amd64-libvirt-pair pass
test-amd64-i386-libvirt-pair pass
test-amd64-amd64-amd64-pvgrub pass
test-amd64-amd64-i386-pvgrub pass
test-amd64-amd64-pygrub pass
test-amd64-amd64-xl-qcow2 pass
test-armhf-armhf-libvirt-raw blocked
test-amd64-i386-xl-raw fail
test-amd64-amd64-xl-rtds pass
test-armhf-armhf-xl-rtds blocked
test-amd64-amd64-libvirt-vhd pass
test-armhf-armhf-xl-vhd blocked
------------------------------------------------------------
sg-report-flight on osstest.test-lab.xenproject.org
logs: /home/logs/logs
images: /home/logs/images
Logs, config files, etc. are available at
http://logs.test-lab.xenproject.org/osstest/logs
Explanation of these reports, and of osstest in general, is at
http://xenbits.xen.org/gitweb/?p=osstest.git;a=blob;f=README.email;hb=master
http://xenbits.xen.org/gitweb/?p=osstest.git;a=blob;f=README;hb=master
Test harness code can be found at
http://xenbits.xen.org/gitweb?p=osstest.git;a=summary
broken-step build-arm64-pvops hosts-allocate
broken-step build-arm64-xsm hosts-allocate
broken-step build-arm64 hosts-allocate
broken-step build-arm64-pvops capture-logs
broken-step build-arm64-xsm capture-logs
broken-step build-arm64 capture-logs
broken-step build-armhf-pvops host-install(4)
Not pushing.
------------------------------------------------------------
commit 5c10e0e4b0804aa43a45b4bf31d4df3f08ccd0c1
Author: Jan Beulich <jbeulich@suse.com>
Date: Thu Aug 17 15:07:56 2017 +0200
gnttab: fix transitive grant handling
Processing of transitive grants must not use the fast path, or else
reference counting breaks due to the skipped recursive call to
__acquire_grant_for_copy() (its __release_grant_for_copy()
counterpart occurs independent of original pin count). Furthermore
after re-acquiring temporarily dropped locks we need to verify no grant
properties changed if the original pin count was non-zero; checking
just the pin counts is sufficient only for well-behaved guests. As a
result, __release_grant_for_copy() needs to mirror that new behavior.
Furthermore a __release_grant_for_copy() invocation was missing on the
retry path of __acquire_grant_for_copy(), and gnttab_set_version() also
needs to bail out upon encountering a transitive grant.
This is part of XSA-226.
Reported-by: Andrew Cooper <andrew.cooper3@citrix.com>
Signed-off-by: Jan Beulich <jbeulich@suse.com>
Reviewed-by: Andrew Cooper <andrew.cooper3@citrix.com>
master commit: ad48fb963dbff02762d2db5396fa655ac0c432c7
master date: 2017-08-17 14:40:31 +0200
commit 5afb94cac0188b6841f434a087e19366f087efd2
Author: Jan Beulich <jbeulich@suse.com>
Date: Thu Aug 17 15:01:27 2017 +0200
gnttab: don't use possibly unbounded tail calls
There is no guarantee that the compiler would actually translate them
to branches instead of calls, so only ones with a known recursion limit
are okay:
- __release_grant_for_copy() can call itself only once, as
__acquire_grant_for_copy() won't permit use of multi-level transitive
grants,
- __acquire_grant_for_copy() is fine to call itself with the last
argument false, as that prevents further recursion,
- __acquire_grant_for_copy() must not call itself to recover from an
observed change to the active entry's pin count
This is part of XSA-226.
Signed-off-by: Jan Beulich <jbeulich@suse.com>
Reviewed-by: Andrew Cooper <andrew.cooper3@citrix.com>
master commit: 999d2ccb7f73408aa22656e1ba2f98b077eaa1c2
master date: 2017-08-17 14:39:18 +0200
(qemu changes not included)
_______________________________________________
Xen-devel mailing list
Xen-devel@lists.xen.org
https://lists.xen.org/xen-devel
reply other threads:[~2017-08-21 17:01 UTC|newest]
Thread overview: [no followups] expand[flat|nested] mbox.gz Atom feed
Reply instructions:
You may reply publicly to this message via plain-text email
using any one of the following methods:
* Save the following mbox file, import it into your mail client,
and reply-to-all from there: mbox
Avoid top-posting and favor interleaved quoting:
https://en.wikipedia.org/wiki/Posting_style#Interleaved_style
* Reply using the --to, --cc, and --in-reply-to
switches of git-send-email(1):
git send-email \
--in-reply-to=osstest-112759-mainreport@xen.org \
--to=osstest-admin@xenproject.org \
--cc=xen-devel@lists.xensource.com \
/path/to/YOUR_REPLY
https://kernel.org/pub/software/scm/git/docs/git-send-email.html
* If your mail client supports setting the In-Reply-To header
via mailto: links, try the mailto: link
Be sure your reply has a Subject: header at the top and a blank line
before the message body.
This is a public inbox, see mirroring instructions
for how to clone and mirror all data and code used for this inbox;
as well as URLs for NNTP newsgroup(s).