* [xen-unstable-smoke test] 112874: trouble: broken/pass
@ 2017-08-25 17:13 osstest service owner
0 siblings, 0 replies; only message in thread
From: osstest service owner @ 2017-08-25 17:13 UTC (permalink / raw)
To: xen-devel, osstest-admin
flight 112874 xen-unstable-smoke real [real]
http://logs.test-lab.xenproject.org/osstest/logs/112874/
Failures and problems with tests :-(
Tests which did not succeed and are blocking,
including tests which could not be run:
test-armhf-armhf-xl 4 host-install(4) broken REGR. vs. 112873
Tests which did not succeed, but are not blocking:
test-arm64-arm64-xl-xsm 1 build-check(1) blocked n/a
build-arm64-pvops 2 hosts-allocate broken like 112873
build-arm64 2 hosts-allocate broken like 112873
build-arm64-pvops 3 capture-logs broken like 112873
build-arm64 3 capture-logs broken like 112873
test-amd64-amd64-libvirt 13 migrate-support-check fail never pass
version targeted for testing:
xen f343f667597c6d13cc6d6b28e3a5ec83fe9cf18e
baseline version:
xen bfd19435bca21d3e6c2cfcbb02a143e0e397e7b3
Last test of basis 112873 2017-08-25 13:03:52 Z 0 days
Testing same since 112874 2017-08-25 15:01:32 Z 0 days 1 attempts
------------------------------------------------------------
People who touched revisions under test:
Andrew Cooper <andrew.cooper3@citrix.com>
Anthony PERARD <anthony.perard@citrix.com>
Daniel De Graaf <dgdegra@tycho.nsa.gov>
Dario Faggioli <dario.faggioli@citrix.com>
Jan Beulich <jbeulich@suse.com>
Juergen Gross <jgross@suse.com>
Julien Grall <julien.grall@arm.com>
Kevin Tian <kevin.tian@intel.com>
Paul Durrant <paul.durrant@citrix.com>
Wei Liu <wei.liu2@citrix.com>
jobs:
build-amd64 pass
build-arm64 broken
build-armhf pass
build-amd64-libvirt pass
build-arm64-pvops broken
test-armhf-armhf-xl broken
test-arm64-arm64-xl-xsm broken
test-amd64-amd64-xl-qemuu-debianhvm-i386 pass
test-amd64-amd64-libvirt pass
------------------------------------------------------------
sg-report-flight on osstest.test-lab.xenproject.org
logs: /home/logs/logs
images: /home/logs/images
Logs, config files, etc. are available at
http://logs.test-lab.xenproject.org/osstest/logs
Explanation of these reports, and of osstest in general, is at
http://xenbits.xen.org/gitweb/?p=osstest.git;a=blob;f=README.email;hb=master
http://xenbits.xen.org/gitweb/?p=osstest.git;a=blob;f=README;hb=master
Test harness code can be found at
http://xenbits.xen.org/gitweb?p=osstest.git;a=summary
broken-step build-arm64-pvops hosts-allocate
broken-step build-arm64 hosts-allocate
broken-step build-arm64-pvops capture-logs
broken-step build-arm64 capture-logs
broken-step test-armhf-armhf-xl host-install(4)
Not pushing.
(No revision log; it would be 678 lines long.)
_______________________________________________
Xen-devel mailing list
Xen-devel@lists.xen.org
https://lists.xen.org/xen-devel
^ permalink raw reply [flat|nested] only message in thread
only message in thread, other threads:[~2017-08-25 17:13 UTC | newest]
Thread overview: (only message) (download: mbox.gz follow: Atom feed
-- links below jump to the message on this page --
2017-08-25 17:13 [xen-unstable-smoke test] 112874: trouble: broken/pass osstest service owner
This is a public inbox, see mirroring instructions
for how to clone and mirror all data and code used for this inbox;
as well as URLs for NNTP newsgroup(s).