* [xen-unstable-smoke test] 112877: regressions - trouble: broken/fail/pass
@ 2017-08-25 22:59 osstest service owner
0 siblings, 0 replies; only message in thread
From: osstest service owner @ 2017-08-25 22:59 UTC (permalink / raw)
To: xen-devel, osstest-admin
flight 112877 xen-unstable-smoke real [real]
http://logs.test-lab.xenproject.org/osstest/logs/112877/
Regressions :-(
Tests which did not succeed and are blocking,
including tests which could not be run:
test-armhf-armhf-xl 7 xen-boot fail REGR. vs. 112875
Tests which did not succeed, but are not blocking:
test-arm64-arm64-xl-xsm 1 build-check(1) blocked n/a
build-arm64-pvops 2 hosts-allocate broken like 112875
build-arm64 2 hosts-allocate broken like 112875
build-arm64-pvops 3 capture-logs broken like 112875
build-arm64 3 capture-logs broken like 112875
test-amd64-amd64-libvirt 13 migrate-support-check fail never pass
version targeted for testing:
xen 803c5a2a42e7c72a4c848e0f0106a941b758a91f
baseline version:
xen 846be9ef30f3ef3b8f2ad9a0d2f7bd6025d21dc1
Last test of basis 112875 2017-08-25 18:04:01 Z 0 days
Testing same since 112877 2017-08-25 21:01:23 Z 0 days 1 attempts
------------------------------------------------------------
People who touched revisions under test:
Andrew Cooper <andrew.cooper3@citrix.com>
Juergen Gross <jgross@suse.com>
Wei Liu <wei.liu2@citrix.com>
jobs:
build-amd64 pass
build-arm64 broken
build-armhf pass
build-amd64-libvirt pass
build-arm64-pvops broken
test-armhf-armhf-xl fail
test-arm64-arm64-xl-xsm broken
test-amd64-amd64-xl-qemuu-debianhvm-i386 pass
test-amd64-amd64-libvirt pass
------------------------------------------------------------
sg-report-flight on osstest.test-lab.xenproject.org
logs: /home/logs/logs
images: /home/logs/images
Logs, config files, etc. are available at
http://logs.test-lab.xenproject.org/osstest/logs
Explanation of these reports, and of osstest in general, is at
http://xenbits.xen.org/gitweb/?p=osstest.git;a=blob;f=README.email;hb=master
http://xenbits.xen.org/gitweb/?p=osstest.git;a=blob;f=README;hb=master
Test harness code can be found at
http://xenbits.xen.org/gitweb?p=osstest.git;a=summary
broken-step build-arm64-pvops hosts-allocate
broken-step build-arm64 hosts-allocate
broken-step build-arm64-pvops capture-logs
broken-step build-arm64 capture-logs
Not pushing.
------------------------------------------------------------
commit 803c5a2a42e7c72a4c848e0f0106a941b758a91f
Author: Juergen Gross <jgross@suse.com>
Date: Fri Aug 25 18:11:25 2017 +0200
xen: fix parse_bool() with empty string
parse_bool() should return -1 in case it is called with an empty
string. In order to allow boolean parameters in the cmdline without
specifying a value this case must be handled in _cmdline_parse() by
always passing a value string.
This fixes commit 532dec8e31174ed450adfd36a4b0b41dec27010d ("xen:
add an optional string end parameter to parse_bool()")
Reported-by: Andrew Cooper <andrew.cooper3@citrix.com>
Signed-off-by: Juergen Gross <jgross@suse.com>
Acked-by: Wei Liu <wei.liu2@citrix.com>
Tested-by: Andrew Cooper <andrew.cooper3@citrix.com>
Reviewed-by: Andrew Cooper <andrew.cooper3@citrix.com>
(qemu changes not included)
_______________________________________________
Xen-devel mailing list
Xen-devel@lists.xen.org
https://lists.xen.org/xen-devel
^ permalink raw reply [flat|nested] only message in thread
only message in thread, other threads:[~2017-08-25 22:59 UTC | newest]
Thread overview: (only message) (download: mbox.gz follow: Atom feed
-- links below jump to the message on this page --
2017-08-25 22:59 [xen-unstable-smoke test] 112877: regressions - trouble: broken/fail/pass osstest service owner
This is a public inbox, see mirroring instructions
for how to clone and mirror all data and code used for this inbox;
as well as URLs for NNTP newsgroup(s).