From mboxrd@z Thu Jan 1 00:00:00 1970 From: osstest service owner Subject: [linux-linus test] 112884: regressions - trouble: blocked/broken/fail/pass Date: Sat, 26 Aug 2017 22:57:18 +0000 Message-ID: Mime-Version: 1.0 Content-Type: multipart/mixed; boundary="===============3246648693320043380==" Return-path: List-Unsubscribe: , List-Post: List-Help: List-Subscribe: , Errors-To: xen-devel-bounces@lists.xen.org Sender: "Xen-devel" To: xen-devel@lists.xensource.com, osstest-admin@xenproject.org List-Id: xen-devel@lists.xenproject.org --===============3246648693320043380== Content-Type: text/plain flight 112884 linux-linus real [real] http://logs.test-lab.xenproject.org/osstest/logs/112884/ Regressions :-( Tests which did not succeed and are blocking, including tests which could not be run: test-amd64-amd64-xl-qemuu-win7-amd64 18 guest-start/win.repeat fail REGR. vs. 112876 Regressions which are regarded as allowable (not blocking): test-amd64-i386-xl-qemuu-win7-amd64 17 guest-stop fail REGR. vs. 112876 Tests which did not succeed, but are not blocking: test-arm64-arm64-libvirt-xsm 1 build-check(1) blocked n/a test-arm64-arm64-xl 1 build-check(1) blocked n/a build-arm64-libvirt 1 build-check(1) blocked n/a test-arm64-arm64-examine 1 build-check(1) blocked n/a test-arm64-arm64-xl-credit2 1 build-check(1) blocked n/a test-arm64-arm64-xl-xsm 1 build-check(1) blocked n/a build-arm64-pvops 2 hosts-allocate broken like 112876 build-arm64-pvops 3 capture-logs broken like 112876 build-arm64-xsm 2 hosts-allocate broken like 112876 build-arm64-xsm 3 capture-logs broken like 112876 build-arm64 2 hosts-allocate broken like 112876 build-arm64 3 capture-logs broken like 112876 test-armhf-armhf-libvirt-xsm 14 saverestore-support-check fail like 112864 test-armhf-armhf-libvirt-raw 13 saverestore-support-check fail like 112864 test-armhf-armhf-libvirt 14 saverestore-support-check fail like 112876 test-amd64-amd64-xl-qemut-win7-amd64 16 guest-localmigrate/x10 fail like 112876 test-armhf-armhf-xl-rtds 16 guest-start/debian.repeat fail like 112876 test-amd64-i386-xl-qemut-win7-amd64 18 guest-start/win.repeat fail like 112876 test-amd64-amd64-xl-rtds 10 debian-install fail like 112876 test-amd64-amd64-xl-qemut-ws16-amd64 10 windows-install fail never pass test-amd64-amd64-libvirt 13 migrate-support-check fail never pass test-amd64-i386-libvirt 13 migrate-support-check fail never pass test-amd64-i386-libvirt-xsm 13 migrate-support-check fail never pass test-amd64-amd64-libvirt-xsm 13 migrate-support-check fail never pass test-amd64-amd64-libvirt-qemuu-debianhvm-amd64-xsm 11 migrate-support-check fail never pass test-armhf-armhf-xl-arndale 13 migrate-support-check fail never pass test-armhf-armhf-xl-arndale 14 saverestore-support-check fail never pass test-amd64-i386-libvirt-qemuu-debianhvm-amd64-xsm 11 migrate-support-check fail never pass test-amd64-amd64-libvirt-vhd 12 migrate-support-check fail never pass test-amd64-amd64-qemuu-nested-amd 17 debian-hvm-install/l1/l2 fail never pass test-armhf-armhf-xl-rtds 13 migrate-support-check fail never pass test-armhf-armhf-xl-rtds 14 saverestore-support-check fail never pass test-armhf-armhf-libvirt 13 migrate-support-check fail never pass test-armhf-armhf-xl-multivcpu 13 migrate-support-check fail never pass test-armhf-armhf-xl-multivcpu 14 saverestore-support-check fail never pass test-armhf-armhf-xl-cubietruck 13 migrate-support-check fail never pass test-armhf-armhf-xl-cubietruck 14 saverestore-support-check fail never pass test-armhf-armhf-xl-xsm 13 migrate-support-check fail never pass test-armhf-armhf-xl-xsm 14 saverestore-support-check fail never pass test-amd64-i386-xl-qemuu-ws16-amd64 13 guest-saverestore fail never pass test-amd64-amd64-xl-qemuu-ws16-amd64 10 windows-install fail never pass test-amd64-i386-xl-qemut-ws16-amd64 13 guest-saverestore fail never pass test-armhf-armhf-xl 13 migrate-support-check fail never pass test-armhf-armhf-xl 14 saverestore-support-check fail never pass test-armhf-armhf-xl-vhd 12 migrate-support-check fail never pass test-armhf-armhf-xl-vhd 13 saverestore-support-check fail never pass test-armhf-armhf-xl-credit2 13 migrate-support-check fail never pass test-armhf-armhf-xl-credit2 14 saverestore-support-check fail never pass test-armhf-armhf-libvirt-xsm 13 migrate-support-check fail never pass test-armhf-armhf-libvirt-raw 12 migrate-support-check fail never pass test-amd64-amd64-xl-qemut-win10-i386 10 windows-install fail never pass test-amd64-i386-xl-qemuu-win10-i386 10 windows-install fail never pass test-amd64-i386-xl-qemut-win10-i386 10 windows-install fail never pass test-amd64-amd64-xl-qemuu-win10-i386 10 windows-install fail never pass version targeted for testing: linux b3242dba9ff285962fe84d1135cafe9383d721f0 baseline version: linux 90a6cd503982bfd33ce8c70eb49bd2dd33bc6325 Last test of basis 112876 2017-08-25 19:51:14 Z 1 days Testing same since 112884 2017-08-26 14:33:01 Z 0 days 1 attempts ------------------------------------------------------------ People who touched revisions under test: Andrew Morton Andy Shevchenko Anton Vasilyev Arnd Bergmann Balasubramaniam, Hari Chand Bart Van Assche Benjamin Block Benjamin Herrenschmidt Boris Brezillon Brendan Higgins Brian Norris Chen Yu Chris Wilson Christian Borntraeger Christoph Hellwig Chuck Lever Daniel Vetter Dave Airlie David Rientjes Eric Biggers fred gao Guilherme G. Piccoli Heiko Carstens J. Bruce Fields Jani Nikula Jarkko Nikula Javier Martinez Canillas Jeffy Chen Jens Axboe Joakim Tjernlund Joel Stanley John Stultz Jon Hunter Jonathan Liu Joonas Lahtinen Kirill A. Shutemov Linus Torvalds Maarten Lankhorst Mark Brown Mark Rutland Maxime Ripard Michael Ellerman Michael S. Tsirkin Michal Hocko Mika Kahola Minchan Kim Nicholas Piggin Nikhil Mahale Oliver Weißbarth Olliver Schinagl Omar Sandoval Paolo Bonzini Paul Mackerras Pavel Tatashin Philipp Zabel Pierguido Lambri Quentin Schulz Radim Krčmář Rafael J. Wysocki Rodrigo Vivi Ronnie Sahlberg Ross Zwisler Sachin Prabhu Sean Paul Sergei Shtylyov Shaohua Li Shawn Guo Shawn Lin Stefan Hajnoczi Steve French Takashi Iwai Takashi Sakamoto Thierry Reding Tom Rini Ulf Hansson Uwe Kleine-König Vadim Lomovtsev Vinod Koul Wolfram Sang Woody Suwalski Zhenyu Wang jobs: build-amd64-xsm pass build-arm64-xsm broken build-armhf-xsm pass build-i386-xsm pass build-amd64 pass build-arm64 broken build-armhf pass build-i386 pass build-amd64-libvirt pass build-arm64-libvirt blocked build-armhf-libvirt pass build-i386-libvirt pass build-amd64-pvops pass build-arm64-pvops broken build-armhf-pvops pass build-i386-pvops pass build-amd64-rumprun pass build-i386-rumprun pass test-amd64-amd64-xl pass test-arm64-arm64-xl blocked test-armhf-armhf-xl pass test-amd64-i386-xl pass test-amd64-amd64-xl-qemut-debianhvm-amd64-xsm pass test-amd64-i386-xl-qemut-debianhvm-amd64-xsm pass test-amd64-amd64-libvirt-qemuu-debianhvm-amd64-xsm pass test-amd64-i386-libvirt-qemuu-debianhvm-amd64-xsm pass test-amd64-amd64-xl-qemuu-debianhvm-amd64-xsm pass test-amd64-i386-xl-qemuu-debianhvm-amd64-xsm pass test-amd64-amd64-xl-qemut-stubdom-debianhvm-amd64-xsm pass test-amd64-i386-xl-qemut-stubdom-debianhvm-amd64-xsm pass test-amd64-amd64-libvirt-xsm pass test-arm64-arm64-libvirt-xsm blocked test-armhf-armhf-libvirt-xsm pass test-amd64-i386-libvirt-xsm pass test-amd64-amd64-xl-xsm pass test-arm64-arm64-xl-xsm blocked test-armhf-armhf-xl-xsm pass test-amd64-i386-xl-xsm pass test-amd64-amd64-qemuu-nested-amd fail test-amd64-amd64-xl-pvh-amd pass test-amd64-i386-qemut-rhel6hvm-amd pass test-amd64-i386-qemuu-rhel6hvm-amd pass test-amd64-amd64-xl-qemut-debianhvm-amd64 pass test-amd64-i386-xl-qemut-debianhvm-amd64 pass test-amd64-amd64-xl-qemuu-debianhvm-amd64 pass test-amd64-i386-xl-qemuu-debianhvm-amd64 pass test-amd64-i386-freebsd10-amd64 pass test-amd64-amd64-xl-qemuu-ovmf-amd64 pass test-amd64-i386-xl-qemuu-ovmf-amd64 pass test-amd64-amd64-rumprun-amd64 pass test-amd64-amd64-xl-qemut-win7-amd64 fail test-amd64-i386-xl-qemut-win7-amd64 fail test-amd64-amd64-xl-qemuu-win7-amd64 fail test-amd64-i386-xl-qemuu-win7-amd64 fail test-amd64-amd64-xl-qemut-ws16-amd64 fail test-amd64-i386-xl-qemut-ws16-amd64 fail test-amd64-amd64-xl-qemuu-ws16-amd64 fail test-amd64-i386-xl-qemuu-ws16-amd64 fail test-armhf-armhf-xl-arndale pass test-amd64-amd64-xl-credit2 pass test-arm64-arm64-xl-credit2 blocked test-armhf-armhf-xl-credit2 pass test-armhf-armhf-xl-cubietruck pass test-amd64-amd64-examine pass test-arm64-arm64-examine blocked test-armhf-armhf-examine pass test-amd64-i386-examine pass test-amd64-i386-freebsd10-i386 pass test-amd64-i386-rumprun-i386 pass test-amd64-amd64-xl-qemut-win10-i386 fail test-amd64-i386-xl-qemut-win10-i386 fail test-amd64-amd64-xl-qemuu-win10-i386 fail test-amd64-i386-xl-qemuu-win10-i386 fail test-amd64-amd64-qemuu-nested-intel pass test-amd64-amd64-xl-pvh-intel pass test-amd64-i386-qemut-rhel6hvm-intel pass test-amd64-i386-qemuu-rhel6hvm-intel pass test-amd64-amd64-libvirt pass test-armhf-armhf-libvirt pass test-amd64-i386-libvirt pass test-amd64-amd64-xl-multivcpu pass test-armhf-armhf-xl-multivcpu pass test-amd64-amd64-pair pass test-amd64-i386-pair pass test-amd64-amd64-libvirt-pair pass test-amd64-i386-libvirt-pair pass test-amd64-amd64-amd64-pvgrub pass test-amd64-amd64-i386-pvgrub pass test-amd64-amd64-pygrub pass test-amd64-amd64-xl-qcow2 pass test-armhf-armhf-libvirt-raw pass test-amd64-i386-xl-raw pass test-amd64-amd64-xl-rtds fail test-armhf-armhf-xl-rtds fail test-amd64-amd64-libvirt-vhd pass test-armhf-armhf-xl-vhd pass ------------------------------------------------------------ sg-report-flight on osstest.test-lab.xenproject.org logs: /home/logs/logs images: /home/logs/images Logs, config files, etc. are available at http://logs.test-lab.xenproject.org/osstest/logs Explanation of these reports, and of osstest in general, is at http://xenbits.xen.org/gitweb/?p=osstest.git;a=blob;f=README.email;hb=master http://xenbits.xen.org/gitweb/?p=osstest.git;a=blob;f=README;hb=master Test harness code can be found at http://xenbits.xen.org/gitweb?p=osstest.git;a=summary broken-step build-arm64-pvops hosts-allocate broken-step build-arm64-pvops capture-logs broken-step build-arm64-xsm hosts-allocate broken-step build-arm64-xsm capture-logs broken-step build-arm64 hosts-allocate broken-step build-arm64 capture-logs Not pushing. (No revision log; it would be 2143 lines long.) --===============3246648693320043380== Content-Type: text/plain; charset="utf-8" MIME-Version: 1.0 Content-Transfer-Encoding: base64 Content-Disposition: inline X19fX19fX19fX19fX19fX19fX19fX19fX19fX19fX19fX19fX19fX19fX19fX18KWGVuLWRldmVs IG1haWxpbmcgbGlzdApYZW4tZGV2ZWxAbGlzdHMueGVuLm9yZwpodHRwczovL2xpc3RzLnhlbi5v cmcveGVuLWRldmVsCg== --===============3246648693320043380==--