xen-devel.lists.xenproject.org archive mirror
 help / color / mirror / Atom feed
* [linux-linus test] 112884: regressions - trouble: blocked/broken/fail/pass
@ 2017-08-26 22:57 osstest service owner
  0 siblings, 0 replies; only message in thread
From: osstest service owner @ 2017-08-26 22:57 UTC (permalink / raw)
  To: xen-devel, osstest-admin

[-- Attachment #1: Type: text/plain, Size: 16266 bytes --]

flight 112884 linux-linus real [real]
http://logs.test-lab.xenproject.org/osstest/logs/112884/

Regressions :-(

Tests which did not succeed and are blocking,
including tests which could not be run:
 test-amd64-amd64-xl-qemuu-win7-amd64 18 guest-start/win.repeat fail REGR. vs. 112876

Regressions which are regarded as allowable (not blocking):
 test-amd64-i386-xl-qemuu-win7-amd64 17 guest-stop        fail REGR. vs. 112876

Tests which did not succeed, but are not blocking:
 test-arm64-arm64-libvirt-xsm  1 build-check(1)               blocked  n/a
 test-arm64-arm64-xl           1 build-check(1)               blocked  n/a
 build-arm64-libvirt           1 build-check(1)               blocked  n/a
 test-arm64-arm64-examine      1 build-check(1)               blocked  n/a
 test-arm64-arm64-xl-credit2   1 build-check(1)               blocked  n/a
 test-arm64-arm64-xl-xsm       1 build-check(1)               blocked  n/a
 build-arm64-pvops             2 hosts-allocate              broken like 112876
 build-arm64-pvops             3 capture-logs                broken like 112876
 build-arm64-xsm               2 hosts-allocate              broken like 112876
 build-arm64-xsm               3 capture-logs                broken like 112876
 build-arm64                   2 hosts-allocate              broken like 112876
 build-arm64                   3 capture-logs                broken like 112876
 test-armhf-armhf-libvirt-xsm 14 saverestore-support-check    fail  like 112864
 test-armhf-armhf-libvirt-raw 13 saverestore-support-check    fail  like 112864
 test-armhf-armhf-libvirt     14 saverestore-support-check    fail  like 112876
 test-amd64-amd64-xl-qemut-win7-amd64 16 guest-localmigrate/x10 fail like 112876
 test-armhf-armhf-xl-rtds     16 guest-start/debian.repeat    fail  like 112876
 test-amd64-i386-xl-qemut-win7-amd64 18 guest-start/win.repeat fail like 112876
 test-amd64-amd64-xl-rtds     10 debian-install               fail  like 112876
 test-amd64-amd64-xl-qemut-ws16-amd64 10 windows-install        fail never pass
 test-amd64-amd64-libvirt     13 migrate-support-check        fail   never pass
 test-amd64-i386-libvirt      13 migrate-support-check        fail   never pass
 test-amd64-i386-libvirt-xsm  13 migrate-support-check        fail   never pass
 test-amd64-amd64-libvirt-xsm 13 migrate-support-check        fail   never pass
 test-amd64-amd64-libvirt-qemuu-debianhvm-amd64-xsm 11 migrate-support-check fail never pass
 test-armhf-armhf-xl-arndale  13 migrate-support-check        fail   never pass
 test-armhf-armhf-xl-arndale  14 saverestore-support-check    fail   never pass
 test-amd64-i386-libvirt-qemuu-debianhvm-amd64-xsm 11 migrate-support-check fail never pass
 test-amd64-amd64-libvirt-vhd 12 migrate-support-check        fail   never pass
 test-amd64-amd64-qemuu-nested-amd 17 debian-hvm-install/l1/l2  fail never pass
 test-armhf-armhf-xl-rtds     13 migrate-support-check        fail   never pass
 test-armhf-armhf-xl-rtds     14 saverestore-support-check    fail   never pass
 test-armhf-armhf-libvirt     13 migrate-support-check        fail   never pass
 test-armhf-armhf-xl-multivcpu 13 migrate-support-check        fail  never pass
 test-armhf-armhf-xl-multivcpu 14 saverestore-support-check    fail  never pass
 test-armhf-armhf-xl-cubietruck 13 migrate-support-check        fail never pass
 test-armhf-armhf-xl-cubietruck 14 saverestore-support-check    fail never pass
 test-armhf-armhf-xl-xsm      13 migrate-support-check        fail   never pass
 test-armhf-armhf-xl-xsm      14 saverestore-support-check    fail   never pass
 test-amd64-i386-xl-qemuu-ws16-amd64 13 guest-saverestore       fail never pass
 test-amd64-amd64-xl-qemuu-ws16-amd64 10 windows-install        fail never pass
 test-amd64-i386-xl-qemut-ws16-amd64 13 guest-saverestore       fail never pass
 test-armhf-armhf-xl          13 migrate-support-check        fail   never pass
 test-armhf-armhf-xl          14 saverestore-support-check    fail   never pass
 test-armhf-armhf-xl-vhd      12 migrate-support-check        fail   never pass
 test-armhf-armhf-xl-vhd      13 saverestore-support-check    fail   never pass
 test-armhf-armhf-xl-credit2  13 migrate-support-check        fail   never pass
 test-armhf-armhf-xl-credit2  14 saverestore-support-check    fail   never pass
 test-armhf-armhf-libvirt-xsm 13 migrate-support-check        fail   never pass
 test-armhf-armhf-libvirt-raw 12 migrate-support-check        fail   never pass
 test-amd64-amd64-xl-qemut-win10-i386 10 windows-install        fail never pass
 test-amd64-i386-xl-qemuu-win10-i386 10 windows-install         fail never pass
 test-amd64-i386-xl-qemut-win10-i386 10 windows-install         fail never pass
 test-amd64-amd64-xl-qemuu-win10-i386 10 windows-install        fail never pass

version targeted for testing:
 linux                b3242dba9ff285962fe84d1135cafe9383d721f0
baseline version:
 linux                90a6cd503982bfd33ce8c70eb49bd2dd33bc6325

Last test of basis   112876  2017-08-25 19:51:14 Z    1 days
Testing same since   112884  2017-08-26 14:33:01 Z    0 days    1 attempts

------------------------------------------------------------
People who touched revisions under test:
  Andrew Morton <akpm@linux-foundation.org>
  Andy Shevchenko <andriy.shevchenko@linux.intel.com>
  Anton Vasilyev <vasilyev@ispras.ru>
  Arnd Bergmann <arnd@arndb.de>
  Balasubramaniam, Hari Chand <hari.chand.balasubramaniam@intel.com>
  Bart Van Assche <bart.vanassche@wdc.com>
  Benjamin Block <bblock@linux.vnet.ibm.com>
  Benjamin Herrenschmidt <benh@kernel.crashing.org>
  Boris Brezillon <boris.brezillon@free-electrons.com>
  Brendan Higgins <brendanhiggins@google.com>
  Brian Norris <computersforpeace@gmail.com>
  Chen Yu <yu.c.chen@intel.com>
  Chris Wilson <chris@chris-wilson.co.uk>
  Christian Borntraeger <borntraeger@de.ibm.com>
  Christoph Hellwig <hch@lst.de>
  Chuck Lever <chuck.lever@oracle.com>
  Daniel Vetter <daniel.vetter@ffwll.ch>
  Dave Airlie <airlied@redhat.com>
  David Rientjes <rientjes@google.com>
  Eric Biggers <ebiggers@google.com>
  fred gao <fred.gao@intel.com>
  Guilherme G. Piccoli <gpiccoli@linux.vnet.ibm.com>
  Heiko Carstens <heiko.carstens@de.ibm.com>
  J. Bruce Fields <bfields@redhat.com>
  Jani Nikula <jani.nikula@intel.com>
  Jarkko Nikula <jarkko.nikula@linux.intel.com>
  Javier Martinez Canillas <javierm@redhat.com>
  Jeffy Chen <jeffy.chen@rock-chips.com>
  Jens Axboe <axboe@kernel.dk>
  Joakim Tjernlund <joakim.tjernlund@infinera.com>
  Joel Stanley <joel@jms.id.au>
  John Stultz <john.stultz@linaro.org>
  Jon Hunter <jonathanh@nvidia.com>
  Jonathan Liu <net147@gmail.com>
  Joonas Lahtinen <joonas.lahtinen@linux.intel.com>
  Kirill A. Shutemov <kirill.shutemov@linux.intel.com>
  Linus Torvalds <torvalds@linux-foundation.org>
  Maarten Lankhorst <maarten.lankhorst@linux.intel.com>
  Mark Brown <broonie@kernel.org>
  Mark Rutland <mark.rutland@arm.com>
  Maxime Ripard <maxime.ripard@free-electrons.com>
  Michael Ellerman <mpe@ellerman.id.au>
  Michael S. Tsirkin <mst@redhat.com>
  Michal Hocko <mhocko@suse.com>
  Mika Kahola <mika.kahola@intel.com>
  Minchan Kim <minchan@kernel.org>
  Nicholas Piggin <npiggin@gmail.com>
  Nikhil Mahale <nmahale@nvidia.com>
  Oliver Weißbarth <mail@oweissbarth.de>
  Olliver Schinagl <oliver@schinagl.nl>
  Omar Sandoval <osandov@fb.com>
  Paolo Bonzini <pbonzini@redhat.com>
  Paul Mackerras <paulus@ozlabs.org>
  Pavel Tatashin <pasha.tatashin@oracle.com>
  Philipp Zabel <p.zabel@pengutronix.de>
  Pierguido Lambri <plambri@redhat.com>
  Quentin Schulz <quentin.schulz@free-electrons.com>
  Radim Krčmář <rkrcmar@redhat.com>
  Rafael J. Wysocki <rafael.j.wysocki@intel.com>
  Rodrigo Vivi <rodrigo.vivi@intel.com>
  Ronnie Sahlberg <lsahlber@redhat.com>
  Ross Zwisler <ross.zwisler@linux.intel.com>
  Sachin Prabhu <sprabhu@redhat.com>
  Sean Paul <seanpaul@chromium.org>
  Sergei Shtylyov <sergei.shtylyov@cogentembedded.com>
  Shaohua Li <shli@fb.com>
  Shawn Guo <shawnguo@kernel.org>
  Shawn Lin <shawn.lin@rock-chips.com>
  Stefan Hajnoczi <stefanha@redhat.com>
  Steve French <smfrench@gmail.com>
  Takashi Iwai <tiwai@suse.de>
  Takashi Sakamoto <o-takashi@sakamocchi.jp>
  Thierry Reding <treding@nvidia.com>
  Tom Rini <trini@konsulko.com>
  Ulf Hansson <ulf.hansson@linaro.org>
  Uwe Kleine-König <u.kleine-koenig@pengutronix.de>
  Vadim Lomovtsev <vlomovts@redhat.com>
  Vinod Koul <vinod.koul@intel.com>
  Wolfram Sang <wsa@the-dreams.de>
  Woody Suwalski <terraluna977@gmail.com>
  Zhenyu Wang <zhenyuw@linux.intel.com>

jobs:
 build-amd64-xsm                                              pass    
 build-arm64-xsm                                              broken  
 build-armhf-xsm                                              pass    
 build-i386-xsm                                               pass    
 build-amd64                                                  pass    
 build-arm64                                                  broken  
 build-armhf                                                  pass    
 build-i386                                                   pass    
 build-amd64-libvirt                                          pass    
 build-arm64-libvirt                                          blocked 
 build-armhf-libvirt                                          pass    
 build-i386-libvirt                                           pass    
 build-amd64-pvops                                            pass    
 build-arm64-pvops                                            broken  
 build-armhf-pvops                                            pass    
 build-i386-pvops                                             pass    
 build-amd64-rumprun                                          pass    
 build-i386-rumprun                                           pass    
 test-amd64-amd64-xl                                          pass    
 test-arm64-arm64-xl                                          blocked 
 test-armhf-armhf-xl                                          pass    
 test-amd64-i386-xl                                           pass    
 test-amd64-amd64-xl-qemut-debianhvm-amd64-xsm                pass    
 test-amd64-i386-xl-qemut-debianhvm-amd64-xsm                 pass    
 test-amd64-amd64-libvirt-qemuu-debianhvm-amd64-xsm           pass    
 test-amd64-i386-libvirt-qemuu-debianhvm-amd64-xsm            pass    
 test-amd64-amd64-xl-qemuu-debianhvm-amd64-xsm                pass    
 test-amd64-i386-xl-qemuu-debianhvm-amd64-xsm                 pass    
 test-amd64-amd64-xl-qemut-stubdom-debianhvm-amd64-xsm        pass    
 test-amd64-i386-xl-qemut-stubdom-debianhvm-amd64-xsm         pass    
 test-amd64-amd64-libvirt-xsm                                 pass    
 test-arm64-arm64-libvirt-xsm                                 blocked 
 test-armhf-armhf-libvirt-xsm                                 pass    
 test-amd64-i386-libvirt-xsm                                  pass    
 test-amd64-amd64-xl-xsm                                      pass    
 test-arm64-arm64-xl-xsm                                      blocked 
 test-armhf-armhf-xl-xsm                                      pass    
 test-amd64-i386-xl-xsm                                       pass    
 test-amd64-amd64-qemuu-nested-amd                            fail    
 test-amd64-amd64-xl-pvh-amd                                  pass    
 test-amd64-i386-qemut-rhel6hvm-amd                           pass    
 test-amd64-i386-qemuu-rhel6hvm-amd                           pass    
 test-amd64-amd64-xl-qemut-debianhvm-amd64                    pass    
 test-amd64-i386-xl-qemut-debianhvm-amd64                     pass    
 test-amd64-amd64-xl-qemuu-debianhvm-amd64                    pass    
 test-amd64-i386-xl-qemuu-debianhvm-amd64                     pass    
 test-amd64-i386-freebsd10-amd64                              pass    
 test-amd64-amd64-xl-qemuu-ovmf-amd64                         pass    
 test-amd64-i386-xl-qemuu-ovmf-amd64                          pass    
 test-amd64-amd64-rumprun-amd64                               pass    
 test-amd64-amd64-xl-qemut-win7-amd64                         fail    
 test-amd64-i386-xl-qemut-win7-amd64                          fail    
 test-amd64-amd64-xl-qemuu-win7-amd64                         fail    
 test-amd64-i386-xl-qemuu-win7-amd64                          fail    
 test-amd64-amd64-xl-qemut-ws16-amd64                         fail    
 test-amd64-i386-xl-qemut-ws16-amd64                          fail    
 test-amd64-amd64-xl-qemuu-ws16-amd64                         fail    
 test-amd64-i386-xl-qemuu-ws16-amd64                          fail    
 test-armhf-armhf-xl-arndale                                  pass    
 test-amd64-amd64-xl-credit2                                  pass    
 test-arm64-arm64-xl-credit2                                  blocked 
 test-armhf-armhf-xl-credit2                                  pass    
 test-armhf-armhf-xl-cubietruck                               pass    
 test-amd64-amd64-examine                                     pass    
 test-arm64-arm64-examine                                     blocked 
 test-armhf-armhf-examine                                     pass    
 test-amd64-i386-examine                                      pass    
 test-amd64-i386-freebsd10-i386                               pass    
 test-amd64-i386-rumprun-i386                                 pass    
 test-amd64-amd64-xl-qemut-win10-i386                         fail    
 test-amd64-i386-xl-qemut-win10-i386                          fail    
 test-amd64-amd64-xl-qemuu-win10-i386                         fail    
 test-amd64-i386-xl-qemuu-win10-i386                          fail    
 test-amd64-amd64-qemuu-nested-intel                          pass    
 test-amd64-amd64-xl-pvh-intel                                pass    
 test-amd64-i386-qemut-rhel6hvm-intel                         pass    
 test-amd64-i386-qemuu-rhel6hvm-intel                         pass    
 test-amd64-amd64-libvirt                                     pass    
 test-armhf-armhf-libvirt                                     pass    
 test-amd64-i386-libvirt                                      pass    
 test-amd64-amd64-xl-multivcpu                                pass    
 test-armhf-armhf-xl-multivcpu                                pass    
 test-amd64-amd64-pair                                        pass    
 test-amd64-i386-pair                                         pass    
 test-amd64-amd64-libvirt-pair                                pass    
 test-amd64-i386-libvirt-pair                                 pass    
 test-amd64-amd64-amd64-pvgrub                                pass    
 test-amd64-amd64-i386-pvgrub                                 pass    
 test-amd64-amd64-pygrub                                      pass    
 test-amd64-amd64-xl-qcow2                                    pass    
 test-armhf-armhf-libvirt-raw                                 pass    
 test-amd64-i386-xl-raw                                       pass    
 test-amd64-amd64-xl-rtds                                     fail    
 test-armhf-armhf-xl-rtds                                     fail    
 test-amd64-amd64-libvirt-vhd                                 pass    
 test-armhf-armhf-xl-vhd                                      pass    


------------------------------------------------------------
sg-report-flight on osstest.test-lab.xenproject.org
logs: /home/logs/logs
images: /home/logs/images

Logs, config files, etc. are available at
    http://logs.test-lab.xenproject.org/osstest/logs

Explanation of these reports, and of osstest in general, is at
    http://xenbits.xen.org/gitweb/?p=osstest.git;a=blob;f=README.email;hb=master
    http://xenbits.xen.org/gitweb/?p=osstest.git;a=blob;f=README;hb=master

Test harness code can be found at
    http://xenbits.xen.org/gitweb?p=osstest.git;a=summary

broken-step build-arm64-pvops hosts-allocate
broken-step build-arm64-pvops capture-logs
broken-step build-arm64-xsm hosts-allocate
broken-step build-arm64-xsm capture-logs
broken-step build-arm64 hosts-allocate
broken-step build-arm64 capture-logs

Not pushing.

(No revision log; it would be 2143 lines long.)


[-- Attachment #2: Type: text/plain, Size: 127 bytes --]

_______________________________________________
Xen-devel mailing list
Xen-devel@lists.xen.org
https://lists.xen.org/xen-devel

^ permalink raw reply	[flat|nested] only message in thread

only message in thread, other threads:[~2017-08-26 22:57 UTC | newest]

Thread overview: (only message) (download: mbox.gz follow: Atom feed
-- links below jump to the message on this page --
2017-08-26 22:57 [linux-linus test] 112884: regressions - trouble: blocked/broken/fail/pass osstest service owner

This is a public inbox, see mirroring instructions
for how to clone and mirror all data and code used for this inbox;
as well as URLs for NNTP newsgroup(s).