* [linux-linus test] 112895: regressions - trouble: blocked/broken/fail/pass
@ 2017-08-28 2:24 osstest service owner
0 siblings, 0 replies; only message in thread
From: osstest service owner @ 2017-08-28 2:24 UTC (permalink / raw)
To: xen-devel, osstest-admin
flight 112895 linux-linus real [real]
http://logs.test-lab.xenproject.org/osstest/logs/112895/
Regressions :-(
Tests which did not succeed and are blocking,
including tests which could not be run:
test-armhf-armhf-xl-credit2 16 guest-start/debian.repeat fail REGR. vs. 112891
Regressions which are regarded as allowable (not blocking):
test-amd64-i386-xl-qemuu-win7-amd64 17 guest-stop fail REGR. vs. 112891
Tests which did not succeed, but are not blocking:
test-arm64-arm64-libvirt-xsm 1 build-check(1) blocked n/a
test-arm64-arm64-xl 1 build-check(1) blocked n/a
build-arm64-libvirt 1 build-check(1) blocked n/a
test-arm64-arm64-examine 1 build-check(1) blocked n/a
test-arm64-arm64-xl-credit2 1 build-check(1) blocked n/a
test-arm64-arm64-xl-xsm 1 build-check(1) blocked n/a
build-arm64-pvops 2 hosts-allocate broken like 112891
build-arm64-pvops 3 capture-logs broken like 112891
build-arm64-xsm 2 hosts-allocate broken like 112891
build-arm64-xsm 3 capture-logs broken like 112891
build-arm64 2 hosts-allocate broken like 112891
build-arm64 3 capture-logs broken like 112891
test-armhf-armhf-xl-rtds 16 guest-start/debian.repeat fail blocked in 112891
test-amd64-amd64-xl-qemut-win7-amd64 18 guest-start/win.repeat fail blocked in 112891
test-armhf-armhf-libvirt 14 saverestore-support-check fail like 112891
test-amd64-amd64-xl-qemuu-win7-amd64 17 guest-stop fail like 112891
test-amd64-i386-xl-qemut-win7-amd64 17 guest-stop fail like 112891
test-armhf-armhf-libvirt-xsm 14 saverestore-support-check fail like 112891
test-amd64-amd64-xl-rtds 10 debian-install fail like 112891
test-armhf-armhf-libvirt-raw 13 saverestore-support-check fail like 112891
test-amd64-amd64-xl-qemut-ws16-amd64 10 windows-install fail never pass
test-amd64-i386-libvirt-xsm 13 migrate-support-check fail never pass
test-amd64-i386-libvirt 13 migrate-support-check fail never pass
test-amd64-amd64-libvirt-xsm 13 migrate-support-check fail never pass
test-amd64-amd64-libvirt-qemuu-debianhvm-amd64-xsm 11 migrate-support-check fail never pass
test-amd64-i386-libvirt-qemuu-debianhvm-amd64-xsm 11 migrate-support-check fail never pass
test-armhf-armhf-xl-arndale 13 migrate-support-check fail never pass
test-armhf-armhf-xl-arndale 14 saverestore-support-check fail never pass
test-amd64-amd64-libvirt-vhd 12 migrate-support-check fail never pass
test-amd64-amd64-qemuu-nested-amd 17 debian-hvm-install/l1/l2 fail never pass
test-armhf-armhf-xl-rtds 13 migrate-support-check fail never pass
test-armhf-armhf-xl-rtds 14 saverestore-support-check fail never pass
test-armhf-armhf-libvirt 13 migrate-support-check fail never pass
test-armhf-armhf-xl-multivcpu 13 migrate-support-check fail never pass
test-armhf-armhf-xl-multivcpu 14 saverestore-support-check fail never pass
test-armhf-armhf-xl-cubietruck 13 migrate-support-check fail never pass
test-armhf-armhf-xl-cubietruck 14 saverestore-support-check fail never pass
test-armhf-armhf-xl-xsm 13 migrate-support-check fail never pass
test-armhf-armhf-xl-xsm 14 saverestore-support-check fail never pass
test-amd64-i386-xl-qemuu-ws16-amd64 13 guest-saverestore fail never pass
test-amd64-amd64-libvirt 13 migrate-support-check fail never pass
test-amd64-amd64-xl-qemuu-ws16-amd64 10 windows-install fail never pass
test-amd64-i386-xl-qemut-ws16-amd64 13 guest-saverestore fail never pass
test-armhf-armhf-xl 13 migrate-support-check fail never pass
test-armhf-armhf-xl 14 saverestore-support-check fail never pass
test-armhf-armhf-xl-vhd 12 migrate-support-check fail never pass
test-armhf-armhf-xl-vhd 13 saverestore-support-check fail never pass
test-armhf-armhf-xl-credit2 13 migrate-support-check fail never pass
test-armhf-armhf-xl-credit2 14 saverestore-support-check fail never pass
test-armhf-armhf-libvirt-xsm 13 migrate-support-check fail never pass
test-armhf-armhf-libvirt-raw 12 migrate-support-check fail never pass
test-amd64-amd64-xl-qemut-win10-i386 10 windows-install fail never pass
test-amd64-i386-xl-qemuu-win10-i386 10 windows-install fail never pass
test-amd64-i386-xl-qemut-win10-i386 10 windows-install fail never pass
test-amd64-amd64-xl-qemuu-win10-i386 10 windows-install fail never pass
version targeted for testing:
linux 0cc3b0ec23ce4c69e1e890ed2b8d2fa932b14aad
baseline version:
linux bab9752480c54b5f483a0f52e53cbdef55a83219
Last test of basis 112891 2017-08-27 07:28:31 Z 0 days
Testing same since 112895 2017-08-27 20:20:50 Z 0 days 1 attempts
------------------------------------------------------------
People who touched revisions under test:
Linus Torvalds <torvalds@linux-foundation.org>
jobs:
build-amd64-xsm pass
build-arm64-xsm broken
build-armhf-xsm pass
build-i386-xsm pass
build-amd64 pass
build-arm64 broken
build-armhf pass
build-i386 pass
build-amd64-libvirt pass
build-arm64-libvirt blocked
build-armhf-libvirt pass
build-i386-libvirt pass
build-amd64-pvops pass
build-arm64-pvops broken
build-armhf-pvops pass
build-i386-pvops pass
build-amd64-rumprun pass
build-i386-rumprun pass
test-amd64-amd64-xl pass
test-arm64-arm64-xl blocked
test-armhf-armhf-xl pass
test-amd64-i386-xl pass
test-amd64-amd64-xl-qemut-debianhvm-amd64-xsm pass
test-amd64-i386-xl-qemut-debianhvm-amd64-xsm pass
test-amd64-amd64-libvirt-qemuu-debianhvm-amd64-xsm pass
test-amd64-i386-libvirt-qemuu-debianhvm-amd64-xsm pass
test-amd64-amd64-xl-qemuu-debianhvm-amd64-xsm pass
test-amd64-i386-xl-qemuu-debianhvm-amd64-xsm pass
test-amd64-amd64-xl-qemut-stubdom-debianhvm-amd64-xsm pass
test-amd64-i386-xl-qemut-stubdom-debianhvm-amd64-xsm pass
test-amd64-amd64-libvirt-xsm pass
test-arm64-arm64-libvirt-xsm blocked
test-armhf-armhf-libvirt-xsm pass
test-amd64-i386-libvirt-xsm pass
test-amd64-amd64-xl-xsm pass
test-arm64-arm64-xl-xsm blocked
test-armhf-armhf-xl-xsm pass
test-amd64-i386-xl-xsm pass
test-amd64-amd64-qemuu-nested-amd fail
test-amd64-amd64-xl-pvh-amd pass
test-amd64-i386-qemut-rhel6hvm-amd pass
test-amd64-i386-qemuu-rhel6hvm-amd pass
test-amd64-amd64-xl-qemut-debianhvm-amd64 pass
test-amd64-i386-xl-qemut-debianhvm-amd64 pass
test-amd64-amd64-xl-qemuu-debianhvm-amd64 pass
test-amd64-i386-xl-qemuu-debianhvm-amd64 pass
test-amd64-i386-freebsd10-amd64 pass
test-amd64-amd64-xl-qemuu-ovmf-amd64 pass
test-amd64-i386-xl-qemuu-ovmf-amd64 pass
test-amd64-amd64-rumprun-amd64 pass
test-amd64-amd64-xl-qemut-win7-amd64 fail
test-amd64-i386-xl-qemut-win7-amd64 fail
test-amd64-amd64-xl-qemuu-win7-amd64 fail
test-amd64-i386-xl-qemuu-win7-amd64 fail
test-amd64-amd64-xl-qemut-ws16-amd64 fail
test-amd64-i386-xl-qemut-ws16-amd64 fail
test-amd64-amd64-xl-qemuu-ws16-amd64 fail
test-amd64-i386-xl-qemuu-ws16-amd64 fail
test-armhf-armhf-xl-arndale pass
test-amd64-amd64-xl-credit2 pass
test-arm64-arm64-xl-credit2 blocked
test-armhf-armhf-xl-credit2 fail
test-armhf-armhf-xl-cubietruck pass
test-amd64-amd64-examine pass
test-arm64-arm64-examine blocked
test-armhf-armhf-examine pass
test-amd64-i386-examine pass
test-amd64-i386-freebsd10-i386 pass
test-amd64-i386-rumprun-i386 pass
test-amd64-amd64-xl-qemut-win10-i386 fail
test-amd64-i386-xl-qemut-win10-i386 fail
test-amd64-amd64-xl-qemuu-win10-i386 fail
test-amd64-i386-xl-qemuu-win10-i386 fail
test-amd64-amd64-qemuu-nested-intel pass
test-amd64-amd64-xl-pvh-intel pass
test-amd64-i386-qemut-rhel6hvm-intel pass
test-amd64-i386-qemuu-rhel6hvm-intel pass
test-amd64-amd64-libvirt pass
test-armhf-armhf-libvirt pass
test-amd64-i386-libvirt pass
test-amd64-amd64-xl-multivcpu pass
test-armhf-armhf-xl-multivcpu pass
test-amd64-amd64-pair pass
test-amd64-i386-pair pass
test-amd64-amd64-libvirt-pair pass
test-amd64-i386-libvirt-pair pass
test-amd64-amd64-amd64-pvgrub pass
test-amd64-amd64-i386-pvgrub pass
test-amd64-amd64-pygrub pass
test-amd64-amd64-xl-qcow2 pass
test-armhf-armhf-libvirt-raw pass
test-amd64-i386-xl-raw pass
test-amd64-amd64-xl-rtds fail
test-armhf-armhf-xl-rtds fail
test-amd64-amd64-libvirt-vhd pass
test-armhf-armhf-xl-vhd pass
------------------------------------------------------------
sg-report-flight on osstest.test-lab.xenproject.org
logs: /home/logs/logs
images: /home/logs/images
Logs, config files, etc. are available at
http://logs.test-lab.xenproject.org/osstest/logs
Explanation of these reports, and of osstest in general, is at
http://xenbits.xen.org/gitweb/?p=osstest.git;a=blob;f=README.email;hb=master
http://xenbits.xen.org/gitweb/?p=osstest.git;a=blob;f=README;hb=master
Test harness code can be found at
http://xenbits.xen.org/gitweb?p=osstest.git;a=summary
broken-step build-arm64-pvops hosts-allocate
broken-step build-arm64-pvops capture-logs
broken-step build-arm64-xsm hosts-allocate
broken-step build-arm64-xsm capture-logs
broken-step build-arm64 hosts-allocate
broken-step build-arm64 capture-logs
Not pushing.
------------------------------------------------------------
commit 0cc3b0ec23ce4c69e1e890ed2b8d2fa932b14aad
Author: Linus Torvalds <torvalds@linux-foundation.org>
Date: Sun Aug 27 12:12:25 2017 -0700
Clarify (and fix) MAX_LFS_FILESIZE macros
We have a MAX_LFS_FILESIZE macro that is meant to be filled in by
filesystems (and other IO targets) that know they are 64-bit clean and
don't have any 32-bit limits in their IO path.
It turns out that our 32-bit value for that limit was bogus. On 32-bit,
the VM layer is limited by the page cache to only 32-bit index values,
but our logic for that was confusing and actually wrong. We used to
define that value to
(((loff_t)PAGE_SIZE << (BITS_PER_LONG-1))-1)
which is actually odd in several ways: it limits the index to 31 bits,
and then it limits files so that they can't have data in that last byte
of a page that has the highest 31-bit index (ie page index 0x7fffffff).
Neither of those limitations make sense. The index is actually the full
32 bit unsigned value, and we can use that whole full page. So the
maximum size of the file would logically be "PAGE_SIZE << BITS_PER_LONG".
However, we do wan tto avoid the maximum index, because we have code
that iterates over the page indexes, and we don't want that code to
overflow. So the maximum size of a file on a 32-bit host should
actually be one page less than the full 32-bit index.
So the actual limit is ULONG_MAX << PAGE_SHIFT. That means that we will
not actually be using the page of that last index (ULONG_MAX), but we
can grow a file up to that limit.
The wrong value of MAX_LFS_FILESIZE actually caused problems for Doug
Nazar, who was still using a 32-bit host, but with a 9.7TB 2 x RAID5
volume. It turns out that our old MAX_LFS_FILESIZE was 8TiB (well, one
byte less), but the actual true VM limit is one page less than 16TiB.
This was invisible until commit c2a9737f45e2 ("vfs,mm: fix a dead loop
in truncate_inode_pages_range()"), which started applying that
MAX_LFS_FILESIZE limit to block devices too.
NOTE! On 64-bit, the page index isn't a limiter at all, and the limit is
actually just the offset type itself (loff_t), which is signed. But for
clarity, on 64-bit, just use the maximum signed value, and don't make
people have to count the number of 'f' characters in the hex constant.
So just use LLONG_MAX for the 64-bit case. That was what the value had
been before too, just written out as a hex constant.
Fixes: c2a9737f45e2 ("vfs,mm: fix a dead loop in truncate_inode_pages_range()")
Reported-and-tested-by: Doug Nazar <nazard@nazar.ca>
Cc: Andreas Dilger <adilger@dilger.ca>
Cc: Mark Fasheh <mfasheh@versity.com>
Cc: Joel Becker <jlbec@evilplan.org>
Cc: Dave Kleikamp <shaggy@kernel.org>
Cc: stable@kernel.org
Signed-off-by: Linus Torvalds <torvalds@linux-foundation.org>
_______________________________________________
Xen-devel mailing list
Xen-devel@lists.xen.org
https://lists.xen.org/xen-devel
^ permalink raw reply [flat|nested] only message in thread
only message in thread, other threads:[~2017-08-28 2:24 UTC | newest]
Thread overview: (only message) (download: mbox.gz follow: Atom feed
-- links below jump to the message on this page --
2017-08-28 2:24 [linux-linus test] 112895: regressions - trouble: blocked/broken/fail/pass osstest service owner
This is a public inbox, see mirroring instructions
for how to clone and mirror all data and code used for this inbox;
as well as URLs for NNTP newsgroup(s).