* [linux-next test] 112906: regressions - trouble: blocked/broken/fail/pass
@ 2017-08-28 20:59 osstest service owner
0 siblings, 0 replies; only message in thread
From: osstest service owner @ 2017-08-28 20:59 UTC (permalink / raw)
To: xen-devel, osstest-admin
flight 112906 linux-next real [real]
http://logs.test-lab.xenproject.org/osstest/logs/112906/
Regressions :-(
Tests which did not succeed and are blocking,
including tests which could not be run:
test-amd64-i386-xl-qemuu-debianhvm-amd64 7 xen-boot fail REGR. vs. 112853
test-amd64-i386-xl-qemuu-ws16-amd64 7 xen-boot fail REGR. vs. 112853
test-amd64-i386-xl-qemuu-win10-i386 7 xen-boot fail REGR. vs. 112853
test-amd64-i386-qemuu-rhel6hvm-intel 7 xen-boot fail REGR. vs. 112853
test-amd64-i386-qemut-rhel6hvm-intel 7 xen-boot fail REGR. vs. 112853
test-amd64-i386-libvirt 7 xen-boot fail REGR. vs. 112853
test-amd64-i386-pair 10 xen-boot/src_host fail REGR. vs. 112853
test-amd64-i386-pair 11 xen-boot/dst_host fail REGR. vs. 112853
test-amd64-i386-xl-qemut-win10-i386 7 xen-boot fail REGR. vs. 112853
test-amd64-i386-freebsd10-i386 7 xen-boot fail REGR. vs. 112853
test-amd64-i386-xl 7 xen-boot fail REGR. vs. 112853
test-amd64-i386-xl-qemut-ws16-amd64 7 xen-boot fail REGR. vs. 112853
test-amd64-i386-examine 7 reboot fail REGR. vs. 112853
test-amd64-i386-xl-qemut-debianhvm-amd64 7 xen-boot fail REGR. vs. 112853
test-amd64-i386-qemuu-rhel6hvm-amd 7 xen-boot fail REGR. vs. 112853
test-amd64-i386-xl-qemuu-ovmf-amd64 7 xen-boot fail REGR. vs. 112853
test-amd64-i386-freebsd10-amd64 7 xen-boot fail REGR. vs. 112853
test-amd64-i386-xl-qemut-win7-amd64 7 xen-boot fail REGR. vs. 112853
test-amd64-i386-xl-qemuu-win7-amd64 7 xen-boot fail REGR. vs. 112853
test-amd64-i386-xl-raw 7 xen-boot fail REGR. vs. 112853
test-amd64-i386-rumprun-i386 7 xen-boot fail REGR. vs. 112853
test-amd64-i386-qemut-rhel6hvm-amd 7 xen-boot fail REGR. vs. 112853
build-amd64-pvops 6 kernel-build fail REGR. vs. 112853
test-amd64-i386-libvirt-pair 10 xen-boot/src_host fail REGR. vs. 112853
test-amd64-i386-libvirt-pair 11 xen-boot/dst_host fail REGR. vs. 112853
build-armhf-pvops 6 kernel-build fail REGR. vs. 112853
Tests which did not succeed, but are not blocking:
test-amd64-amd64-xl-qemuu-debianhvm-amd64 1 build-check(1) blocked n/a
test-amd64-amd64-qemuu-nested-intel 1 build-check(1) blocked n/a
test-armhf-armhf-libvirt 1 build-check(1) blocked n/a
build-arm64-libvirt 1 build-check(1) blocked n/a
test-amd64-amd64-xl-qemut-stubdom-debianhvm-amd64-xsm 1 build-check(1) blocked n/a
test-armhf-armhf-libvirt-raw 1 build-check(1) blocked n/a
test-arm64-arm64-examine 1 build-check(1) blocked n/a
test-amd64-amd64-xl-multivcpu 1 build-check(1) blocked n/a
test-amd64-amd64-libvirt 1 build-check(1) blocked n/a
test-amd64-amd64-xl-pvh-amd 1 build-check(1) blocked n/a
test-amd64-amd64-xl-qemut-win10-i386 1 build-check(1) blocked n/a
test-amd64-amd64-pair 1 build-check(1) blocked n/a
test-armhf-armhf-xl-credit2 1 build-check(1) blocked n/a
test-amd64-amd64-xl-qemuu-win10-i386 1 build-check(1) blocked n/a
test-amd64-amd64-xl-qemuu-win7-amd64 1 build-check(1) blocked n/a
test-amd64-amd64-libvirt-qemuu-debianhvm-amd64-xsm 1 build-check(1) blocked n/a
test-amd64-amd64-pygrub 1 build-check(1) blocked n/a
test-amd64-amd64-xl-qcow2 1 build-check(1) blocked n/a
test-amd64-amd64-amd64-pvgrub 1 build-check(1) blocked n/a
test-armhf-armhf-xl-arndale 1 build-check(1) blocked n/a
test-amd64-amd64-xl-qemut-win7-amd64 1 build-check(1) blocked n/a
test-armhf-armhf-libvirt-xsm 1 build-check(1) blocked n/a
test-amd64-amd64-xl-qemuu-ovmf-amd64 1 build-check(1) blocked n/a
test-amd64-amd64-libvirt-vhd 1 build-check(1) blocked n/a
test-arm64-arm64-libvirt-xsm 1 build-check(1) blocked n/a
test-amd64-amd64-xl-credit2 1 build-check(1) blocked n/a
test-armhf-armhf-xl-multivcpu 1 build-check(1) blocked n/a
test-amd64-amd64-xl-qemuu-debianhvm-amd64-xsm 1 build-check(1) blocked n/a
test-amd64-amd64-rumprun-amd64 1 build-check(1) blocked n/a
test-amd64-amd64-xl-pvh-intel 1 build-check(1) blocked n/a
test-amd64-amd64-i386-pvgrub 1 build-check(1) blocked n/a
test-amd64-amd64-xl-qemut-ws16-amd64 1 build-check(1) blocked n/a
test-arm64-arm64-xl 1 build-check(1) blocked n/a
test-amd64-amd64-xl-qemuu-ws16-amd64 1 build-check(1) blocked n/a
test-amd64-amd64-libvirt-pair 1 build-check(1) blocked n/a
test-armhf-armhf-xl 1 build-check(1) blocked n/a
test-armhf-armhf-examine 1 build-check(1) blocked n/a
test-amd64-amd64-libvirt-xsm 1 build-check(1) blocked n/a
test-amd64-amd64-xl-xsm 1 build-check(1) blocked n/a
test-armhf-armhf-xl-vhd 1 build-check(1) blocked n/a
test-amd64-amd64-xl 1 build-check(1) blocked n/a
test-arm64-arm64-xl-credit2 1 build-check(1) blocked n/a
test-amd64-amd64-qemuu-nested-amd 1 build-check(1) blocked n/a
test-armhf-armhf-xl-cubietruck 1 build-check(1) blocked n/a
test-amd64-amd64-examine 1 build-check(1) blocked n/a
test-armhf-armhf-xl-rtds 1 build-check(1) blocked n/a
test-amd64-amd64-xl-qemut-debianhvm-amd64-xsm 1 build-check(1) blocked n/a
test-amd64-amd64-xl-qemut-debianhvm-amd64 1 build-check(1) blocked n/a
test-armhf-armhf-xl-xsm 1 build-check(1) blocked n/a
test-amd64-amd64-xl-rtds 1 build-check(1) blocked n/a
test-arm64-arm64-xl-xsm 1 build-check(1) blocked n/a
build-arm64 2 hosts-allocate broken like 112853
build-arm64-pvops 2 hosts-allocate broken like 112853
build-arm64 3 capture-logs broken like 112853
build-arm64-xsm 2 hosts-allocate broken like 112853
build-arm64-xsm 3 capture-logs broken like 112853
build-arm64-pvops 3 capture-logs broken like 112853
test-amd64-i386-xl-xsm 7 xen-boot fail blocked in 112853
test-amd64-i386-xl-qemut-debianhvm-amd64-xsm 7 xen-boot fail blocked in 112853
test-amd64-i386-xl-qemuu-debianhvm-amd64-xsm 7 xen-boot fail blocked in 112853
test-amd64-i386-xl-qemut-stubdom-debianhvm-amd64-xsm 7 xen-boot fail blocked in 112853
test-amd64-i386-libvirt-qemuu-debianhvm-amd64-xsm 7 xen-boot fail blocked in 112853
test-amd64-i386-libvirt-xsm 7 xen-boot fail blocked in 112853
version targeted for testing:
linux 7159188b70e3a07dd9953f2a0aef9da8c4b1ef2f
baseline version:
linux 2acf097f16abba684012cca670a61d94178bd1ab
Last test of basis (not found)
Failing since (not found)
Testing same since 112870 2017-08-25 11:26:55 Z 3 days 2 attempts
jobs:
build-amd64-xsm pass
build-arm64-xsm broken
build-armhf-xsm pass
build-i386-xsm pass
build-amd64 pass
build-arm64 broken
build-armhf pass
build-i386 pass
build-amd64-libvirt pass
build-arm64-libvirt blocked
build-armhf-libvirt pass
build-i386-libvirt pass
build-amd64-pvops fail
build-arm64-pvops broken
build-armhf-pvops fail
build-i386-pvops pass
build-amd64-rumprun pass
build-i386-rumprun pass
test-amd64-amd64-xl blocked
test-arm64-arm64-xl blocked
test-armhf-armhf-xl blocked
test-amd64-i386-xl fail
test-amd64-amd64-xl-qemut-debianhvm-amd64-xsm blocked
test-amd64-i386-xl-qemut-debianhvm-amd64-xsm fail
test-amd64-amd64-libvirt-qemuu-debianhvm-amd64-xsm blocked
test-amd64-i386-libvirt-qemuu-debianhvm-amd64-xsm fail
test-amd64-amd64-xl-qemuu-debianhvm-amd64-xsm blocked
test-amd64-i386-xl-qemuu-debianhvm-amd64-xsm fail
test-amd64-amd64-xl-qemut-stubdom-debianhvm-amd64-xsm blocked
test-amd64-i386-xl-qemut-stubdom-debianhvm-amd64-xsm fail
test-amd64-amd64-libvirt-xsm blocked
test-arm64-arm64-libvirt-xsm blocked
test-armhf-armhf-libvirt-xsm blocked
test-amd64-i386-libvirt-xsm fail
test-amd64-amd64-xl-xsm blocked
test-arm64-arm64-xl-xsm blocked
test-armhf-armhf-xl-xsm blocked
test-amd64-i386-xl-xsm fail
test-amd64-amd64-qemuu-nested-amd blocked
test-amd64-amd64-xl-pvh-amd blocked
test-amd64-i386-qemut-rhel6hvm-amd fail
test-amd64-i386-qemuu-rhel6hvm-amd fail
test-amd64-amd64-xl-qemut-debianhvm-amd64 blocked
test-amd64-i386-xl-qemut-debianhvm-amd64 fail
test-amd64-amd64-xl-qemuu-debianhvm-amd64 blocked
test-amd64-i386-xl-qemuu-debianhvm-amd64 fail
test-amd64-i386-freebsd10-amd64 fail
test-amd64-amd64-xl-qemuu-ovmf-amd64 blocked
test-amd64-i386-xl-qemuu-ovmf-amd64 fail
test-amd64-amd64-rumprun-amd64 blocked
test-amd64-amd64-xl-qemut-win7-amd64 blocked
test-amd64-i386-xl-qemut-win7-amd64 fail
test-amd64-amd64-xl-qemuu-win7-amd64 blocked
test-amd64-i386-xl-qemuu-win7-amd64 fail
test-amd64-amd64-xl-qemut-ws16-amd64 blocked
test-amd64-i386-xl-qemut-ws16-amd64 fail
test-amd64-amd64-xl-qemuu-ws16-amd64 blocked
test-amd64-i386-xl-qemuu-ws16-amd64 fail
test-armhf-armhf-xl-arndale blocked
test-amd64-amd64-xl-credit2 blocked
test-arm64-arm64-xl-credit2 blocked
test-armhf-armhf-xl-credit2 blocked
test-armhf-armhf-xl-cubietruck blocked
test-amd64-amd64-examine blocked
test-arm64-arm64-examine blocked
test-armhf-armhf-examine blocked
test-amd64-i386-examine fail
test-amd64-i386-freebsd10-i386 fail
test-amd64-i386-rumprun-i386 fail
test-amd64-amd64-xl-qemut-win10-i386 blocked
test-amd64-i386-xl-qemut-win10-i386 fail
test-amd64-amd64-xl-qemuu-win10-i386 blocked
test-amd64-i386-xl-qemuu-win10-i386 fail
test-amd64-amd64-qemuu-nested-intel blocked
test-amd64-amd64-xl-pvh-intel blocked
test-amd64-i386-qemut-rhel6hvm-intel fail
test-amd64-i386-qemuu-rhel6hvm-intel fail
test-amd64-amd64-libvirt blocked
test-armhf-armhf-libvirt blocked
test-amd64-i386-libvirt fail
test-amd64-amd64-xl-multivcpu blocked
test-armhf-armhf-xl-multivcpu blocked
test-amd64-amd64-pair blocked
test-amd64-i386-pair fail
test-amd64-amd64-libvirt-pair blocked
test-amd64-i386-libvirt-pair fail
test-amd64-amd64-amd64-pvgrub blocked
test-amd64-amd64-i386-pvgrub blocked
test-amd64-amd64-pygrub blocked
test-amd64-amd64-xl-qcow2 blocked
test-armhf-armhf-libvirt-raw blocked
test-amd64-i386-xl-raw fail
test-amd64-amd64-xl-rtds blocked
test-armhf-armhf-xl-rtds blocked
test-amd64-amd64-libvirt-vhd blocked
test-armhf-armhf-xl-vhd blocked
------------------------------------------------------------
sg-report-flight on osstest.test-lab.xenproject.org
logs: /home/logs/logs
images: /home/logs/images
Logs, config files, etc. are available at
http://logs.test-lab.xenproject.org/osstest/logs
Explanation of these reports, and of osstest in general, is at
http://xenbits.xen.org/gitweb/?p=osstest.git;a=blob;f=README.email;hb=master
http://xenbits.xen.org/gitweb/?p=osstest.git;a=blob;f=README;hb=master
Test harness code can be found at
http://xenbits.xen.org/gitweb?p=osstest.git;a=summary
Push not applicable.
_______________________________________________
Xen-devel mailing list
Xen-devel@lists.xen.org
https://lists.xen.org/xen-devel
^ permalink raw reply [flat|nested] only message in thread
only message in thread, other threads:[~2017-08-28 20:59 UTC | newest]
Thread overview: (only message) (download: mbox.gz follow: Atom feed
-- links below jump to the message on this page --
2017-08-28 20:59 [linux-next test] 112906: regressions - trouble: blocked/broken/fail/pass osstest service owner
This is a public inbox, see mirroring instructions
for how to clone and mirror all data and code used for this inbox;
as well as URLs for NNTP newsgroup(s).