* [xen-4.8-testing test] 112908: regressions - trouble: blocked/broken/fail/pass
@ 2017-08-29 0:48 osstest service owner
0 siblings, 0 replies; only message in thread
From: osstest service owner @ 2017-08-29 0:48 UTC (permalink / raw)
To: xen-devel, osstest-admin
flight 112908 xen-4.8-testing real [real]
http://logs.test-lab.xenproject.org/osstest/logs/112908/
Regressions :-(
Tests which did not succeed and are blocking,
including tests which could not be run:
test-xtf-amd64-amd64-4 48 xtf/test-hvm64-lbr-tsx-vmentry fail REGR. vs. 112871
test-amd64-i386-xl-xsm 18 guest-localmigrate/x10 fail REGR. vs. 112871
test-xtf-amd64-amd64-5 48 xtf/test-hvm64-lbr-tsx-vmentry fail REGR. vs. 112871
Tests which did not succeed, but are not blocking:
test-arm64-arm64-libvirt-xsm 1 build-check(1) blocked n/a
test-arm64-arm64-xl 1 build-check(1) blocked n/a
build-arm64-libvirt 1 build-check(1) blocked n/a
test-arm64-arm64-xl-credit2 1 build-check(1) blocked n/a
test-arm64-arm64-xl-xsm 1 build-check(1) blocked n/a
build-arm64-pvops 2 hosts-allocate broken like 112871
build-arm64-xsm 2 hosts-allocate broken like 112871
build-arm64 2 hosts-allocate broken like 112871
build-arm64-xsm 3 capture-logs broken like 112871
build-arm64-pvops 3 capture-logs broken like 112871
build-arm64 3 capture-logs broken like 112871
test-amd64-amd64-xl-qemut-win7-amd64 17 guest-stop fail like 112860
test-amd64-i386-xl-qemut-win7-amd64 17 guest-stop fail like 112871
test-amd64-i386-xl-qemuu-win7-amd64 17 guest-stop fail like 112871
test-amd64-amd64-xl-pvh-intel 15 guest-saverestore fail never pass
test-amd64-amd64-xl-qemut-ws16-amd64 10 windows-install fail never pass
test-amd64-amd64-libvirt 13 migrate-support-check fail never pass
test-amd64-amd64-xl-qemuu-ws16-amd64 10 windows-install fail never pass
test-amd64-i386-libvirt 13 migrate-support-check fail never pass
test-amd64-amd64-xl-pvh-amd 12 guest-start fail never pass
test-amd64-i386-libvirt-xsm 13 migrate-support-check fail never pass
test-amd64-amd64-libvirt-xsm 13 migrate-support-check fail never pass
build-amd64-prev 7 xen-build/dist-test fail never pass
build-i386-prev 7 xen-build/dist-test fail never pass
test-amd64-i386-libvirt-qemuu-debianhvm-amd64-xsm 11 migrate-support-check fail never pass
test-amd64-amd64-libvirt-qemuu-debianhvm-amd64-xsm 11 migrate-support-check fail never pass
test-armhf-armhf-xl-arndale 13 migrate-support-check fail never pass
test-armhf-armhf-xl-arndale 14 saverestore-support-check fail never pass
test-amd64-amd64-libvirt-vhd 12 migrate-support-check fail never pass
test-amd64-amd64-qemuu-nested-amd 17 debian-hvm-install/l1/l2 fail never pass
test-amd64-i386-xl-qemut-ws16-amd64 13 guest-saverestore fail never pass
test-amd64-i386-xl-qemuu-ws16-amd64 13 guest-saverestore fail never pass
test-armhf-armhf-xl 13 migrate-support-check fail never pass
test-armhf-armhf-xl 14 saverestore-support-check fail never pass
test-armhf-armhf-libvirt-xsm 13 migrate-support-check fail never pass
test-armhf-armhf-xl-credit2 13 migrate-support-check fail never pass
test-armhf-armhf-libvirt 13 migrate-support-check fail never pass
test-armhf-armhf-xl-credit2 14 saverestore-support-check fail never pass
test-armhf-armhf-libvirt-xsm 14 saverestore-support-check fail never pass
test-armhf-armhf-libvirt 14 saverestore-support-check fail never pass
test-armhf-armhf-xl-multivcpu 13 migrate-support-check fail never pass
test-armhf-armhf-xl-multivcpu 14 saverestore-support-check fail never pass
test-armhf-armhf-xl-cubietruck 13 migrate-support-check fail never pass
test-armhf-armhf-xl-cubietruck 14 saverestore-support-check fail never pass
test-armhf-armhf-libvirt-raw 12 migrate-support-check fail never pass
test-armhf-armhf-libvirt-raw 13 saverestore-support-check fail never pass
test-armhf-armhf-xl-rtds 13 migrate-support-check fail never pass
test-armhf-armhf-xl-rtds 14 saverestore-support-check fail never pass
test-armhf-armhf-xl-vhd 12 migrate-support-check fail never pass
test-armhf-armhf-xl-vhd 13 saverestore-support-check fail never pass
test-armhf-armhf-xl-xsm 13 migrate-support-check fail never pass
test-armhf-armhf-xl-xsm 14 saverestore-support-check fail never pass
test-amd64-i386-xl-qemut-win10-i386 10 windows-install fail never pass
test-amd64-amd64-xl-qemuu-win10-i386 10 windows-install fail never pass
test-amd64-i386-xl-qemuu-win10-i386 10 windows-install fail never pass
test-amd64-amd64-xl-qemut-win10-i386 10 windows-install fail never pass
version targeted for testing:
xen 300529d6b56457cbc42d8192c6fd59a96d5ff658
baseline version:
xen df8c4fa0e0578313f7be9cd9601449d15fa55783
Last test of basis 112871 2017-08-25 11:26:54 Z 3 days
Testing same since 112908 2017-08-28 10:16:01 Z 0 days 1 attempts
------------------------------------------------------------
People who touched revisions under test:
Andrew Cooper <andrew.cooper3@citrix.com>
Chao Gao <chao.gao@intel.com>
Christopher Clark <christopher.clark6@baesystems.com>
Ian Jackson <ian.jackson@eu.citrix.com>
Jan Beulich <jbeulich@suse.com>
Kevin Tian <kevin.tian@intel.com>
Konrad Rzeszutek Wilk <konrad.wilk@oracle.com> [x86 and arm32]
Olaf Hering <olaf@aepfle.de>
Rusty Bird <rustybird@openmailbox.org>
Wei Liu <wei.liu2@citrix.com>
jobs:
build-amd64-xsm pass
build-arm64-xsm broken
build-armhf-xsm pass
build-i386-xsm pass
build-amd64-xtf pass
build-amd64 pass
build-arm64 broken
build-armhf pass
build-i386 pass
build-amd64-libvirt pass
build-arm64-libvirt blocked
build-armhf-libvirt pass
build-i386-libvirt pass
build-amd64-prev pass
build-i386-prev pass
build-amd64-pvops pass
build-arm64-pvops broken
build-armhf-pvops pass
build-i386-pvops pass
build-amd64-rumprun pass
build-i386-rumprun pass
test-xtf-amd64-amd64-1 pass
test-xtf-amd64-amd64-2 pass
test-xtf-amd64-amd64-3 pass
test-xtf-amd64-amd64-4 pass
test-xtf-amd64-amd64-5 pass
test-amd64-amd64-xl pass
test-arm64-arm64-xl blocked
test-armhf-armhf-xl pass
test-amd64-i386-xl pass
test-amd64-amd64-xl-qemut-debianhvm-amd64-xsm pass
test-amd64-i386-xl-qemut-debianhvm-amd64-xsm pass
test-amd64-amd64-libvirt-qemuu-debianhvm-amd64-xsm pass
test-amd64-i386-libvirt-qemuu-debianhvm-amd64-xsm pass
test-amd64-amd64-xl-qemuu-debianhvm-amd64-xsm pass
test-amd64-i386-xl-qemuu-debianhvm-amd64-xsm pass
test-amd64-amd64-xl-qemut-stubdom-debianhvm-amd64-xsm pass
test-amd64-i386-xl-qemut-stubdom-debianhvm-amd64-xsm pass
test-amd64-amd64-libvirt-xsm pass
test-arm64-arm64-libvirt-xsm blocked
test-armhf-armhf-libvirt-xsm pass
test-amd64-i386-libvirt-xsm pass
test-amd64-amd64-xl-xsm pass
test-arm64-arm64-xl-xsm blocked
test-armhf-armhf-xl-xsm pass
test-amd64-i386-xl-xsm fail
test-amd64-amd64-qemuu-nested-amd fail
test-amd64-amd64-xl-pvh-amd fail
test-amd64-i386-qemut-rhel6hvm-amd pass
test-amd64-i386-qemuu-rhel6hvm-amd pass
test-amd64-amd64-xl-qemut-debianhvm-amd64 pass
test-amd64-i386-xl-qemut-debianhvm-amd64 pass
test-amd64-amd64-xl-qemuu-debianhvm-amd64 pass
test-amd64-i386-xl-qemuu-debianhvm-amd64 pass
test-amd64-i386-freebsd10-amd64 pass
test-amd64-amd64-xl-qemuu-ovmf-amd64 pass
test-amd64-i386-xl-qemuu-ovmf-amd64 pass
test-amd64-amd64-rumprun-amd64 pass
test-amd64-amd64-xl-qemut-win7-amd64 fail
test-amd64-i386-xl-qemut-win7-amd64 fail
test-amd64-amd64-xl-qemuu-win7-amd64 pass
test-amd64-i386-xl-qemuu-win7-amd64 fail
test-amd64-amd64-xl-qemut-ws16-amd64 fail
test-amd64-i386-xl-qemut-ws16-amd64 fail
test-amd64-amd64-xl-qemuu-ws16-amd64 fail
test-amd64-i386-xl-qemuu-ws16-amd64 fail
test-armhf-armhf-xl-arndale pass
test-amd64-amd64-xl-credit2 pass
test-arm64-arm64-xl-credit2 blocked
test-armhf-armhf-xl-credit2 pass
test-armhf-armhf-xl-cubietruck pass
test-amd64-i386-freebsd10-i386 pass
test-amd64-i386-rumprun-i386 pass
test-amd64-amd64-xl-qemut-win10-i386 fail
test-amd64-i386-xl-qemut-win10-i386 fail
test-amd64-amd64-xl-qemuu-win10-i386 fail
test-amd64-i386-xl-qemuu-win10-i386 fail
test-amd64-amd64-qemuu-nested-intel pass
test-amd64-amd64-xl-pvh-intel fail
test-amd64-i386-qemut-rhel6hvm-intel pass
test-amd64-i386-qemuu-rhel6hvm-intel pass
test-amd64-amd64-libvirt pass
test-armhf-armhf-libvirt pass
test-amd64-i386-libvirt pass
test-amd64-amd64-livepatch pass
test-amd64-i386-livepatch pass
test-amd64-amd64-migrupgrade pass
test-amd64-i386-migrupgrade pass
test-amd64-amd64-xl-multivcpu pass
test-armhf-armhf-xl-multivcpu pass
test-amd64-amd64-pair pass
test-amd64-i386-pair pass
test-amd64-amd64-libvirt-pair pass
test-amd64-i386-libvirt-pair pass
test-amd64-amd64-amd64-pvgrub pass
test-amd64-amd64-i386-pvgrub pass
test-amd64-amd64-pygrub pass
test-amd64-amd64-xl-qcow2 pass
test-armhf-armhf-libvirt-raw pass
test-amd64-i386-xl-raw pass
test-amd64-amd64-xl-rtds pass
test-armhf-armhf-xl-rtds pass
test-amd64-amd64-libvirt-vhd pass
test-armhf-armhf-xl-vhd pass
------------------------------------------------------------
sg-report-flight on osstest.test-lab.xenproject.org
logs: /home/logs/logs
images: /home/logs/images
Logs, config files, etc. are available at
http://logs.test-lab.xenproject.org/osstest/logs
Explanation of these reports, and of osstest in general, is at
http://xenbits.xen.org/gitweb/?p=osstest.git;a=blob;f=README.email;hb=master
http://xenbits.xen.org/gitweb/?p=osstest.git;a=blob;f=README;hb=master
Test harness code can be found at
http://xenbits.xen.org/gitweb?p=osstest.git;a=summary
broken-step build-arm64-pvops hosts-allocate
broken-step build-arm64-xsm hosts-allocate
broken-step build-arm64 hosts-allocate
broken-step build-arm64-xsm capture-logs
broken-step build-arm64-pvops capture-logs
broken-step build-arm64 capture-logs
Not pushing.
------------------------------------------------------------
commit 300529d6b56457cbc42d8192c6fd59a96d5ff658
Author: Christopher Clark <christopher.clark6@baesystems.com>
Date: Mon Aug 28 11:49:03 2017 +0200
cpufreq: only stop ondemand governor if already started
On CPUFREQ_GOV_STOP in cpufreq_governor_dbs, shortcut to
return success if the governor is already stopped.
Avoid executing dbs_timer_exit, to prevent tripping an assertion
within a call to kill_timer on a timer that has not been prepared
with init_timer, if the CPUFREQ_GOV_START case has not
run beforehand.
kill_timer validates timer state:
* itself, via BUG_ON(this_cpu(timers).running == timer);
* within active_timer, ASSERTing timer->status is within bounds;
* within list_del, which ASSERTs timer inactive list membership.
Patch is synonymous to an OpenXT patch produced at Citrix prior to
June 2014.
Signed-off-by: Christopher Clark <christopher.clark6@baesystems.com>
Reviewed-by: Jan Beulich <jbeulich@suse.com>
master commit: e7ec6f5f32cd2d0f723083cde3d7761c4e675f2c
master date: 2017-08-10 12:35:50 +0200
commit c1751e204a603aa00bda76062ffc8c3c7bd9e409
Author: Chao Gao <chao.gao@intel.com>
Date: Mon Aug 28 11:48:20 2017 +0200
VT-d PI: disable VT-d PI when CPU-side PI isn't enabled
From the context calling pi_desc_init(), we can conclude the current
implementation of VT-d PI depends on CPU-side PI. If we enable VT-d PI
and disable CPU-side PI by disabling APICv explicitly in xen boot
command line, we would get an assertion failure.
This patch clears iommu_intpost once finding CPU-side PI won't be enabled.
It is safe for this is done before this flag starts taking effect. Also
take this chance to remove the useless check of "acknowledge interrupt on
exit", which is a minimal requirement which has been checked earlier.
Signed-off-by: Chao Gao <chao.gao@intel.com>
Reviewed-by: Jan Beulich <jbeulich@suse.com>
Acked-by: Kevin Tian <kevin.tian@intel.com>
master commit: e489eb6138e7efe4214a7e9ba0d21f54fc5b7d35
master date: 2017-08-10 12:32:16 +0200
commit f914884320bfc1325ac0e4dc630fa39efe46dde5
Author: Rusty Bird <rustybird@openmailbox.org>
Date: Mon Aug 28 11:47:41 2017 +0200
VT-d: don't panic/warn on iommu=no-igfx
When operating on an Intel graphics device, iommu_enable_translation()
panicked (force_iommu==1) or warned (force_iommu==0) about the BIOS if
is_igd_vt_enabled_quirk() returned 0. That's good if the actual BIOS
problem has been detected. But since commit 1463411, returning 0 could
also happen if the user simply passed "iommu=no-igfx", in which case
bailing out with an info message (instead of a panic/warning) would be
more appropriate.
The panic broke the combination "iommu=force,no-igfx", and also the case
where "iommu=no-igfx" is passed but force_iommu=1 is set automatically
by x2apic_bsp_setup().
Move the iommu_igfx check from is_igd_vt_enabled_quirk() into its only
caller iommu_enable_translation(), and tweak the logic.
Signed-off-by: Rusty Bird <rustybird@openmailbox.org>
Acked-by: Kevin Tian <kevin.tian@intel.com>
master commit: dbf2a768565d8b79c65471a3d3b982b2874d6492
master date: 2017-08-03 12:40:25 +0200
commit ed6e5d5baba95675e791ff6d7639f9b207a68d5b
Author: Olaf Hering <olaf@aepfle.de>
Date: Mon Aug 28 11:47:20 2017 +0200
docs: replace xm with xl in xen-tscmode
Signed-off-by: Olaf Hering <olaf@aepfle.de>
Acked-by: Ian Jackson <ian.jackson@eu.citrix.com>
Acked-by: Wei Liu <wei.liu2@citrix.com>
master commit: 763267e315a93e2b6d66a0afdcda96db939e09b6
master date: 2017-07-24 10:17:21 +0100
commit 7818599594054159a9bc2858b57eb2fa6944b8bc
Author: Andrew Cooper <andrew.cooper3@citrix.com>
Date: Mon Aug 28 11:46:55 2017 +0200
x86/hvm: Fixes to hvmemul_insn_fetch()
Force insn_off to a single byte, as offset can wrap around or truncate with
respect to sh_ctxt->insn_buf_eip under a number of normal circumstances.
Furthermore, don't use an ASSERT() for bounds checking the write into
hvmemul_ctxt->insn_buf[].
Signed-off-by: Andrew Cooper <andrew.cooper3@citrix.com>
Reviewed-by: Paul Durrant <paul.durrant@citrix.com>
Reviewed-by: Jan Beulich <jbeulich@suse.com>
x86/hvm: Fix boundary check in hvmemul_insn_fetch()
c/s 0943a03037 added some extra protection for overflowing the emulation
instruction cache, but Coverity points out that boundary condition is off by
one when memcpy()'ing out of the buffer.
Signed-off-by: Andrew Cooper <andrew.cooper3@citrix.com>
Reviewed-by: Paul Durrant <paul.durrant@citrix.com>
x86/HVM: fix boundary check in hvmemul_insn_fetch() (again)
Commit 5a992b670b ("x86/hvm: Fix boundary check in
hvmemul_insn_fetch()") went a little too far in its correction to
commit 0943a03037 ("x86/hvm: Fixes to hvmemul_insn_fetch()"): Keep the
start offset check, but restore the original end offset one.
Signed-off-by: Jan Beulich <jbeulich@suse.com>
Reviewed-by: Paul Durrant <paul.durrant@citrix.com>
master commit: 0943a03037418e6e40cdd420f2472bbf9afae7a2
master date: 2017-07-19 10:25:18 +0100
master commit: 5a992b670bff697c40b513c9e037598ba35ca7d4
master date: 2017-07-27 11:39:57 +0100
master commit: 58e8986267d976b00c60e0089baa2e5f66f16d3e
master date: 2017-08-10 12:37:24 +0200
commit ecb701f38c1035e0178b0a904f058a54862162c9
Author: Olaf Hering <olaf@aepfle.de>
Date: Mon Aug 28 11:46:21 2017 +0200
rombios: prevent building with PIC/PIE
If the default compiler silently defaults to to -fPIC/-fPIE building
rombios fails:
ld -melf_i386 -s -r 32bitbios.o tcgbios/tcgbiosext.o util.o pmm.o -o 32bitbios_all.o
There are undefined symbols in the BIOS:
U _GLOBAL_OFFSET_TABLE_
make[10]: *** [Makefile:26: 32bitbios_all.o] Error 11
Prevent the failure by enforcing non-PIC/PIE mode.
Signed-off-by: Olaf Hering <olaf@aepfle.de>
Acked-by: Andrew Cooper <andrew.cooper3@citrix.com>
master commit: 672949d6c61d9cba01c5b414eed9d522082f04d3
master date: 2017-06-26 14:32:46 +0100
commit 3ef997c8beea6ebf4e9816a78c02548d7e845968
Author: Andrew Cooper <andrew.cooper3@citrix.com>
Date: Mon Aug 28 11:45:45 2017 +0200
xen/livepatch: Don't crash on encountering STN_UNDEF relocations
A symndx of STN_UNDEF is special, and means a symbol value of 0. While
legitimate in the ELF standard, its existance in a livepatch is questionable
at best. Until a plausible usecase presents itself, reject such a relocation
with -EOPNOTSUPP.
Additionally, fix an off-by-one error while range checking symndx, and perform
a safety check on elf->sym[symndx].sym before derefencing it, to avoid
tripping over a NULL pointer when calculating val.
Signed-off-by: Andrew Cooper <andrew.cooper3@citrix.com>
Reviewed-by: Stefano Stabellini <sstabellini@kernel.org>
Reviewed-by: Konrad Rzeszutek Wilk <konrad.wilk@oracle.com>
Tested-by: Konrad Rzeszutek Wilk <konrad.wilk@oracle.com> [x86 and arm32]
Reviewed-by: Jan Beulich <JBeulich@suse.com>
Reviewed-by: Ross Lagerwall <ross.lagerwall@citrix.com>
master commit: 2ff229643b739e2fd0cd0536ee9fca506cfa92f8
master date: 2017-06-23 15:00:37 +0100
commit 68c4ef23e96e37ae1f10c34b7388e40fe07c880d
Author: Andrew Cooper <andrew.cooper3@citrix.com>
Date: Mon Aug 28 11:45:02 2017 +0200
xen/livepatch: Use zeroed memory allocations for arrays
Each of these arrays is sparse. Use zeroed allocations to cause uninitialised
array elements to contain deterministic values, most importantly for the
embedded pointers.
Signed-off-by: Andrew Cooper <andrew.cooper3@citrix.com>
Reviewed-by: Konrad Rzeszutek Wilk <konrad.wilk@oracle.com>
Tested-by: Konrad Rzeszutek Wilk <konrad.wilk@oracle.com> [x86 and arm32]
Reviewed-by: Ross Lagerwall <ross.lagerwall@citrix.com>
master commit: bd53b85156aaf0330181ab9b82d9a6c52fb30f8c
master date: 2017-06-23 15:00:37 +0100
(qemu changes not included)
_______________________________________________
Xen-devel mailing list
Xen-devel@lists.xen.org
https://lists.xen.org/xen-devel
^ permalink raw reply [flat|nested] only message in thread
only message in thread, other threads:[~2017-08-29 0:48 UTC | newest]
Thread overview: (only message) (download: mbox.gz follow: Atom feed
-- links below jump to the message on this page --
2017-08-29 0:48 [xen-4.8-testing test] 112908: regressions - trouble: blocked/broken/fail/pass osstest service owner
This is a public inbox, see mirroring instructions
for how to clone and mirror all data and code used for this inbox;
as well as URLs for NNTP newsgroup(s).