xen-devel.lists.xenproject.org archive mirror
 help / color / mirror / Atom feed
* [linux-4.9 test] 112953: regressions - trouble: blocked/broken/fail/pass
@ 2017-08-31  3:05 osstest service owner
  0 siblings, 0 replies; only message in thread
From: osstest service owner @ 2017-08-31  3:05 UTC (permalink / raw)
  To: xen-devel, osstest-admin

flight 112953 linux-4.9 real [real]
http://logs.test-lab.xenproject.org/osstest/logs/112953/

Regressions :-(

Tests which did not succeed and are blocking,
including tests which could not be run:
 test-amd64-i386-xl-qemut-win7-amd64 16 guest-localmigrate/x10 fail REGR. vs. 112863

Tests which did not succeed, but are not blocking:
 test-arm64-arm64-libvirt-xsm  1 build-check(1)               blocked  n/a
 test-arm64-arm64-xl           1 build-check(1)               blocked  n/a
 build-arm64-libvirt           1 build-check(1)               blocked  n/a
 test-arm64-arm64-examine      1 build-check(1)               blocked  n/a
 test-arm64-arm64-xl-credit2   1 build-check(1)               blocked  n/a
 test-arm64-arm64-xl-xsm       1 build-check(1)               blocked  n/a
 build-arm64-xsm               2 hosts-allocate              broken like 112863
 build-arm64                   2 hosts-allocate              broken like 112863
 build-arm64-pvops             2 hosts-allocate              broken like 112863
 build-arm64                   3 capture-logs                broken like 112863
 build-arm64-pvops             3 capture-logs                broken like 112863
 build-arm64-xsm               3 capture-logs                 broken never pass
 test-armhf-armhf-xl-rtds     12 guest-start                  fail  like 112863
 test-amd64-amd64-xl-qemut-win7-amd64 16 guest-localmigrate/x10 fail like 112863
 test-amd64-amd64-xl-qemuu-win7-amd64 16 guest-localmigrate/x10 fail like 112863
 test-amd64-i386-xl-qemuu-win7-amd64 17 guest-stop             fail like 112863
 test-amd64-amd64-xl-rtds     10 debian-install               fail  like 112863
 test-amd64-amd64-xl-qemuu-ws16-amd64 10 windows-install        fail never pass
 test-amd64-amd64-libvirt-xsm 13 migrate-support-check        fail   never pass
 test-amd64-amd64-libvirt     13 migrate-support-check        fail   never pass
 test-amd64-i386-libvirt-xsm  13 migrate-support-check        fail   never pass
 test-amd64-i386-libvirt      13 migrate-support-check        fail   never pass
 test-amd64-amd64-libvirt-qemuu-debianhvm-amd64-xsm 11 migrate-support-check fail never pass
 test-amd64-amd64-xl-qemut-ws16-amd64 10 windows-install        fail never pass
 test-amd64-i386-libvirt-qemuu-debianhvm-amd64-xsm 11 migrate-support-check fail never pass
 test-armhf-armhf-xl-arndale  13 migrate-support-check        fail   never pass
 test-armhf-armhf-xl-arndale  14 saverestore-support-check    fail   never pass
 test-armhf-armhf-xl-credit2  13 migrate-support-check        fail   never pass
 test-armhf-armhf-xl-credit2  14 saverestore-support-check    fail   never pass
 test-amd64-amd64-qemuu-nested-amd 17 debian-hvm-install/l1/l2  fail never pass
 test-amd64-amd64-libvirt-vhd 12 migrate-support-check        fail   never pass
 test-amd64-i386-xl-qemuu-ws16-amd64 13 guest-saverestore       fail never pass
 test-armhf-armhf-xl-xsm      13 migrate-support-check        fail   never pass
 test-armhf-armhf-xl-xsm      14 saverestore-support-check    fail   never pass
 test-armhf-armhf-xl-cubietruck 13 migrate-support-check        fail never pass
 test-armhf-armhf-xl-multivcpu 13 migrate-support-check        fail  never pass
 test-armhf-armhf-xl-cubietruck 14 saverestore-support-check    fail never pass
 test-armhf-armhf-xl-multivcpu 14 saverestore-support-check    fail  never pass
 test-armhf-armhf-xl          13 migrate-support-check        fail   never pass
 test-armhf-armhf-xl          14 saverestore-support-check    fail   never pass
 test-armhf-armhf-libvirt-xsm 13 migrate-support-check        fail   never pass
 test-armhf-armhf-libvirt-xsm 14 saverestore-support-check    fail   never pass
 test-armhf-armhf-libvirt     13 migrate-support-check        fail   never pass
 test-armhf-armhf-libvirt     14 saverestore-support-check    fail   never pass
 test-amd64-i386-xl-qemut-ws16-amd64 13 guest-saverestore       fail never pass
 test-armhf-armhf-libvirt-raw 12 migrate-support-check        fail   never pass
 test-armhf-armhf-libvirt-raw 13 saverestore-support-check    fail   never pass
 test-armhf-armhf-xl-vhd      12 migrate-support-check        fail   never pass
 test-armhf-armhf-xl-vhd      13 saverestore-support-check    fail   never pass
 test-amd64-i386-xl-qemut-win10-i386 10 windows-install         fail never pass
 test-amd64-amd64-xl-qemuu-win10-i386 10 windows-install        fail never pass
 test-amd64-amd64-xl-qemut-win10-i386 10 windows-install        fail never pass
 test-amd64-i386-xl-qemuu-win10-i386 10 windows-install         fail never pass

version targeted for testing:
 linux                0eed54bdbd1b922004fe05dc8bf3815f2e5723d7
baseline version:
 linux                4b904b22bc906d5867933b8132ae4d7f31d7645d

Last test of basis   112863  2017-08-25 00:48:39 Z    6 days
Testing same since   112953  2017-08-30 09:55:32 Z    0 days    1 attempts

------------------------------------------------------------
People who touched revisions under test:
  Aaron Ma <aaron.ma@canonical.com>
  AL Yu-Chen Cho <acho@suse.com>
  Alexander Potapenko <glider@google.com>
  Alexei Starovoitov <ast@kernel.org>
  Alexey Brodkin <abrodkin@synopsys.com>
  Alexey Brodkin <Alexey.Brodkin@synopsys.com>
  Allen Hubbe <Allen.Hubbe@dell.com>
  Andrew Morton <akpm@linux-foundation.org>
  Arnaldo Carvalho de Melo <acme@redhat.com>
  Bastien Nocera <hadess@hadess.net>
  Benjamin Herrenschmidt <benh@kernel.crashing.org>
  Charles Milette <charles.milette@gmail.com>
  Charles Milette <charlesmilette@gmail.com>
  Chris Wilson <chris@chris-wilson.co.uk>
  Christian Borntraeger <borntraeger@de.ibm.com>
  Chuck Lever <chuck.lever@oracle.com>
  Chunyu Hu <chuhu@redhat.com>
  Colin Ian King <colin.king@canonical.com>
  Cong Wang <xiyou.wangcong@gmail.com>
  Daniel Borkmann <daniel@iogearbox.net>
  Dave Hansen <dave.hansen@linux.intel.com>
  Dave Jiang <dave.jiang@intel.com>
  David Ahern <dsahern@gmail.com>
  David Miller <davem@davemloft.net>
  David Rientjes <rientjes@google.com>
  David S. Miller <davem@davemloft.net>
  Dmitry Torokhov <dmitry.torokhov@gmail.com>
  Dragos Bogdan <dragos.bogdan@analog.com>
  Edward Cree <ecree@solarflare.com>
  Eric Biggers <ebiggers@google.com>
  Eric Dumazet <edumazet@google.com>
  Feng Chenzhou <chenzhoux.feng@intel.com>
  Florian Westphal <fw@strlen.de>
  Greg Kroah-Hartman <gregkh@linuxfoundation.org>
  Heiko Carstens <heiko.carstens@de.ibm.com>
  Huy Nguyen <huyn@mellanox.com>
  Ingo Molnar <mingo@kernel.org>
  J. Bruce Fields <bfields@redhat.com>
  Jacek Anaszewski <jacek.anaszewski@gmail.com>
  Jack Wang <jinpu.wang@profitbricks.com>
  Jaco Kroon <jaco@uls.co.za>
  Jakub Kicinski <jakub.kicinski@netronome.com>
  James Hogan <james.hogan@imgtec.com>
  James Morse <james.morse@arm.com>
  Jarkko Nikula <jarkko.nikula@linux.intel.com>
  Jeffy Chen <jeffy.chen@rock-chips.com>
  Joakim Tjernlund <joakim.tjernlund@infinera.com>
  Joerg Roedel <jroedel@suse.de>
  John Fastabend <john.fastabend@gmail.com>
  John Stultz <john.stultz@linaro.org>
  Jon Mason <jdmason@kudzu.us>
  Jonathan Cameron <Jonathan.Cameron@huawei.com>
  Joonas Lahtinen <joonas.lahtinen@linux.intel.com>
  Josef Bacik <jbacik@fb.com>
  Kirill A. Shutemov <kirill.shutemov@linux.intel.com>
  Koji Matsuoka <koji.matsuoka.xm@renesas.com>
  Konstantin Khlebnikov <khlebnikov@yandex-team.ru>
  KT Liao <kt.liao@emc.com.tw>
  Lars-Peter Clausen <lars@metafoo.de>
  Laurent Pinchart <laurent.pinchart+renesas@ideasonboard.com>
  Linus Torvalds <torvalds@linux-foundation.org>
  Liping Zhang <zlpnobody@gmail.com>
  Logan Gunthorpe <logang@deltatee.com>
  Lv Zheng <lv.zheng@intel.com>
  Maarten Lankhorst <maarten.lankhorst@linux.intel.com>
  Marcel Holtmann <marcel@holtmann.org>
  Marcelo Ricardo Leitner <marcelo.leitner@gmail.com>
  Mark Rutland <mark.rutland@arm.com>
  Martijn Coenen <maco@android.com>
  Masahiro Yamada <yamada.masahiro@socionext.com>
  Masaki Ota <masaki.ota@jp.alps.com>
  Masami Hiramatsu <mhiramat@kernel.org>
  Michael Ellerman <mpe@ellerman.id.au>
  Michal Hocko <mhocko@suse.com>
  Minchan Kim <minchan@kernel.org>
  Neal Cardwell <ncardwell@google.com>
  Nhan Nguyen <nhan.nguyen.yb@renesas.com>
  Nicholas Piggin <npiggin@gmail.com>
  Omprakash Dhyade <odhyade@codeaurora.org>
  Pablo Neira Ayuso <pablo@netfilter.org>
  Paolo Bonzini <pbonzini@redhat.com>
  Paul Donohue <linux-kernel@PaulSD.com>
  Pavel Machek <pavel@ucw.cz>
  Pavel Tatashin <pasha.tatashin@oracle.com>
  Peter Zijlstra (Intel) <peterz@infradead.org>
  Pierguido Lambri <plambri@redhat.com>
  Pravin B Shelar <pshelar@ovn.org>
  Rafael J. Wysocki <rafael.j.wysocki@intel.com>
  Riley Andrews <riandrews@google.com>
  Rohit Vaswani <rvaswani@nvidia.com>
  Ronnie Sahlberg <lsahlber@redhat.com>
  Sachin Prabhu <sprabhu@redhat.com>
  Saeed Mahameed <saeedm@mellanox.com>
  Srinivas Pandruvada <srinivas.pandruvada@linux.intel.com>
  Steve French <smfrench@gmail.com>
  Steven Rostedt (VMware) <rostedt@goodmis.org>
  Takashi Iwai <tiwai@suse.de>
  Takashi Sakamoto <o-takashi@sakamocchi.jp>
  Thomas Gleixner <tglx@linutronix.de>
  Thong Ho <thong.ho.px@rvc.renesas.com>
  Todd Kjos <tkjos@android.com>
  Todd Kjos <tkjos@google.com>
  Tushar Dave <tushar.n.dave@oracle.com>
  Ulf Hansson <ulf.hansson@linaro.org>
  Vadim Lomovtsev <vlomovts@redhat.com>
  Vineet Gupta <vgupta@synopsys.com>
  Wei Wang <weiwan@google.com>
  Wolfram Sang <wsa@the-dreams.de>
  Woody Suwalski <terraluna977@gmail.com>
  Xin Long <lucien.xin@gmail.com>
  Yuchung Cheng <ycheng@google.com>
  Zhang Bo <bo.zhang@nxp.com>

jobs:
 build-amd64-xsm                                              pass    
 build-arm64-xsm                                              broken  
 build-armhf-xsm                                              pass    
 build-i386-xsm                                               pass    
 build-amd64                                                  pass    
 build-arm64                                                  broken  
 build-armhf                                                  pass    
 build-i386                                                   pass    
 build-amd64-libvirt                                          pass    
 build-arm64-libvirt                                          blocked 
 build-armhf-libvirt                                          pass    
 build-i386-libvirt                                           pass    
 build-amd64-pvops                                            pass    
 build-arm64-pvops                                            broken  
 build-armhf-pvops                                            pass    
 build-i386-pvops                                             pass    
 build-amd64-rumprun                                          pass    
 build-i386-rumprun                                           pass    
 test-amd64-amd64-xl                                          pass    
 test-arm64-arm64-xl                                          blocked 
 test-armhf-armhf-xl                                          pass    
 test-amd64-i386-xl                                           pass    
 test-amd64-amd64-xl-qemut-debianhvm-amd64-xsm                pass    
 test-amd64-i386-xl-qemut-debianhvm-amd64-xsm                 pass    
 test-amd64-amd64-libvirt-qemuu-debianhvm-amd64-xsm           pass    
 test-amd64-i386-libvirt-qemuu-debianhvm-amd64-xsm            pass    
 test-amd64-amd64-xl-qemuu-debianhvm-amd64-xsm                pass    
 test-amd64-i386-xl-qemuu-debianhvm-amd64-xsm                 pass    
 test-amd64-amd64-xl-qemut-stubdom-debianhvm-amd64-xsm        pass    
 test-amd64-i386-xl-qemut-stubdom-debianhvm-amd64-xsm         pass    
 test-amd64-amd64-libvirt-xsm                                 pass    
 test-arm64-arm64-libvirt-xsm                                 blocked 
 test-armhf-armhf-libvirt-xsm                                 pass    
 test-amd64-i386-libvirt-xsm                                  pass    
 test-amd64-amd64-xl-xsm                                      pass    
 test-arm64-arm64-xl-xsm                                      blocked 
 test-armhf-armhf-xl-xsm                                      pass    
 test-amd64-i386-xl-xsm                                       pass    
 test-amd64-amd64-qemuu-nested-amd                            fail    
 test-amd64-amd64-xl-pvh-amd                                  pass    
 test-amd64-i386-qemut-rhel6hvm-amd                           pass    
 test-amd64-i386-qemuu-rhel6hvm-amd                           pass    
 test-amd64-amd64-xl-qemut-debianhvm-amd64                    pass    
 test-amd64-i386-xl-qemut-debianhvm-amd64                     pass    
 test-amd64-amd64-xl-qemuu-debianhvm-amd64                    pass    
 test-amd64-i386-xl-qemuu-debianhvm-amd64                     pass    
 test-amd64-i386-freebsd10-amd64                              pass    
 test-amd64-amd64-xl-qemuu-ovmf-amd64                         pass    
 test-amd64-i386-xl-qemuu-ovmf-amd64                          pass    
 test-amd64-amd64-rumprun-amd64                               pass    
 test-amd64-amd64-xl-qemut-win7-amd64                         fail    
 test-amd64-i386-xl-qemut-win7-amd64                          fail    
 test-amd64-amd64-xl-qemuu-win7-amd64                         fail    
 test-amd64-i386-xl-qemuu-win7-amd64                          fail    
 test-amd64-amd64-xl-qemut-ws16-amd64                         fail    
 test-amd64-i386-xl-qemut-ws16-amd64                          fail    
 test-amd64-amd64-xl-qemuu-ws16-amd64                         fail    
 test-amd64-i386-xl-qemuu-ws16-amd64                          fail    
 test-armhf-armhf-xl-arndale                                  pass    
 test-amd64-amd64-xl-credit2                                  pass    
 test-arm64-arm64-xl-credit2                                  blocked 
 test-armhf-armhf-xl-credit2                                  pass    
 test-armhf-armhf-xl-cubietruck                               pass    
 test-amd64-amd64-examine                                     pass    
 test-arm64-arm64-examine                                     blocked 
 test-armhf-armhf-examine                                     pass    
 test-amd64-i386-examine                                      pass    
 test-amd64-i386-freebsd10-i386                               pass    
 test-amd64-i386-rumprun-i386                                 pass    
 test-amd64-amd64-xl-qemut-win10-i386                         fail    
 test-amd64-i386-xl-qemut-win10-i386                          fail    
 test-amd64-amd64-xl-qemuu-win10-i386                         fail    
 test-amd64-i386-xl-qemuu-win10-i386                          fail    
 test-amd64-amd64-qemuu-nested-intel                          pass    
 test-amd64-amd64-xl-pvh-intel                                pass    
 test-amd64-i386-qemut-rhel6hvm-intel                         pass    
 test-amd64-i386-qemuu-rhel6hvm-intel                         pass    
 test-amd64-amd64-libvirt                                     pass    
 test-armhf-armhf-libvirt                                     pass    
 test-amd64-i386-libvirt                                      pass    
 test-amd64-amd64-xl-multivcpu                                pass    
 test-armhf-armhf-xl-multivcpu                                pass    
 test-amd64-amd64-pair                                        pass    
 test-amd64-i386-pair                                         pass    
 test-amd64-amd64-libvirt-pair                                pass    
 test-amd64-i386-libvirt-pair                                 pass    
 test-amd64-amd64-amd64-pvgrub                                pass    
 test-amd64-amd64-i386-pvgrub                                 pass    
 test-amd64-amd64-pygrub                                      pass    
 test-amd64-amd64-xl-qcow2                                    pass    
 test-armhf-armhf-libvirt-raw                                 pass    
 test-amd64-i386-xl-raw                                       pass    
 test-amd64-amd64-xl-rtds                                     fail    
 test-armhf-armhf-xl-rtds                                     fail    
 test-amd64-amd64-libvirt-vhd                                 pass    
 test-armhf-armhf-xl-vhd                                      pass    


------------------------------------------------------------
sg-report-flight on osstest.test-lab.xenproject.org
logs: /home/logs/logs
images: /home/logs/images

Logs, config files, etc. are available at
    http://logs.test-lab.xenproject.org/osstest/logs

Explanation of these reports, and of osstest in general, is at
    http://xenbits.xen.org/gitweb/?p=osstest.git;a=blob;f=README.email;hb=master
    http://xenbits.xen.org/gitweb/?p=osstest.git;a=blob;f=README;hb=master

Test harness code can be found at
    http://xenbits.xen.org/gitweb?p=osstest.git;a=summary

broken-step build-arm64-xsm hosts-allocate
broken-step build-arm64 hosts-allocate
broken-step build-arm64-pvops hosts-allocate
broken-step build-arm64-xsm capture-logs
broken-step build-arm64 capture-logs
broken-step build-arm64-pvops capture-logs

Not pushing.

(No revision log; it would be 3576 lines long.)

_______________________________________________
Xen-devel mailing list
Xen-devel@lists.xen.org
https://lists.xen.org/xen-devel

^ permalink raw reply	[flat|nested] only message in thread

only message in thread, other threads:[~2017-08-31  3:05 UTC | newest]

Thread overview: (only message) (download: mbox.gz follow: Atom feed
-- links below jump to the message on this page --
2017-08-31  3:05 [linux-4.9 test] 112953: regressions - trouble: blocked/broken/fail/pass osstest service owner

This is a public inbox, see mirroring instructions
for how to clone and mirror all data and code used for this inbox;
as well as URLs for NNTP newsgroup(s).