* [xen-unstable-smoke test] 112962: regressions - trouble: broken/fail/pass
@ 2017-08-30 19:51 osstest service owner
0 siblings, 0 replies; only message in thread
From: osstest service owner @ 2017-08-30 19:51 UTC (permalink / raw)
To: xen-devel, osstest-admin
flight 112962 xen-unstable-smoke real [real]
http://logs.test-lab.xenproject.org/osstest/logs/112962/
Regressions :-(
Tests which did not succeed and are blocking,
including tests which could not be run:
test-armhf-armhf-xl 12 guest-start fail REGR. vs. 112956
Tests which did not succeed, but are not blocking:
test-arm64-arm64-xl-xsm 1 build-check(1) blocked n/a
build-arm64-pvops 2 hosts-allocate broken like 112956
build-arm64-pvops 3 capture-logs broken like 112956
build-arm64 2 hosts-allocate broken like 112956
build-arm64 3 capture-logs broken like 112956
test-amd64-amd64-libvirt 13 migrate-support-check fail never pass
version targeted for testing:
xen 4be9a177e62eaa190b0f4721dd19153993511ee3
baseline version:
xen dab6a84aadab11f31332030a1e9f0b9282d76156
Last test of basis 112956 2017-08-30 09:56:56 Z 0 days
Failing since 112957 2017-08-30 12:02:17 Z 0 days 4 attempts
Testing same since 112962 2017-08-30 18:05:04 Z 0 days 1 attempts
------------------------------------------------------------
People who touched revisions under test:
Andrew Cooper <andrew.cooper3@citrix.com>
Dario Faggioli <dario.faggioli@citrix.com>
George Dunlap <george.dunlap@citrix.com>
Jan Beulich <jbeulich@suse.com>
Tim Deegan <tim@xen.org>
jobs:
build-amd64 pass
build-arm64 broken
build-armhf pass
build-amd64-libvirt pass
build-arm64-pvops broken
test-armhf-armhf-xl fail
test-arm64-arm64-xl-xsm broken
test-amd64-amd64-xl-qemuu-debianhvm-i386 pass
test-amd64-amd64-libvirt pass
------------------------------------------------------------
sg-report-flight on osstest.test-lab.xenproject.org
logs: /home/logs/logs
images: /home/logs/images
Logs, config files, etc. are available at
http://logs.test-lab.xenproject.org/osstest/logs
Explanation of these reports, and of osstest in general, is at
http://xenbits.xen.org/gitweb/?p=osstest.git;a=blob;f=README.email;hb=master
http://xenbits.xen.org/gitweb/?p=osstest.git;a=blob;f=README;hb=master
Test harness code can be found at
http://xenbits.xen.org/gitweb?p=osstest.git;a=summary
broken-step build-arm64-pvops hosts-allocate
broken-step build-arm64-pvops capture-logs
broken-step build-arm64 hosts-allocate
broken-step build-arm64 capture-logs
Not pushing.
(No revision log; it would be 374 lines long.)
_______________________________________________
Xen-devel mailing list
Xen-devel@lists.xen.org
https://lists.xen.org/xen-devel
^ permalink raw reply [flat|nested] only message in thread
only message in thread, other threads:[~2017-08-30 19:51 UTC | newest]
Thread overview: (only message) (download: mbox.gz follow: Atom feed
-- links below jump to the message on this page --
2017-08-30 19:51 [xen-unstable-smoke test] 112962: regressions - trouble: broken/fail/pass osstest service owner
This is a public inbox, see mirroring instructions
for how to clone and mirror all data and code used for this inbox;
as well as URLs for NNTP newsgroup(s).