From: osstest service owner <osstest-admin@xenproject.org>
To: xen-devel@lists.xensource.com, osstest-admin@xenproject.org
Subject: [linux-linus test] 113129: regressions - trouble: blocked/broken/fail/pass
Date: Fri, 08 Sep 2017 14:13:00 +0000 [thread overview]
Message-ID: <osstest-113129-mainreport@xen.org> (raw)
flight 113129 linux-linus real [real]
http://logs.test-lab.xenproject.org/osstest/logs/113129/
Regressions :-(
Tests which did not succeed and are blocking,
including tests which could not be run:
build-arm64 <job status> broken
build-arm64-xsm <job status> broken
build-arm64-pvops <job status> broken
test-amd64-i386-xl-qemuu-win10-i386 7 xen-boot fail REGR. vs. 113031
test-amd64-i386-qemuu-rhel6hvm-intel 7 xen-boot fail REGR. vs. 113031
test-amd64-i386-examine 7 reboot fail REGR. vs. 113031
test-amd64-i386-xl-qemut-stubdom-debianhvm-amd64-xsm 7 xen-boot fail REGR. vs. 113031
test-amd64-i386-xl 7 xen-boot fail REGR. vs. 113031
test-amd64-i386-xl-qemuu-debianhvm-amd64 7 xen-boot fail REGR. vs. 113031
test-amd64-i386-xl-qemuu-debianhvm-amd64-xsm 7 xen-boot fail REGR. vs. 113031
test-amd64-i386-freebsd10-amd64 7 xen-boot fail REGR. vs. 113031
test-amd64-i386-qemuu-rhel6hvm-amd 7 xen-boot fail REGR. vs. 113031
test-amd64-i386-xl-raw 7 xen-boot fail REGR. vs. 113031
test-amd64-i386-xl-xsm 7 xen-boot fail REGR. vs. 113031
test-amd64-i386-libvirt-xsm 7 xen-boot fail REGR. vs. 113031
test-amd64-i386-xl-qemut-ws16-amd64 7 xen-boot fail REGR. vs. 113031
test-amd64-i386-pair 10 xen-boot/src_host fail REGR. vs. 113031
test-amd64-i386-pair 11 xen-boot/dst_host fail REGR. vs. 113031
test-amd64-i386-xl-qemut-debianhvm-amd64 7 xen-boot fail REGR. vs. 113031
test-amd64-i386-xl-qemut-win7-amd64 7 xen-boot fail REGR. vs. 113031
test-amd64-i386-xl-qemuu-ws16-amd64 7 xen-boot fail REGR. vs. 113031
test-amd64-i386-xl-qemut-debianhvm-amd64-xsm 7 xen-boot fail REGR. vs. 113031
test-amd64-i386-xl-qemuu-ovmf-amd64 7 xen-boot fail REGR. vs. 113031
test-amd64-i386-qemut-rhel6hvm-intel 7 xen-boot fail REGR. vs. 113031
test-amd64-i386-freebsd10-i386 7 xen-boot fail REGR. vs. 113031
test-amd64-i386-qemut-rhel6hvm-amd 7 xen-boot fail REGR. vs. 113031
test-amd64-i386-xl-qemut-win10-i386 7 xen-boot fail REGR. vs. 113031
test-amd64-i386-libvirt-pair 10 xen-boot/src_host fail REGR. vs. 113031
test-amd64-i386-libvirt-pair 11 xen-boot/dst_host fail REGR. vs. 113031
test-amd64-i386-libvirt-qemuu-debianhvm-amd64-xsm 7 xen-boot fail REGR. vs. 113031
test-amd64-i386-libvirt 7 xen-boot fail REGR. vs. 113031
test-amd64-i386-xl-qemuu-win7-amd64 7 xen-boot fail REGR. vs. 113031
test-amd64-i386-rumprun-i386 7 xen-boot fail REGR. vs. 113031
Regressions which are regarded as allowable (not blocking):
test-armhf-armhf-xl-rtds 7 xen-boot fail REGR. vs. 113031
test-amd64-amd64-xl-qemut-win7-amd64 17 guest-stop fail REGR. vs. 113031
Tests which did not succeed, but are not blocking:
build-arm64-libvirt 1 build-check(1) blocked n/a
test-arm64-arm64-examine 1 build-check(1) blocked n/a
test-arm64-arm64-libvirt-xsm 1 build-check(1) blocked n/a
test-arm64-arm64-xl 1 build-check(1) blocked n/a
test-arm64-arm64-xl-credit2 1 build-check(1) blocked n/a
test-arm64-arm64-xl-xsm 1 build-check(1) blocked n/a
build-arm64-xsm 2 hosts-allocate broken like 113031
build-arm64-pvops 2 hosts-allocate broken like 113031
build-arm64-xsm 3 capture-logs broken like 113031
build-arm64-pvops 3 capture-logs broken like 113031
build-arm64 2 hosts-allocate broken like 113031
build-arm64 3 capture-logs broken like 113031
test-armhf-armhf-libvirt 14 saverestore-support-check fail like 113031
test-armhf-armhf-libvirt-raw 13 saverestore-support-check fail like 113031
test-armhf-armhf-libvirt-xsm 14 saverestore-support-check fail like 113031
test-amd64-amd64-xl-rtds 10 debian-install fail like 113031
test-amd64-amd64-xl-qemut-ws16-amd64 10 windows-install fail never pass
test-amd64-amd64-xl-qemuu-ws16-amd64 10 windows-install fail never pass
test-amd64-amd64-libvirt-xsm 13 migrate-support-check fail never pass
test-amd64-amd64-libvirt-qemuu-debianhvm-amd64-xsm 11 migrate-support-check fail never pass
test-amd64-amd64-libvirt-vhd 12 migrate-support-check fail never pass
test-amd64-amd64-qemuu-nested-amd 17 debian-hvm-install/l1/l2 fail never pass
test-armhf-armhf-libvirt 13 migrate-support-check fail never pass
test-armhf-armhf-xl 13 migrate-support-check fail never pass
test-armhf-armhf-xl 14 saverestore-support-check fail never pass
test-amd64-amd64-libvirt 13 migrate-support-check fail never pass
test-armhf-armhf-libvirt-raw 12 migrate-support-check fail never pass
test-armhf-armhf-xl-vhd 12 migrate-support-check fail never pass
test-armhf-armhf-xl-vhd 13 saverestore-support-check fail never pass
test-armhf-armhf-libvirt-xsm 13 migrate-support-check fail never pass
test-armhf-armhf-xl-multivcpu 13 migrate-support-check fail never pass
test-armhf-armhf-xl-multivcpu 14 saverestore-support-check fail never pass
test-armhf-armhf-xl-xsm 13 migrate-support-check fail never pass
test-armhf-armhf-xl-xsm 14 saverestore-support-check fail never pass
test-armhf-armhf-xl-arndale 13 migrate-support-check fail never pass
test-armhf-armhf-xl-arndale 14 saverestore-support-check fail never pass
test-armhf-armhf-xl-cubietruck 13 migrate-support-check fail never pass
test-armhf-armhf-xl-cubietruck 14 saverestore-support-check fail never pass
test-amd64-amd64-xl-qemut-win10-i386 10 windows-install fail never pass
test-amd64-amd64-xl-qemuu-win10-i386 10 windows-install fail never pass
test-armhf-armhf-xl-credit2 13 migrate-support-check fail never pass
test-armhf-armhf-xl-credit2 14 saverestore-support-check fail never pass
version targeted for testing:
linux 3b9f8ed25dbe5f858b1331588929f2a766aef55f
baseline version:
linux 569dbb88e80deb68974ef6fdd6a13edb9d686261
Last test of basis 113031 2017-09-04 03:35:52 Z 4 days
Failing since 113041 2017-09-04 16:49:56 Z 3 days 6 attempts
Testing same since 113129 2017-09-07 15:21:19 Z 0 days 1 attempts
------------------------------------------------------------
1320 people touched revisions under test,
not listing them all
jobs:
build-amd64-xsm pass
build-arm64-xsm broken
build-armhf-xsm pass
build-i386-xsm pass
build-amd64 pass
build-arm64 broken
build-armhf pass
build-i386 pass
build-amd64-libvirt pass
build-arm64-libvirt blocked
build-armhf-libvirt pass
build-i386-libvirt pass
build-amd64-pvops pass
build-arm64-pvops broken
build-armhf-pvops pass
build-i386-pvops pass
build-amd64-rumprun pass
build-i386-rumprun pass
test-amd64-amd64-xl pass
test-arm64-arm64-xl blocked
test-armhf-armhf-xl pass
test-amd64-i386-xl fail
test-amd64-amd64-xl-qemut-debianhvm-amd64-xsm pass
test-amd64-i386-xl-qemut-debianhvm-amd64-xsm fail
test-amd64-amd64-libvirt-qemuu-debianhvm-amd64-xsm pass
test-amd64-i386-libvirt-qemuu-debianhvm-amd64-xsm fail
test-amd64-amd64-xl-qemuu-debianhvm-amd64-xsm pass
test-amd64-i386-xl-qemuu-debianhvm-amd64-xsm fail
test-amd64-amd64-xl-qemut-stubdom-debianhvm-amd64-xsm pass
test-amd64-i386-xl-qemut-stubdom-debianhvm-amd64-xsm fail
test-amd64-amd64-libvirt-xsm pass
test-arm64-arm64-libvirt-xsm blocked
test-armhf-armhf-libvirt-xsm pass
test-amd64-i386-libvirt-xsm fail
test-amd64-amd64-xl-xsm pass
test-arm64-arm64-xl-xsm blocked
test-armhf-armhf-xl-xsm pass
test-amd64-i386-xl-xsm fail
test-amd64-amd64-qemuu-nested-amd fail
test-amd64-amd64-xl-pvh-amd pass
test-amd64-i386-qemut-rhel6hvm-amd fail
test-amd64-i386-qemuu-rhel6hvm-amd fail
test-amd64-amd64-xl-qemut-debianhvm-amd64 pass
test-amd64-i386-xl-qemut-debianhvm-amd64 fail
test-amd64-amd64-xl-qemuu-debianhvm-amd64 pass
test-amd64-i386-xl-qemuu-debianhvm-amd64 fail
test-amd64-i386-freebsd10-amd64 fail
test-amd64-amd64-xl-qemuu-ovmf-amd64 pass
test-amd64-i386-xl-qemuu-ovmf-amd64 fail
test-amd64-amd64-rumprun-amd64 pass
test-amd64-amd64-xl-qemut-win7-amd64 fail
test-amd64-i386-xl-qemut-win7-amd64 fail
test-amd64-amd64-xl-qemuu-win7-amd64 pass
test-amd64-i386-xl-qemuu-win7-amd64 fail
test-amd64-amd64-xl-qemut-ws16-amd64 fail
test-amd64-i386-xl-qemut-ws16-amd64 fail
test-amd64-amd64-xl-qemuu-ws16-amd64 fail
test-amd64-i386-xl-qemuu-ws16-amd64 fail
test-armhf-armhf-xl-arndale pass
test-amd64-amd64-xl-credit2 pass
test-arm64-arm64-xl-credit2 blocked
test-armhf-armhf-xl-credit2 pass
test-armhf-armhf-xl-cubietruck pass
test-amd64-amd64-examine pass
test-arm64-arm64-examine blocked
test-armhf-armhf-examine pass
test-amd64-i386-examine fail
test-amd64-i386-freebsd10-i386 fail
test-amd64-i386-rumprun-i386 fail
test-amd64-amd64-xl-qemut-win10-i386 fail
test-amd64-i386-xl-qemut-win10-i386 fail
test-amd64-amd64-xl-qemuu-win10-i386 fail
test-amd64-i386-xl-qemuu-win10-i386 fail
test-amd64-amd64-qemuu-nested-intel pass
test-amd64-amd64-xl-pvh-intel pass
test-amd64-i386-qemut-rhel6hvm-intel fail
test-amd64-i386-qemuu-rhel6hvm-intel fail
test-amd64-amd64-libvirt pass
test-armhf-armhf-libvirt pass
test-amd64-i386-libvirt fail
test-amd64-amd64-xl-multivcpu pass
test-armhf-armhf-xl-multivcpu pass
test-amd64-amd64-pair pass
test-amd64-i386-pair fail
test-amd64-amd64-libvirt-pair pass
test-amd64-i386-libvirt-pair fail
test-amd64-amd64-amd64-pvgrub pass
test-amd64-amd64-i386-pvgrub pass
test-amd64-amd64-pygrub pass
test-amd64-amd64-xl-qcow2 pass
test-armhf-armhf-libvirt-raw pass
test-amd64-i386-xl-raw fail
test-amd64-amd64-xl-rtds fail
test-armhf-armhf-xl-rtds fail
test-amd64-amd64-libvirt-vhd pass
test-armhf-armhf-xl-vhd pass
------------------------------------------------------------
sg-report-flight on osstest.test-lab.xenproject.org
logs: /home/logs/logs
images: /home/logs/images
Logs, config files, etc. are available at
http://logs.test-lab.xenproject.org/osstest/logs
Explanation of these reports, and of osstest in general, is at
http://xenbits.xen.org/gitweb/?p=osstest.git;a=blob;f=README.email;hb=master
http://xenbits.xen.org/gitweb/?p=osstest.git;a=blob;f=README;hb=master
Test harness code can be found at
http://xenbits.xen.org/gitweb?p=osstest.git;a=summary
broken-job build-arm64 broken
broken-job build-arm64-xsm broken
broken-job build-arm64-pvops broken
broken-step build-arm64-xsm hosts-allocate
broken-step build-arm64-pvops hosts-allocate
broken-step build-arm64-xsm capture-logs
broken-step build-arm64-pvops capture-logs
broken-step build-arm64 hosts-allocate
broken-step build-arm64 capture-logs
Not pushing.
(No revision log; it would be 130189 lines long.)
_______________________________________________
Xen-devel mailing list
Xen-devel@lists.xen.org
https://lists.xen.org/xen-devel
reply other threads:[~2017-09-08 14:13 UTC|newest]
Thread overview: [no followups] expand[flat|nested] mbox.gz Atom feed
Reply instructions:
You may reply publicly to this message via plain-text email
using any one of the following methods:
* Save the following mbox file, import it into your mail client,
and reply-to-all from there: mbox
Avoid top-posting and favor interleaved quoting:
https://en.wikipedia.org/wiki/Posting_style#Interleaved_style
* Reply using the --to, --cc, and --in-reply-to
switches of git-send-email(1):
git send-email \
--in-reply-to=osstest-113129-mainreport@xen.org \
--to=osstest-admin@xenproject.org \
--cc=xen-devel@lists.xensource.com \
/path/to/YOUR_REPLY
https://kernel.org/pub/software/scm/git/docs/git-send-email.html
* If your mail client supports setting the In-Reply-To header
via mailto: links, try the mailto: link
Be sure your reply has a Subject: header at the top and a blank line
before the message body.
This is a public inbox, see mirroring instructions
for how to clone and mirror all data and code used for this inbox;
as well as URLs for NNTP newsgroup(s).