* [xen-unstable-smoke test] 113131: trouble: broken/pass
@ 2017-09-07 17:27 osstest service owner
0 siblings, 0 replies; only message in thread
From: osstest service owner @ 2017-09-07 17:27 UTC (permalink / raw)
To: xen-devel, osstest-admin
flight 113131 xen-unstable-smoke real [real]
http://logs.test-lab.xenproject.org/osstest/logs/113131/
Failures and problems with tests :-(
Tests which did not succeed and are blocking,
including tests which could not be run:
build-arm64 <job status> broken
test-arm64-arm64-xl-xsm <job status> broken
build-arm64-pvops <job status> broken
Tests which did not succeed, but are not blocking:
test-arm64-arm64-xl-xsm 1 build-check(1) blocked n/a
build-arm64-pvops 2 hosts-allocate broken like 113039
build-arm64-pvops 3 capture-logs broken like 113039
build-arm64 2 hosts-allocate broken like 113039
build-arm64 3 capture-logs broken like 113039
test-armhf-armhf-xl 13 migrate-support-check fail never pass
test-armhf-armhf-xl 14 saverestore-support-check fail never pass
test-amd64-amd64-libvirt 13 migrate-support-check fail never pass
version targeted for testing:
xen e9cb0d1d0eb3a9e4d8b97432c9246cdfbb3b0309
baseline version:
xen 6dfb43d6f2cd8ea6274d203ca00ecfc7c565f11a
Last test of basis 113039 2017-09-04 15:02:08 Z 3 days
Failing since 113052 2017-09-05 13:01:29 Z 2 days 24 attempts
Testing same since 113131 2017-09-07 16:01:58 Z 0 days 1 attempts
------------------------------------------------------------
People who touched revisions under test:
Alexandru Isaila <aisaila@bitdefender.com>
Andrew Cooper <andrew.cooper3@citrix.com>
Boris Ostrovsky <boris.ostrovsky@oracle.com>
Ian Jackson <Ian.Jackson@eu.citrix.com>
Jan Beulich <jbeulich@suse.com>
Olaf Hering <olaf@aepfle.de>
Tamas K Lengyel <tamas@tklengyel.com>
Wei Liu <wei.liu2@citrix.com>
Yi Sun <yi.y.sun@linux.intel.com>
jobs:
build-amd64 pass
build-arm64 broken
build-armhf pass
build-amd64-libvirt pass
build-arm64-pvops broken
test-armhf-armhf-xl pass
test-arm64-arm64-xl-xsm broken
test-amd64-amd64-xl-qemuu-debianhvm-i386 pass
test-amd64-amd64-libvirt pass
------------------------------------------------------------
sg-report-flight on osstest.test-lab.xenproject.org
logs: /home/logs/logs
images: /home/logs/images
Logs, config files, etc. are available at
http://logs.test-lab.xenproject.org/osstest/logs
Explanation of these reports, and of osstest in general, is at
http://xenbits.xen.org/gitweb/?p=osstest.git;a=blob;f=README.email;hb=master
http://xenbits.xen.org/gitweb/?p=osstest.git;a=blob;f=README;hb=master
Test harness code can be found at
http://xenbits.xen.org/gitweb?p=osstest.git;a=summary
broken-job build-arm64 broken
broken-job test-arm64-arm64-xl-xsm broken
broken-job build-arm64-pvops broken
broken-step build-arm64-pvops hosts-allocate
broken-step build-arm64-pvops capture-logs
broken-step build-arm64 hosts-allocate
broken-step build-arm64 capture-logs
Not pushing.
(No revision log; it would be 368 lines long.)
_______________________________________________
Xen-devel mailing list
Xen-devel@lists.xen.org
https://lists.xen.org/xen-devel
^ permalink raw reply [flat|nested] only message in thread
only message in thread, other threads:[~2017-09-07 17:27 UTC | newest]
Thread overview: (only message) (download: mbox.gz follow: Atom feed
-- links below jump to the message on this page --
2017-09-07 17:27 [xen-unstable-smoke test] 113131: trouble: broken/pass osstest service owner
This is a public inbox, see mirroring instructions
for how to clone and mirror all data and code used for this inbox;
as well as URLs for NNTP newsgroup(s).