From mboxrd@z Thu Jan 1 00:00:00 1970 From: osstest service owner Subject: [qemu-mainline test] 113132: regressions - trouble: blocked/broken/fail/pass Date: Fri, 08 Sep 2017 13:47:07 +0000 Message-ID: Mime-Version: 1.0 Content-Type: multipart/mixed; boundary="===============4421109008124526765==" Return-path: List-Unsubscribe: , List-Post: List-Help: List-Subscribe: , Errors-To: xen-devel-bounces@lists.xen.org Sender: "Xen-devel" To: xen-devel@lists.xensource.com, osstest-admin@xenproject.org List-Id: xen-devel@lists.xenproject.org --===============4421109008124526765== Content-Type: text/plain flight 113132 qemu-mainline real [real] http://logs.test-lab.xenproject.org/osstest/logs/113132/ Regressions :-( Tests which did not succeed and are blocking, including tests which could not be run: build-arm64 broken build-arm64-pvops broken build-arm64-xsm broken build-armhf 6 xen-build fail REGR. vs. 113036 Tests which did not succeed, but are not blocking: test-arm64-arm64-libvirt-xsm 1 build-check(1) blocked n/a test-armhf-armhf-xl-multivcpu 1 build-check(1) blocked n/a test-armhf-armhf-libvirt 1 build-check(1) blocked n/a test-arm64-arm64-xl 1 build-check(1) blocked n/a build-arm64-libvirt 1 build-check(1) blocked n/a build-armhf-libvirt 1 build-check(1) blocked n/a test-armhf-armhf-libvirt-raw 1 build-check(1) blocked n/a test-armhf-armhf-xl 1 build-check(1) blocked n/a test-armhf-armhf-xl-vhd 1 build-check(1) blocked n/a test-arm64-arm64-xl-credit2 1 build-check(1) blocked n/a test-armhf-armhf-xl-credit2 1 build-check(1) blocked n/a test-armhf-armhf-xl-cubietruck 1 build-check(1) blocked n/a test-armhf-armhf-xl-rtds 1 build-check(1) blocked n/a test-armhf-armhf-xl-arndale 1 build-check(1) blocked n/a test-armhf-armhf-libvirt-xsm 1 build-check(1) blocked n/a test-arm64-arm64-xl-xsm 1 build-check(1) blocked n/a build-arm64 2 hosts-allocate broken like 113036 build-arm64-xsm 2 hosts-allocate broken like 113036 build-arm64-pvops 2 hosts-allocate broken like 113036 build-arm64 3 capture-logs broken like 113036 build-arm64-xsm 3 capture-logs broken like 113036 build-arm64-pvops 3 capture-logs broken like 113036 test-amd64-amd64-xl-rtds 10 debian-install fail like 113036 test-amd64-amd64-xl-qemuu-ws16-amd64 10 windows-install fail never pass test-amd64-amd64-libvirt 13 migrate-support-check fail never pass test-amd64-i386-libvirt 13 migrate-support-check fail never pass test-amd64-amd64-libvirt-xsm 13 migrate-support-check fail never pass test-amd64-i386-libvirt-xsm 13 migrate-support-check fail never pass test-amd64-amd64-libvirt-qemuu-debianhvm-amd64-xsm 11 migrate-support-check fail never pass test-amd64-i386-libvirt-qemuu-debianhvm-amd64-xsm 11 migrate-support-check fail never pass test-amd64-amd64-libvirt-vhd 12 migrate-support-check fail never pass test-amd64-amd64-qemuu-nested-amd 17 debian-hvm-install/l1/l2 fail never pass test-armhf-armhf-xl-xsm 13 migrate-support-check fail never pass test-armhf-armhf-xl-xsm 14 saverestore-support-check fail never pass test-amd64-i386-xl-qemuu-ws16-amd64 13 guest-saverestore fail never pass test-amd64-i386-xl-qemuu-win10-i386 10 windows-install fail never pass test-amd64-amd64-xl-qemuu-win10-i386 10 windows-install fail never pass version targeted for testing: qemuu ef475b5dd12684591e6264e517eaa5b3e90f7ffa baseline version: qemuu 32f0f68bb77289b75a82925f712bb52e16eac3ba Last test of basis 113036 2017-09-04 09:16:59 Z 4 days Failing since 113044 2017-09-04 23:16:29 Z 3 days 6 attempts Testing same since 113132 2017-09-07 16:54:08 Z 0 days 1 attempts ------------------------------------------------------------ People who touched revisions under test: Andrew Jeffery Andrew Jones Artyom Tarasenko Cao jin Cleber Rosa Cornelia Huck Daniel P. Berrange Dr. David Alan Gilbert Edgar E. Iglesias Eduardo Habkost Emilio G. Cota Eric Blake Fam Zheng Greg Kurz Hua Yanghao Juan Quintela Kevin Wolf Lluís Vilanova Manos Pitsidianakis Mao Zhongyi Marc-André Lureau Mark Cave-Ayland Markus Armbruster Pavel Butsykin Peter Maydell Peter Xu Philippe Mathieu-Daudé Portia Stephens Pranith Kumar Richard Henderson Richard Henderson Stafford Horne Stefan Hajnoczi Thomas Huth Zhipeng Lu jobs: build-amd64-xsm pass build-arm64-xsm broken build-armhf-xsm pass build-i386-xsm pass build-amd64 pass build-arm64 broken build-armhf fail build-i386 pass build-amd64-libvirt pass build-arm64-libvirt blocked build-armhf-libvirt blocked build-i386-libvirt pass build-amd64-pvops pass build-arm64-pvops broken build-armhf-pvops pass build-i386-pvops pass test-amd64-amd64-xl pass test-arm64-arm64-xl blocked test-armhf-armhf-xl blocked test-amd64-i386-xl pass test-amd64-amd64-libvirt-qemuu-debianhvm-amd64-xsm pass test-amd64-i386-libvirt-qemuu-debianhvm-amd64-xsm pass test-amd64-amd64-xl-qemuu-debianhvm-amd64-xsm pass test-amd64-i386-xl-qemuu-debianhvm-amd64-xsm pass test-amd64-amd64-libvirt-xsm pass test-arm64-arm64-libvirt-xsm blocked test-armhf-armhf-libvirt-xsm blocked test-amd64-i386-libvirt-xsm pass test-amd64-amd64-xl-xsm pass test-arm64-arm64-xl-xsm blocked test-armhf-armhf-xl-xsm pass test-amd64-i386-xl-xsm pass test-amd64-amd64-qemuu-nested-amd fail test-amd64-amd64-xl-pvh-amd pass test-amd64-i386-qemuu-rhel6hvm-amd pass test-amd64-amd64-xl-qemuu-debianhvm-amd64 pass test-amd64-i386-xl-qemuu-debianhvm-amd64 pass test-amd64-i386-freebsd10-amd64 pass test-amd64-amd64-xl-qemuu-ovmf-amd64 pass test-amd64-i386-xl-qemuu-ovmf-amd64 pass test-amd64-amd64-xl-qemuu-win7-amd64 pass test-amd64-i386-xl-qemuu-win7-amd64 pass test-amd64-amd64-xl-qemuu-ws16-amd64 fail test-amd64-i386-xl-qemuu-ws16-amd64 fail test-armhf-armhf-xl-arndale blocked test-amd64-amd64-xl-credit2 pass test-arm64-arm64-xl-credit2 blocked test-armhf-armhf-xl-credit2 blocked test-armhf-armhf-xl-cubietruck blocked test-amd64-i386-freebsd10-i386 pass test-amd64-amd64-xl-qemuu-win10-i386 fail test-amd64-i386-xl-qemuu-win10-i386 fail test-amd64-amd64-qemuu-nested-intel pass test-amd64-amd64-xl-pvh-intel pass test-amd64-i386-qemuu-rhel6hvm-intel pass test-amd64-amd64-libvirt pass test-armhf-armhf-libvirt blocked test-amd64-i386-libvirt pass test-amd64-amd64-xl-multivcpu pass test-armhf-armhf-xl-multivcpu blocked test-amd64-amd64-pair pass test-amd64-i386-pair pass test-amd64-amd64-libvirt-pair pass test-amd64-i386-libvirt-pair pass test-amd64-amd64-amd64-pvgrub pass test-amd64-amd64-i386-pvgrub pass test-amd64-amd64-pygrub pass test-amd64-amd64-xl-qcow2 pass test-armhf-armhf-libvirt-raw blocked test-amd64-i386-xl-raw pass test-amd64-amd64-xl-rtds fail test-armhf-armhf-xl-rtds blocked test-amd64-amd64-libvirt-vhd pass test-armhf-armhf-xl-vhd blocked ------------------------------------------------------------ sg-report-flight on osstest.test-lab.xenproject.org logs: /home/logs/logs images: /home/logs/images Logs, config files, etc. are available at http://logs.test-lab.xenproject.org/osstest/logs Explanation of these reports, and of osstest in general, is at http://xenbits.xen.org/gitweb/?p=osstest.git;a=blob;f=README.email;hb=master http://xenbits.xen.org/gitweb/?p=osstest.git;a=blob;f=README;hb=master Test harness code can be found at http://xenbits.xen.org/gitweb?p=osstest.git;a=summary broken-job build-arm64 broken broken-job build-arm64-pvops broken broken-job build-arm64-xsm broken broken-step build-arm64 hosts-allocate broken-step build-arm64-xsm hosts-allocate broken-step build-arm64-pvops hosts-allocate broken-step build-arm64 capture-logs broken-step build-arm64-xsm capture-logs broken-step build-arm64-pvops capture-logs Not pushing. (No revision log; it would be 3995 lines long.) --===============4421109008124526765== Content-Type: text/plain; charset="utf-8" MIME-Version: 1.0 Content-Transfer-Encoding: base64 Content-Disposition: inline X19fX19fX19fX19fX19fX19fX19fX19fX19fX19fX19fX19fX19fX19fX19fX18KWGVuLWRldmVs IG1haWxpbmcgbGlzdApYZW4tZGV2ZWxAbGlzdHMueGVuLm9yZwpodHRwczovL2xpc3RzLnhlbi5v cmcveGVuLWRldmVsCg== --===============4421109008124526765==--