* [xen-unstable test] 113139: trouble: blocked/broken/fail/pass
@ 2017-09-08 21:46 osstest service owner
0 siblings, 0 replies; only message in thread
From: osstest service owner @ 2017-09-08 21:46 UTC (permalink / raw)
To: xen-devel, osstest-admin
flight 113139 xen-unstable real [real]
http://logs.test-lab.xenproject.org/osstest/logs/113139/
Failures and problems with tests :-(
Tests which did not succeed and are blocking,
including tests which could not be run:
build-arm64 <job status> broken
build-arm64-pvops <job status> broken
build-arm64-xsm <job status> broken
Tests which did not succeed, but are not blocking:
test-arm64-arm64-libvirt-xsm 1 build-check(1) blocked n/a
test-arm64-arm64-xl 1 build-check(1) blocked n/a
build-arm64-libvirt 1 build-check(1) blocked n/a
test-arm64-arm64-examine 1 build-check(1) blocked n/a
test-arm64-arm64-xl-credit2 1 build-check(1) blocked n/a
test-arm64-arm64-xl-xsm 1 build-check(1) blocked n/a
build-arm64-pvops 2 hosts-allocate broken like 113030
build-arm64-pvops 3 capture-logs broken like 113030
build-arm64 2 hosts-allocate broken like 113030
build-arm64 3 capture-logs broken like 113030
build-arm64-xsm 2 hosts-allocate broken like 113030
build-arm64-xsm 3 capture-logs broken like 113030
test-armhf-armhf-libvirt 14 saverestore-support-check fail like 113024
test-amd64-amd64-xl-qemuu-win7-amd64 17 guest-stop fail like 113024
test-armhf-armhf-libvirt-xsm 14 saverestore-support-check fail like 113024
test-armhf-armhf-libvirt-raw 13 saverestore-support-check fail like 113024
test-amd64-amd64-xl-qemut-win7-amd64 16 guest-localmigrate/x10 fail like 113030
test-amd64-i386-xl-qemut-win7-amd64 16 guest-localmigrate/x10 fail like 113030
test-amd64-amd64-xl-rtds 10 debian-install fail like 113030
test-amd64-amd64-xl-qemuu-ws16-amd64 10 windows-install fail never pass
test-amd64-amd64-xl-qemut-ws16-amd64 10 windows-install fail never pass
test-amd64-i386-libvirt-xsm 13 migrate-support-check fail never pass
test-amd64-i386-libvirt 13 migrate-support-check fail never pass
test-amd64-amd64-libvirt-xsm 13 migrate-support-check fail never pass
test-amd64-amd64-libvirt 13 migrate-support-check fail never pass
test-amd64-i386-libvirt-qemuu-debianhvm-amd64-xsm 11 migrate-support-check fail never pass
test-armhf-armhf-xl-arndale 13 migrate-support-check fail never pass
test-armhf-armhf-xl-arndale 14 saverestore-support-check fail never pass
test-amd64-amd64-libvirt-qemuu-debianhvm-amd64-xsm 11 migrate-support-check fail never pass
test-amd64-amd64-libvirt-vhd 12 migrate-support-check fail never pass
test-amd64-amd64-qemuu-nested-amd 17 debian-hvm-install/l1/l2 fail never pass
test-amd64-i386-xl-qemuu-ws16-amd64 13 guest-saverestore fail never pass
test-armhf-armhf-xl-rtds 13 migrate-support-check fail never pass
test-armhf-armhf-xl-rtds 14 saverestore-support-check fail never pass
test-armhf-armhf-xl 13 migrate-support-check fail never pass
test-armhf-armhf-xl 14 saverestore-support-check fail never pass
test-armhf-armhf-xl-credit2 13 migrate-support-check fail never pass
test-armhf-armhf-xl-credit2 14 saverestore-support-check fail never pass
test-armhf-armhf-xl-cubietruck 13 migrate-support-check fail never pass
test-armhf-armhf-xl-cubietruck 14 saverestore-support-check fail never pass
test-armhf-armhf-libvirt 13 migrate-support-check fail never pass
test-armhf-armhf-xl-multivcpu 13 migrate-support-check fail never pass
test-armhf-armhf-xl-multivcpu 14 saverestore-support-check fail never pass
test-amd64-i386-xl-qemut-ws16-amd64 13 guest-saverestore fail never pass
test-armhf-armhf-xl-vhd 12 migrate-support-check fail never pass
test-armhf-armhf-xl-vhd 13 saverestore-support-check fail never pass
test-armhf-armhf-xl-xsm 13 migrate-support-check fail never pass
test-armhf-armhf-xl-xsm 14 saverestore-support-check fail never pass
test-armhf-armhf-libvirt-xsm 13 migrate-support-check fail never pass
test-armhf-armhf-libvirt-raw 12 migrate-support-check fail never pass
test-amd64-i386-xl-qemut-win10-i386 10 windows-install fail never pass
test-amd64-i386-xl-qemuu-win10-i386 10 windows-install fail never pass
test-amd64-amd64-xl-qemut-win10-i386 10 windows-install fail never pass
test-amd64-amd64-xl-qemuu-win10-i386 10 windows-install fail never pass
version targeted for testing:
xen 6dfb43d6f2cd8ea6274d203ca00ecfc7c565f11a
baseline version:
xen ee2c1fc666648ac14a4c8b9eb9224753591fa5e7
Last test of basis 113030 2017-09-04 02:05:30 Z 4 days
Failing since 113040 2017-09-04 15:16:13 Z 4 days 7 attempts
Testing same since 113047 2017-09-05 05:07:11 Z 3 days 6 attempts
------------------------------------------------------------
People who touched revisions under test:
Andrew Cooper <andrew.cooper3@citrix.com>
George Dunlap <george.dunlap@citrix.com>
Jan Beulich <jbeulich@suse.com>
Wei Liu <wei.liu2@citrix.com>
jobs:
build-amd64-xsm pass
build-arm64-xsm broken
build-armhf-xsm pass
build-i386-xsm pass
build-amd64-xtf pass
build-amd64 pass
build-arm64 broken
build-armhf pass
build-i386 pass
build-amd64-libvirt pass
build-arm64-libvirt blocked
build-armhf-libvirt pass
build-i386-libvirt pass
build-amd64-prev pass
build-i386-prev pass
build-amd64-pvops pass
build-arm64-pvops broken
build-armhf-pvops pass
build-i386-pvops pass
build-amd64-rumprun pass
build-i386-rumprun pass
test-xtf-amd64-amd64-1 pass
test-xtf-amd64-amd64-2 pass
test-xtf-amd64-amd64-3 pass
test-xtf-amd64-amd64-4 pass
test-xtf-amd64-amd64-5 pass
test-amd64-amd64-xl pass
test-arm64-arm64-xl blocked
test-armhf-armhf-xl pass
test-amd64-i386-xl pass
test-amd64-amd64-xl-qemut-debianhvm-amd64-xsm pass
test-amd64-i386-xl-qemut-debianhvm-amd64-xsm pass
test-amd64-amd64-libvirt-qemuu-debianhvm-amd64-xsm pass
test-amd64-i386-libvirt-qemuu-debianhvm-amd64-xsm pass
test-amd64-amd64-xl-qemuu-debianhvm-amd64-xsm pass
test-amd64-i386-xl-qemuu-debianhvm-amd64-xsm pass
test-amd64-amd64-xl-qemut-stubdom-debianhvm-amd64-xsm pass
test-amd64-i386-xl-qemut-stubdom-debianhvm-amd64-xsm pass
test-amd64-amd64-libvirt-xsm pass
test-arm64-arm64-libvirt-xsm blocked
test-armhf-armhf-libvirt-xsm pass
test-amd64-i386-libvirt-xsm pass
test-amd64-amd64-xl-xsm pass
test-arm64-arm64-xl-xsm blocked
test-armhf-armhf-xl-xsm pass
test-amd64-i386-xl-xsm pass
test-amd64-amd64-qemuu-nested-amd fail
test-amd64-amd64-xl-pvh-amd pass
test-amd64-i386-qemut-rhel6hvm-amd pass
test-amd64-i386-qemuu-rhel6hvm-amd pass
test-amd64-amd64-xl-qemut-debianhvm-amd64 pass
test-amd64-i386-xl-qemut-debianhvm-amd64 pass
test-amd64-amd64-xl-qemuu-debianhvm-amd64 pass
test-amd64-i386-xl-qemuu-debianhvm-amd64 pass
test-amd64-i386-freebsd10-amd64 pass
test-amd64-amd64-xl-qemuu-ovmf-amd64 pass
test-amd64-i386-xl-qemuu-ovmf-amd64 pass
test-amd64-amd64-rumprun-amd64 pass
test-amd64-amd64-xl-qemut-win7-amd64 fail
test-amd64-i386-xl-qemut-win7-amd64 fail
test-amd64-amd64-xl-qemuu-win7-amd64 fail
test-amd64-i386-xl-qemuu-win7-amd64 pass
test-amd64-amd64-xl-qemut-ws16-amd64 fail
test-amd64-i386-xl-qemut-ws16-amd64 fail
test-amd64-amd64-xl-qemuu-ws16-amd64 fail
test-amd64-i386-xl-qemuu-ws16-amd64 fail
test-armhf-armhf-xl-arndale pass
test-amd64-amd64-xl-credit2 pass
test-arm64-arm64-xl-credit2 blocked
test-armhf-armhf-xl-credit2 pass
test-armhf-armhf-xl-cubietruck pass
test-amd64-amd64-examine pass
test-arm64-arm64-examine blocked
test-armhf-armhf-examine pass
test-amd64-i386-examine pass
test-amd64-i386-freebsd10-i386 pass
test-amd64-i386-rumprun-i386 pass
test-amd64-amd64-xl-qemut-win10-i386 fail
test-amd64-i386-xl-qemut-win10-i386 fail
test-amd64-amd64-xl-qemuu-win10-i386 fail
test-amd64-i386-xl-qemuu-win10-i386 fail
test-amd64-amd64-qemuu-nested-intel pass
test-amd64-amd64-xl-pvh-intel pass
test-amd64-i386-qemut-rhel6hvm-intel pass
test-amd64-i386-qemuu-rhel6hvm-intel pass
test-amd64-amd64-libvirt pass
test-armhf-armhf-libvirt pass
test-amd64-i386-libvirt pass
test-amd64-amd64-livepatch pass
test-amd64-i386-livepatch pass
test-amd64-amd64-migrupgrade pass
test-amd64-i386-migrupgrade pass
test-amd64-amd64-xl-multivcpu pass
test-armhf-armhf-xl-multivcpu pass
test-amd64-amd64-pair pass
test-amd64-i386-pair pass
test-amd64-amd64-libvirt-pair pass
test-amd64-i386-libvirt-pair pass
test-amd64-amd64-amd64-pvgrub pass
test-amd64-amd64-i386-pvgrub pass
test-amd64-amd64-pygrub pass
test-amd64-amd64-xl-qcow2 pass
test-armhf-armhf-libvirt-raw pass
test-amd64-i386-xl-raw pass
test-amd64-amd64-xl-rtds fail
test-armhf-armhf-xl-rtds pass
test-amd64-amd64-libvirt-vhd pass
test-armhf-armhf-xl-vhd pass
------------------------------------------------------------
sg-report-flight on osstest.test-lab.xenproject.org
logs: /home/logs/logs
images: /home/logs/images
Logs, config files, etc. are available at
http://logs.test-lab.xenproject.org/osstest/logs
Explanation of these reports, and of osstest in general, is at
http://xenbits.xen.org/gitweb/?p=osstest.git;a=blob;f=README.email;hb=master
http://xenbits.xen.org/gitweb/?p=osstest.git;a=blob;f=README;hb=master
Test harness code can be found at
http://xenbits.xen.org/gitweb?p=osstest.git;a=summary
broken-job build-arm64 broken
broken-job build-arm64-pvops broken
broken-job build-arm64-xsm broken
broken-step build-arm64-pvops hosts-allocate
broken-step build-arm64-pvops capture-logs
broken-step build-arm64 hosts-allocate
broken-step build-arm64 capture-logs
broken-step build-arm64-xsm hosts-allocate
broken-step build-arm64-xsm capture-logs
Not pushing.
------------------------------------------------------------
commit 6dfb43d6f2cd8ea6274d203ca00ecfc7c565f11a
Author: Jan Beulich <jbeulich@suse.com>
Date: Mon Sep 4 16:32:14 2017 +0200
x86/p2m-pt: pass level instead of page type to p2m_next_level()
This in turn calls for p2m_alloc_ptp() also being passed the numeric
level.
Signed-off-by: Jan Beulich <jbeulich@suse.com>
Reviewed-by: George Dunlap <george.dunlap@citrix.com>
commit daae9d6712685506904b03dc36260de356085629
Author: Jan Beulich <jbeulich@suse.com>
Date: Mon Sep 4 16:30:47 2017 +0200
x86/p2m: make p2m_alloc_ptp() return an MFN
None of the callers really needs the struct page_info pointer.
Signed-off-by: Jan Beulich <jbeulich@suse.com>
Acked-by: George Dunlap <george.dunlap@citrix.com>
Reviewed-by: Kevin Tian <kevin.tian@intel.com>
commit 9f2e25c0042312071935047a93144914f969575f
Author: Jan Beulich <jbeulich@suse.com>
Date: Mon Sep 4 16:25:59 2017 +0200
x86/p2m-pt: simplify p2m_next_level()
Calculate entry PFN and flags just once. Convert the two successive
main if()-s to and if/else-if chain. Restrict variable scope where
reasonable. Take the opportunity and also make the induction variable
unsigned.
This at once fixes excessive permissions granted in the 2M PTEs
resulting from splitting a 1G one - original permissions should be
inherited instead. This is not a security issue only because all of
this takes no effect anyway, as iommu_hap_pt_share is always false on
AMD systems for all supported branches.
Signed-off-by: Jan Beulich <jbeulich@suse.com>
Acked-by: George Dunlap <george.dunlap@citrix.com>
commit 0cfcbe6c2a08b12a15cbccdcb9b3cdb24d77d6cd
Author: Wei Liu <wei.liu2@citrix.com>
Date: Mon Sep 4 12:42:06 2017 +0100
x86/mm: use put_page_type_preemptible in put_page_from_l{3,4}e
No functional change.
Signed-off-by: Wei Liu <wei.liu2@citrix.com>
Reviewed-by: Andrew Cooper <andrew.cooper3@citrix.com>
commit d4ccdcf64aa0a00dd1f2a710c6f4610b9c59cd60
Author: Andrew Cooper <andrew.cooper3@citrix.com>
Date: Fri Sep 1 11:29:56 2017 +0100
x86/mm: Use static inlines for {,un}adjust_guest_l?e()
There is no need for these to be macros, and the result is easier to read.
No functional change, but bloat-o-meter reports the following improvement:
add/remove: 1/0 grow/shrink: 2/3 up/down: 235/-427 (-192)
function old new delta
__get_page_type 5231 5351 +120
adjust_guest_l1e.isra - 96 +96
free_page_type 1540 1559 +19
ptwr_emulated_update 1008 957 -51
create_grant_pv_mapping 1342 1186 -156
mod_l1_entry 1892 1672 -220
adjust_guest_l1e(), now being a compiler-visible single unit, is chosen for
out-of-line'ing from its several callsites. The other helpers remain inline.
Signed-off-by: Andrew Cooper <andrew.cooper3@citrix.com>
Reviewed-by: Jan Beulich <jbeulich@suse.com>
Reviewed-by: Wei Liu <wei.liu2@citrix.com>
commit fdc6cef85734662e32c91fee2a191d2b26a682f4
Author: Wei Liu <wei.liu2@citrix.com>
Date: Mon Sep 4 09:29:48 2017 +0100
MAINTAINERS: add arch specific public headers to arch file groups
I've recently got sufficiently annoyed by people not applying enough
common sense to get_maintainer.pl output, Cc-ing all REST maintainers
on ARM-only public interface changes.
Sort ARM's xen/ groups of path specifications at the same time.
Signed-off-by: Jan Beulich <jbeulich@suse.com>
Acked-by: Andrew Cooper <andrew.cooper3@citrix.com>
Acked-by: Wei Liu <wei.liu2@citrix.com>
(qemu changes not included)
_______________________________________________
Xen-devel mailing list
Xen-devel@lists.xen.org
https://lists.xen.org/xen-devel
^ permalink raw reply [flat|nested] only message in thread
only message in thread, other threads:[~2017-09-08 21:46 UTC | newest]
Thread overview: (only message) (download: mbox.gz follow: Atom feed
-- links below jump to the message on this page --
2017-09-08 21:46 [xen-unstable test] 113139: trouble: blocked/broken/fail/pass osstest service owner
This is a public inbox, see mirroring instructions
for how to clone and mirror all data and code used for this inbox;
as well as URLs for NNTP newsgroup(s).