xen-devel.lists.xenproject.org archive mirror
 help / color / mirror / Atom feed
From: osstest service owner <osstest-admin@xenproject.org>
To: xen-devel@lists.xensource.com, osstest-admin@xenproject.org
Subject: [linux-3.18 test] 113158: tolerable FAIL - PUSHED
Date: Sat, 09 Sep 2017 20:32:47 +0000	[thread overview]
Message-ID: <osstest-113158-mainreport@xen.org> (raw)

[-- Attachment #1: Type: text/plain, Size: 27204 bytes --]

flight 113158 linux-3.18 real [real]
http://logs.test-lab.xenproject.org/osstest/logs/113158/

Failures :-/ but no regressions.

Tests which did not succeed, but are not blocking:
 test-amd64-i386-xl-qemuu-win7-amd64 17 guest-stop             fail like 112085
 test-armhf-armhf-libvirt-xsm 14 saverestore-support-check    fail  like 112102
 test-amd64-amd64-xl-qemuu-win7-amd64 16 guest-localmigrate/x10 fail like 112102
 test-amd64-amd64-xl-qemut-win7-amd64 16 guest-localmigrate/x10 fail like 112102
 test-amd64-i386-xl-qemut-win7-amd64 16 guest-localmigrate/x10 fail like 112102
 test-armhf-armhf-libvirt-raw 13 saverestore-support-check    fail  like 112102
 test-armhf-armhf-libvirt     14 saverestore-support-check    fail  like 112102
 test-amd64-amd64-xl-rtds     10 debian-install               fail  like 112102
 test-amd64-amd64-xl-qemut-ws16-amd64 10 windows-install        fail never pass
 test-amd64-amd64-xl-qemuu-ws16-amd64 10 windows-install        fail never pass
 test-amd64-i386-libvirt      13 migrate-support-check        fail   never pass
 test-amd64-i386-libvirt-xsm  13 migrate-support-check        fail   never pass
 test-amd64-amd64-libvirt-xsm 13 migrate-support-check        fail   never pass
 test-amd64-amd64-libvirt     13 migrate-support-check        fail   never pass
 test-amd64-i386-libvirt-qemuu-debianhvm-amd64-xsm 11 migrate-support-check fail never pass
 test-amd64-amd64-libvirt-qemuu-debianhvm-amd64-xsm 11 migrate-support-check fail never pass
 test-amd64-i386-libvirt-qcow2 12 migrate-support-check        fail  never pass
 test-amd64-i386-xl-qemuu-ws16-amd64 13 guest-saverestore       fail never pass
 test-amd64-amd64-libvirt-vhd 12 migrate-support-check        fail   never pass
 test-amd64-amd64-qemuu-nested-amd 17 debian-hvm-install/l1/l2  fail never pass
 test-armhf-armhf-xl-multivcpu 13 migrate-support-check        fail  never pass
 test-armhf-armhf-xl-multivcpu 14 saverestore-support-check    fail  never pass
 test-armhf-armhf-libvirt-xsm 13 migrate-support-check        fail   never pass
 test-armhf-armhf-xl          13 migrate-support-check        fail   never pass
 test-armhf-armhf-xl          14 saverestore-support-check    fail   never pass
 test-amd64-i386-xl-qemut-ws16-amd64 13 guest-saverestore       fail never pass
 test-armhf-armhf-xl-xsm      13 migrate-support-check        fail   never pass
 test-armhf-armhf-xl-xsm      14 saverestore-support-check    fail   never pass
 test-armhf-armhf-libvirt-raw 12 migrate-support-check        fail   never pass
 test-armhf-armhf-xl-credit2  13 migrate-support-check        fail   never pass
 test-armhf-armhf-xl-credit2  14 saverestore-support-check    fail   never pass
 test-armhf-armhf-xl-arndale  13 migrate-support-check        fail   never pass
 test-armhf-armhf-xl-arndale  14 saverestore-support-check    fail   never pass
 test-armhf-armhf-libvirt     13 migrate-support-check        fail   never pass
 test-armhf-armhf-xl-rtds     13 migrate-support-check        fail   never pass
 test-armhf-armhf-xl-rtds     14 saverestore-support-check    fail   never pass
 test-armhf-armhf-xl-vhd      12 migrate-support-check        fail   never pass
 test-armhf-armhf-xl-vhd      13 saverestore-support-check    fail   never pass
 test-amd64-amd64-xl-qemut-win10-i386 10 windows-install        fail never pass
 test-amd64-i386-xl-qemuu-win10-i386 10 windows-install         fail never pass
 test-amd64-amd64-xl-qemuu-win10-i386 10 windows-install        fail never pass
 test-amd64-i386-xl-qemut-win10-i386 10 windows-install         fail never pass
 test-armhf-armhf-xl-cubietruck 13 migrate-support-check        fail never pass
 test-armhf-armhf-xl-cubietruck 14 saverestore-support-check    fail never pass

version targeted for testing:
 linux                1e0d2875797752db3b008fcbea55d5695cb0893a
baseline version:
 linux                dd8b674caeef9381345a6369fba29d425ff433f3

Last test of basis   112102  2017-07-21 17:53:24 Z   50 days
Failing since        112351  2017-07-27 22:26:55 Z   43 days   67 attempts
Testing same since   113128  2017-09-07 15:16:18 Z    2 days    3 attempts

------------------------------------------------------------
People who touched revisions under test:
  "Eric W. Biederman" <ebiederm@xmission.com>
  Aaron Ma <aaron.ma@canonical.com>
  Akinobu Mita <akinobu.mita@gmail.com>
  Al Viro <viro@zeniv.linux.org.uk>
  AL Yu-Chen Cho <acho@suse.com>
  Alan Stern <stern@rowland.harvard.edu>
  Alan Swanson <reiver@improbability.net>
  Alex Deucher <alexander.deucher@amd.com>
  Alex Williamson <alex.williamson@redhat.com>
  Alexander Potapenko <glider@google.com>
  Amit Pundir <amit.pundir@linaro.org>
  Andrew Morton <akpm@linux-foundation.org>
  Andrzej Hajda <a.hajda@samsung.com>
  Anna Schumaker <Anna.Schumaker@Netapp.com>
  Annie Cherkaev <annie.cherk@gmail.com>
  Anton Blanchard <anton@samba.org>
  Ard Biesheuvel <ard.biesheuvel@linaro.org>
  Arnaldo Carvalho de Melo <acme@redhat.com>
  Arnd Bergmann <arnd@arndb.de>
  Banajit Goswami <bgoswami@codeaurora.org>
  Bart Van Assche <bart.vanassche@sandisk.com>
  Ben Hutchings <ben.hutchings@codethink.co.uk>
  Bin Liu <b-liu@ti.com>
  Bjorn Andersson <bjorn.andersson@linaro.org>
  Bjorn Helgaas <bhelgaas@google.com>
  Boris Brezillon <boris.brezillon@free-electrons.com>
  Calvin Owens <calvinowens@fb.com>
  Chaitra Basappa <chaitra.basappa@broadcom.com>
  Charles Milette <charles.milette@gmail.com>
  Charles Milette <charlesmilette@gmail.com>
  Cheah Kok Cheong <thrust73@gmail.com>
  Chen Hong <chenhong3@huawei.com>
  Chen Yu <yu.c.chen@intel.com>
  Chris Metcalf <cmetcalf@ezchip.com>
  Chris Wilson <chris@chris-wilson.co.uk>
  Christian König <christian.koenig@amd.com>
  Christian Lamparter <chunkeey@googlemail.com>
  Christoph Hellwig <hch@lst.de>
  Christoph Lameter <cl@linux.com>
  Chu Yuan Lin <cyl@datera.io>
  Chuck Lever <chuck.lever@oracle.com>
  Chun-Hao Lin <hau@realtek.com>
  Chunyu Hu <chuhu@redhat.com>
  Colin Ian King <colin.king@canonical.com>
  Colin King <colin.king@canonical.com>
  Cong Wang <xiyou.wangcong@gmail.com>
  Corey Minyard <cminyard@mvista.com>
  Dan Carpenter <dan.carpenter@oracle.com>
  Dan Priamo <danp@adiengineering.com>
  Danesh Petigara <dpetigara@broadcom.com>
  Daniel Borkmann <daniel@iogearbox.net>
  Daniel Borkmann <dborkman@redhat.com>
  Daniel Vetter <daniel.vetter@ffwll.ch>
  Dave Martin <Dave.Martin@arm.com>
  David S. Miller <davem@davemloft.net>
  Denys Vlasenko <dvlasenk@redhat.com>
  Dmitriy <mexx400@yandex.ru>
  Dmitry Torokhov <dmitry.torokhov@gmail.com>
  Dmitry Vyukov <dvyukov@google.com>
  Doug Ledford <dledford@redhat.com>
  Douglas Miller <dougmill@linux.vnet.ibm.com>
  Dragos Bogdan <dragos.bogdan@analog.com>
  Eric Auger <eric.auger@redhat.com>
  Eric Dumazet <edumazet@google.com>
  Eric W. Biederman <ebiederm@xmission.com>
  Felipe Balbi <felipe.balbi@linux.intel.com>
  Florian Fainelli <f.fainelli@gmail.com>
  Florian Meier <Florian.Meier@informatik.uni-erlangen.de>
  Florian Westphal <fw@strlen.de>
  Gary Guo <ghg@datera.io>
  George G. Davis <george_davis@mentor.com>
  George G. Davis <ggdavisiv@gmail.com>
  Gopikrishnaiah Anandan <agopik@codeaurora.org>
  Greg Hackmann <ghackmann@google.com>
  Greg Kroah-Hartman <gregkh@linuxfoundation.org>
  Gregory Fong <gregory.0xf0@gmail.com>
  Guoqing Jiang <gqjiang@suse.com>
  Hannes Frederic Sowa <hannes@stressinduktion.org>
  Hannes Reinecke <hare@suse.com>
  Hannes Reinecke <hare@suse.de>
  Hans Verkuil <hans.verkuil@cisco.com>
  Hector Martin <marcan@marcan.st>
  Helge Deller <deller@gmx.de>
  Herbert Xu <herbert@gondor.apana.org.au>
  Himanshu Madhani <himanshu.madhani@cavium.com>
  Icenowy Zheng <icenowy@aosc.io>
  Imre Deak <imre.deak@intel.com>
  Ingo Molnar <mingo@kernel.org>
  J. Bruce Fields <bfields@redhat.com>
  Jaegeuk Kim <jaegeuk@kernel.org>
  James Bottomley <jejb@linux.vnet.ibm.com>
  James Hogan <james.hogan@imgtec.com>
  James Morris <james.l.morris@oracle.com>
  James Morse <james.morse@arm.com>
  James Shen <jcs@datera.io>
  Jamie Iles <jamie.iles@oracle.com>
  Jan Beulich <jbeulich@suse.com>
  Jan Kara <jack@suse.cz>
  Jan Stancek <jstancek@redhat.com>
  Jarkko Sakkinen <jarkko.sakkinen@linux.intel.com>
  Jason A. Donenfeld <Jason@zx2c4.com>
  Jassi Brar <jaswinder.singh@linaro.org>
  Jean-Louis Dupond <jean-louis@dupond.be>
  Jeffy Chen <jeffy.chen@rock-chips.com>
  Jerry Lee <jerrylee@qnap.com>
  Jia-Ju Bai <baijiaju1990@163.com>
  Jiang Yi <jiangyilism@gmail.com>
  Jin Qian <jinqian@google.com>
  Jin Yao <yao.jin@linux.intel.com>
  Jiri Olsa <jolsa@kernel.org>
  Jiri Slaby <jslaby@suse.cz>
  Jiten Thakkar <jitenmt@gmail.com>
  Joe Perches <joe@perches.com>
  Joel Fernandes <joelaf@google.com>
  Johan Hedberg <johan.hedberg@intel.com>
  Johan Hovold <johan@kernel.org>
  Johannes Berg <johannes.berg@intel.com>
  Johannes Thumshirn <jthumshirn@suse.de>
  Jonathan Cameron <jic23@kernel.org>
  Jonathan Cameron <Jonathan.Cameron@huawei.com>
  Jonathan Toppins <jtoppins@redhat.com>
  Joonas Lahtinen <joonas.lahtinen@linux.intel.com>
  Jordan Crouse <jcrouse@codeaurora.org>
  Josh Poimboeuf <jpoimboe@redhat.com>
  Kai-Heng Feng <kai.heng.feng@canonical.com>
  Kalle Valo <kvalo@codeaurora.org>
  Kalle Valo <kvalo@qca.qualcomm.com>
  Kees Cook <keescook@chromium.org>
  Konstantin Khlebnikov <khlebnikov@yandex-team.ru>
  Krzysztof Kozlowski <k.kozlowski@samsung.com>
  Krzysztof Kozlowski <krzk@kernel.org>
  Kyle Huey <me@kylehuey.com>
  Kyungmin Park <kyungmin.park@samsung.com>
  Lad, Prabhakar <prabhakar.csengg@gmail.com>
  Lars-Peter Clausen <lars@metafoo.de>
  Laurent Vivier <lvivier@redhat.com>
  Leon Romanovsky <leonro@mellanox.com>
  Linus Torvalds <torvalds@linux-foundation.org>
  Linus Walleij <linus.walleij@linaro.org>
  Lior David <qca_liord@qca.qualcomm.com>
  Liping Zhang <zlpnobody@gmail.com>
  liujian (CE) <liujian56@huawei.com>
  Lorenzo Stoakes <lstoakes@gmail.com>
  Maciej W. Rozycki <macro@imgtec.com>
  Maged Mokhtar <mmokhtar@binarykinetics.com>
  Mahesh Bandewar <maheshb@google.com>
  Marc Gonzalez <marc_gonzalez@sigmadesigns.com>
  Marc Zyngier <marc.zyngier@arm.com>
  Marcel Holtmann <marcel@holtmann.org>
  Marcelo Ricardo Leitner <marcelo.leitner@gmail.com>
  Marek Szyprowski <m.szyprowski@samsung.com>
  Mark Brown <broonie@kernel.org>
  Mark Rutland <mark.rutland@arm.com>
  Mark Salyzyn <salyzyn@android.com>
  Markus Trippelsdorf <markus@trippelsdorf.de>
  Martin K. Petersen <martin.petersen@oracle.com>
  Martin Liska <mliska@suse.cz>
  Martin Schwidefsky <schwidefsky@de.ibm.com>
  Mateusz Jurczyk <mjurczyk@google.com>
  Mathias Nyman <mathias.nyman@linux.intel.com>
  Maurizio Lombardi <mlombard@redhat.com>
  Mauro Carvalho Chehab <mchehab@s-opensource.com>
  Maya Erez <qca_merez@qca.qualcomm.com>
  Miaoqing Pan <miaoqing@codeaurora.org>
  Michael Chan <michael.chan@broadcom.com>
  Michael Ellerman <mpe@ellerman.id.au>
  Michael Gugino <michael.gugino.2@gmail.com>
  Michal Hocko <mhocko@suse.com>
  Michal Nazarewicz <mina86@mina86.com>
  Mike Christie <mchristi@redhat.com>
  Mike Manning <mmanning@brocade.com>
  Miklos Szeredi <mszeredi@redhat.com>
  Mikulas Patocka <mpatocka@redhat.com>
  Milan P. Gandhi <mgandhi@redhat.com>
  Naveen N. Rao <naveen.n.rao@linux.vnet.ibm.com>
  Neal Cardwell <ncardwell@google.com>
  Neil Horman <nhorman@tuxdriver.com>
  NeilBrown <neilb@suse.com>
  Nicholas Bellinger <nab@linux-iscsi.org>
  Nicholas Mc Guire <hofrat@osadl.org>
  Ofer Heifetz <oferh@marvell.com>
  Oleg Nesterov <oleg@redhat.com>
  Oliver Neukum <oneukum@suse.com>
  Oliver O'Halloran <oohall@gmail.com>
  Pablo Neira Ayuso <pablo@netfilter.org>
  Pali Rohár <pali.rohar@gmail.com>
  Patrick Lai <plai@codeaurora.org>
  Paul Mackerras <paulus@ozlabs.org>
  Paul Moore <paul@paul-moore.com>
  Pavel Machek <pavel@ucw.cz>
  Pavel Shilovsky <pshilov@microsoft.com>
  Peter Chen <peter.chen@nxp.com>
  Peter Oberparleiter <oberpar@linux.vnet.ibm.com>
  Peter Ujfalusi <peter.ujfalusi@ti.com>
  Peter Zijlstra (Intel) <peterz@infradead.org>
  Peter Zijlstra <a.p.zijlstra@chello.nl>
  Phil Reid <preid@electromag.com.au>
  Pierguido Lambri <plambri@redhat.com>
  Pintu Kumar <pintu.k@samsung.com>
  Prabhakar Lad <prabhakar.csengg@gmail.com>
  Rabin Vincent <rabinv@axis.com>
  Radim Krčmář <rkrcmar@redhat.com>
  Rafael J. Wysocki <rafael.j.wysocki@intel.com>
  Ralf Baechle <ralf@linux-mips.org>
  Rob Clark <robdclark@gmail.com>
  Rob Herring <robh@kernel.org>
  Rohit Vaswani <rvaswani@codeaurora.org>
  Rohit Vaswani <rvaswani@nvidia.com>
  Ronnie Sahlberg <lsahlber@redhat.com>
  Russell King <rmk+kernel@arm.linux.org.uk>
  Sabrina Dubroca <sd@queasysnail.net>
  Sachin Prabhu <sprabhu@redhat.com>
  Samuel Ortiz <sameo@linux.intel.com>
  Sandeep Singh <Sandeep.Singh@amd.com>
  Sasha Levin <alexander.levin@verizon.com>
  Sasha Levin <sasha.levin@oracle.com>
  Satish Babu Patakokila <sbpata@codeaurora.org>
  Sergei A. Trusov <sergei.a.trusov@ya.ru>
  Sergei Shtylyov <sergei.shtylyov@cogentembedded.com>
  Seunghun Han <kkamagui@gmail.com>
  Shahar Klein <shahark@mellanox.com>
  Shaohua Li <shli@fb.com>
  Shyam Sundar S K <Shyam-sundar.S-k@amd.com>
  Sinclair Yeh <syeh@vmware.com>
  Stefan Berger <stefanb@linux.vnet.ibm.com>
  Stefan Triller <github@stefantriller.de>
  Stefan-Gabriel Mirea <stefan-gabriel.mirea@nxp.com>
  Steffen Klassert <steffen.klassert@secunet.com>
  Stephen Boyd <sboyd@codeaurora.org>
  Stephen Boyd <stephen.boyd@linaro.org>
  Stephen Douthit <stephend@adiengineering.com>
  Stephen Rothwell <sfr@canb.auug.org.au>
  Steve Capper <steve.capper@arm.com>
  Steve French <smfrench@gmail.com>
  Steven Rostedt (VMware) <rostedt@goodmis.org>
  Sudeep Holla <sudeep.holla@arm.com>
  Sudip Mukherjee <sudip.mukherjee@codethink.co.uk>
  Sudip Mukherjee <sudipm.mukherjee@gmail.com>
  Sumit Semwal <sumit.semwal@linaro.org>
  Takashi Iwai <tiwai@suse.de>
  Tariq Toukan <tariqt@mellanox.com>
  Tejun Heo <tj@kernel.org>
  Theodore Ts'o <tytso@mit.edu>
  Thierry Reding <treding@nvidia.com>
  Thomas Bogendoerfer <tsbogend@alpha.franken.de>
  Thomas Gleixner <tglx@linutronix.de>
  Thomas Jarosch <thomas.jarosch@intra2net.com>
  Todd Poynor <toddpoynor@google.com>
  Tomasz Figa <tomasz.figa@gmail.com>
  Tony Jones <tonyj@suse.de>
  Tony Lindgren <tony@atomide.com>
  Ulf Hansson <ulf.hansson@linaro.org>
  Valentin Vidic <Valentin.Vidic@CARNet.hr>
  Vinod Koul <vinod.koul@intel.com>
  Vishnu Pratap Singh <vishnu.ps@samsung.com>
  Vlad Yasevich <vyasevich@gmail.com>
  Vladis Dronov <vdronov@redhat.com>
  WANG Cong <xiyou.wangcong@gmail.com>
  Wanpeng Li <wanpeng.li@hotmail.com>
  Wei Liu <wei.liu2@citrix.com>
  Wei Wang <weiwan@google.com>
  Will Deacon <will.deacon@arm.com>
  Willem de Bruijn <willemb@google.com>
  Wolfram Sang <wsa@the-dreams.de>
  Xiangliang.Yu <Xiangliang.Yu@amd.com>
  Xiao Ni <xni@redhat.com>
  Xin Long <lucien.xin@gmail.com>
  Yao Jin <yao.jin@linux.intel.com>
  Yoshihiro Shimoda <yoshihiro.shimoda.uh@renesas.com>
  Yuchung Cheng <ycheng@google.com>
  Yuejie Shi <syjcnss@gmail.com>
  Zheng Li <james.z.li@ericsson.com>
  zhong jiang <zhongjiang@huawei.com>

jobs:
 build-amd64-xsm                                              pass    
 build-armhf-xsm                                              pass    
 build-i386-xsm                                               pass    
 build-amd64                                                  pass    
 build-armhf                                                  pass    
 build-i386                                                   pass    
 build-amd64-libvirt                                          pass    
 build-armhf-libvirt                                          pass    
 build-i386-libvirt                                           pass    
 build-amd64-pvops                                            pass    
 build-armhf-pvops                                            pass    
 build-i386-pvops                                             pass    
 build-amd64-rumprun                                          pass    
 build-i386-rumprun                                           pass    
 test-amd64-amd64-xl                                          pass    
 test-armhf-armhf-xl                                          pass    
 test-amd64-i386-xl                                           pass    
 test-amd64-amd64-xl-qemut-debianhvm-amd64-xsm                pass    
 test-amd64-i386-xl-qemut-debianhvm-amd64-xsm                 pass    
 test-amd64-amd64-libvirt-qemuu-debianhvm-amd64-xsm           pass    
 test-amd64-i386-libvirt-qemuu-debianhvm-amd64-xsm            pass    
 test-amd64-amd64-xl-qemuu-debianhvm-amd64-xsm                pass    
 test-amd64-i386-xl-qemuu-debianhvm-amd64-xsm                 pass    
 test-amd64-amd64-xl-qemut-stubdom-debianhvm-amd64-xsm        pass    
 test-amd64-i386-xl-qemut-stubdom-debianhvm-amd64-xsm         pass    
 test-amd64-amd64-libvirt-xsm                                 pass    
 test-armhf-armhf-libvirt-xsm                                 pass    
 test-amd64-i386-libvirt-xsm                                  pass    
 test-amd64-amd64-xl-xsm                                      pass    
 test-armhf-armhf-xl-xsm                                      pass    
 test-amd64-i386-xl-xsm                                       pass    
 test-amd64-amd64-qemuu-nested-amd                            fail    
 test-amd64-amd64-xl-pvh-amd                                  pass    
 test-amd64-i386-qemut-rhel6hvm-amd                           pass    
 test-amd64-i386-qemuu-rhel6hvm-amd                           pass    
 test-amd64-amd64-xl-qemut-debianhvm-amd64                    pass    
 test-amd64-i386-xl-qemut-debianhvm-amd64                     pass    
 test-amd64-amd64-xl-qemuu-debianhvm-amd64                    pass    
 test-amd64-i386-xl-qemuu-debianhvm-amd64                     pass    
 test-amd64-i386-freebsd10-amd64                              pass    
 test-amd64-amd64-xl-qemuu-ovmf-amd64                         pass    
 test-amd64-i386-xl-qemuu-ovmf-amd64                          pass    
 test-amd64-amd64-rumprun-amd64                               pass    
 test-amd64-amd64-xl-qemut-win7-amd64                         fail    
 test-amd64-i386-xl-qemut-win7-amd64                          fail    
 test-amd64-amd64-xl-qemuu-win7-amd64                         fail    
 test-amd64-i386-xl-qemuu-win7-amd64                          fail    
 test-amd64-amd64-xl-qemut-ws16-amd64                         fail    
 test-amd64-i386-xl-qemut-ws16-amd64                          fail    
 test-amd64-amd64-xl-qemuu-ws16-amd64                         fail    
 test-amd64-i386-xl-qemuu-ws16-amd64                          fail    
 test-armhf-armhf-xl-arndale                                  pass    
 test-amd64-amd64-xl-credit2                                  pass    
 test-armhf-armhf-xl-credit2                                  pass    
 test-armhf-armhf-xl-cubietruck                               pass    
 test-amd64-amd64-examine                                     pass    
 test-armhf-armhf-examine                                     pass    
 test-amd64-i386-examine                                      pass    
 test-amd64-i386-freebsd10-i386                               pass    
 test-amd64-i386-rumprun-i386                                 pass    
 test-amd64-amd64-xl-qemut-win10-i386                         fail    
 test-amd64-i386-xl-qemut-win10-i386                          fail    
 test-amd64-amd64-xl-qemuu-win10-i386                         fail    
 test-amd64-i386-xl-qemuu-win10-i386                          fail    
 test-amd64-amd64-qemuu-nested-intel                          pass    
 test-amd64-amd64-xl-pvh-intel                                pass    
 test-amd64-i386-qemut-rhel6hvm-intel                         pass    
 test-amd64-i386-qemuu-rhel6hvm-intel                         pass    
 test-amd64-amd64-libvirt                                     pass    
 test-armhf-armhf-libvirt                                     pass    
 test-amd64-i386-libvirt                                      pass    
 test-amd64-amd64-xl-multivcpu                                pass    
 test-armhf-armhf-xl-multivcpu                                pass    
 test-amd64-amd64-pair                                        pass    
 test-amd64-i386-pair                                         pass    
 test-amd64-amd64-libvirt-pair                                pass    
 test-amd64-i386-libvirt-pair                                 pass    
 test-amd64-amd64-amd64-pvgrub                                pass    
 test-amd64-amd64-i386-pvgrub                                 pass    
 test-amd64-amd64-pygrub                                      pass    
 test-amd64-i386-libvirt-qcow2                                pass    
 test-amd64-amd64-xl-qcow2                                    pass    
 test-armhf-armhf-libvirt-raw                                 pass    
 test-amd64-i386-xl-raw                                       pass    
 test-amd64-amd64-xl-rtds                                     fail    
 test-armhf-armhf-xl-rtds                                     pass    
 test-amd64-amd64-libvirt-vhd                                 pass    
 test-armhf-armhf-xl-vhd                                      pass    


------------------------------------------------------------
sg-report-flight on osstest.test-lab.xenproject.org
logs: /home/logs/logs
images: /home/logs/images

Logs, config files, etc. are available at
    http://logs.test-lab.xenproject.org/osstest/logs

Explanation of these reports, and of osstest in general, is at
    http://xenbits.xen.org/gitweb/?p=osstest.git;a=blob;f=README.email;hb=master
    http://xenbits.xen.org/gitweb/?p=osstest.git;a=blob;f=README;hb=master

Test harness code can be found at
    http://xenbits.xen.org/gitweb?p=osstest.git;a=summary


Pushing revision :

+ branch=linux-3.18
+ revision=1e0d2875797752db3b008fcbea55d5695cb0893a
+ . ./cri-lock-repos
++ . ./cri-common
+++ . ./cri-getconfig
++++ export PERLLIB=.:.
++++ PERLLIB=.:.
+++ umask 002
+++ getrepos
++++ getconfig Repos
++++ perl -e '
                use Osstest;
                readglobalconfig();
                print $c{"Repos"} or die $!;
        '
+++ local repos=/home/osstest/repos
+++ '[' -z /home/osstest/repos ']'
+++ '[' '!' -d /home/osstest/repos ']'
+++ echo /home/osstest/repos
++ repos=/home/osstest/repos
++ repos_lock=/home/osstest/repos/lock
++ '[' x '!=' x/home/osstest/repos/lock ']'
++ OSSTEST_REPOS_LOCK_LOCKED=/home/osstest/repos/lock
++ exec with-lock-ex -w /home/osstest/repos/lock ./ap-push linux-3.18 1e0d2875797752db3b008fcbea55d5695cb0893a
+ branch=linux-3.18
+ revision=1e0d2875797752db3b008fcbea55d5695cb0893a
+ . ./cri-lock-repos
++ . ./cri-common
+++ . ./cri-getconfig
++++ export PERLLIB=.:.:.
++++ PERLLIB=.:.:.
+++ umask 002
+++ getrepos
++++ getconfig Repos
++++ perl -e '
                use Osstest;
                readglobalconfig();
                print $c{"Repos"} or die $!;
        '
+++ local repos=/home/osstest/repos
+++ '[' -z /home/osstest/repos ']'
+++ '[' '!' -d /home/osstest/repos ']'
+++ echo /home/osstest/repos
++ repos=/home/osstest/repos
++ repos_lock=/home/osstest/repos/lock
++ '[' x/home/osstest/repos/lock '!=' x/home/osstest/repos/lock ']'
+ . ./cri-common
++ . ./cri-getconfig
+++ export PERLLIB=.:.:.:.
+++ PERLLIB=.:.:.:.
++ umask 002
+ select_xenbranch
+ case "$branch" in
+ tree=linux
+ xenbranch=xen-unstable
+ '[' xlinux = xlinux ']'
+ linuxbranch=linux-3.18
+ '[' x = x ']'
+ qemuubranch=qemu-upstream-unstable
+ select_prevxenbranch
++ ./cri-getprevxenbranch xen-unstable
+ prevxenbranch=xen-4.9-testing
+ '[' x1e0d2875797752db3b008fcbea55d5695cb0893a = x ']'
+ : tested/2.6.39.x
+ . ./ap-common
++ : osstest@xenbits.xen.org
+++ getconfig OsstestUpstream
+++ perl -e '
                use Osstest;
                readglobalconfig();
                print $c{"OsstestUpstream"} or die $!;
        '
++ :
++ : git://xenbits.xen.org/xen.git
++ : osstest@xenbits.xen.org:/home/xen/git/xen.git
++ : git://xenbits.xen.org/qemu-xen-traditional.git
++ : git://git.kernel.org
++ : git://git.kernel.org/pub/scm/linux/kernel/git
++ : git
++ : git://xenbits.xen.org/xtf.git
++ : osstest@xenbits.xen.org:/home/xen/git/xtf.git
++ : git://xenbits.xen.org/xtf.git
++ : git://xenbits.xen.org/libvirt.git
++ : osstest@xenbits.xen.org:/home/xen/git/libvirt.git
++ : git://xenbits.xen.org/libvirt.git
++ : git://xenbits.xen.org/osstest/rumprun.git
++ : git
++ : git://xenbits.xen.org/osstest/rumprun.git
++ : osstest@xenbits.xen.org:/home/xen/git/osstest/rumprun.git
++ : git://git.seabios.org/seabios.git
++ : osstest@xenbits.xen.org:/home/xen/git/osstest/seabios.git
++ : git://xenbits.xen.org/osstest/seabios.git
++ : https://github.com/tianocore/edk2.git
++ : osstest@xenbits.xen.org:/home/xen/git/osstest/ovmf.git
++ : git://xenbits.xen.org/osstest/ovmf.git
++ : git://xenbits.xen.org/osstest/linux-firmware.git
++ : osstest@xenbits.xen.org:/home/osstest/ext/linux-firmware.git
++ : git://git.kernel.org/pub/scm/linux/kernel/git/firmware/linux-firmware.git
++ : osstest@xenbits.xen.org:/home/xen/git/linux-pvops.git
++ : git://xenbits.xen.org/linux-pvops.git
++ : tested/linux-4.9
++ : tested/linux-arm-xen
++ '[' xgit://git.kernel.org/pub/scm/linux/kernel/git/stable/linux-stable.git = x ']'
++ '[' xgit://git.kernel.org/pub/scm/linux/kernel/git/stable/linux-stable.git = x ']'
++ : git://git.kernel.org/pub/scm/linux/kernel/git/konrad/xen.git
++ : tested/2.6.39.x
++ : daily-cron.linux-3.18
++ : daily-cron.linux-3.18
++ : daily-cron.linux-3.18
++ : daily-cron.linux-3.18
++ : daily-cron.linux-3.18
++ : daily-cron.linux-3.18
++ : daily-cron.linux-3.18
++ : http://hg.uk.xensource.com/carbon/trunk/linux-2.6.27
++ : git://xenbits.xen.org/qemu-xen.git
++ : osstest@xenbits.xen.org:/home/xen/git/qemu-xen.git
++ : daily-cron.linux-3.18
++ : git://xenbits.xen.org/qemu-xen.git
++ : git://git.qemu.org/qemu.git
+ TREE_LINUX=osstest@xenbits.xen.org:/home/xen/git/linux-pvops.git
+ TREE_QEMU_UPSTREAM=osstest@xenbits.xen.org:/home/xen/git/qemu-xen.git
+ TREE_XEN=osstest@xenbits.xen.org:/home/xen/git/xen.git
+ TREE_LIBVIRT=osstest@xenbits.xen.org:/home/xen/git/libvirt.git
+ TREE_RUMPRUN=osstest@xenbits.xen.org:/home/xen/git/osstest/rumprun.git
+ TREE_SEABIOS=osstest@xenbits.xen.org:/home/xen/git/osstest/seabios.git
+ TREE_OVMF=osstest@xenbits.xen.org:/home/xen/git/osstest/ovmf.git
+ TREE_XTF=osstest@xenbits.xen.org:/home/xen/git/xtf.git
+ info_linux_tree linux-3.18
+ case $1 in
+ : git://git.kernel.org/pub/scm/linux/kernel/git/stable/linux-stable.git
+ : linux-3.18.y
+ : linux-3.18.y
+ : git
+ : git
+ : git://xenbits.xen.org/linux-pvops.git
+ : osstest@xenbits.xen.org:/home/xen/git/linux-pvops.git
+ : tested/linux-3.18
+ : refs/heads/tested/linux-3.18
+ return 0
+ cd /home/osstest/repos/linux
+ git push osstest@xenbits.xen.org:/home/xen/git/linux-pvops.git 1e0d2875797752db3b008fcbea55d5695cb0893a:refs/heads/tested/linux-3.18
To osstest@xenbits.xen.org:/home/xen/git/linux-pvops.git
   dd8b674..1e0d287  1e0d2875797752db3b008fcbea55d5695cb0893a -> tested/linux-3.18
+ exit 0


[-- Attachment #2: Type: text/plain, Size: 127 bytes --]

_______________________________________________
Xen-devel mailing list
Xen-devel@lists.xen.org
https://lists.xen.org/xen-devel

                 reply	other threads:[~2017-09-09 20:32 UTC|newest]

Thread overview: [no followups] expand[flat|nested]  mbox.gz  Atom feed

Reply instructions:

You may reply publicly to this message via plain-text email
using any one of the following methods:

* Save the following mbox file, import it into your mail client,
  and reply-to-all from there: mbox

  Avoid top-posting and favor interleaved quoting:
  https://en.wikipedia.org/wiki/Posting_style#Interleaved_style

* Reply using the --to, --cc, and --in-reply-to
  switches of git-send-email(1):

  git send-email \
    --in-reply-to=osstest-113158-mainreport@xen.org \
    --to=osstest-admin@xenproject.org \
    --cc=xen-devel@lists.xensource.com \
    /path/to/YOUR_REPLY

  https://kernel.org/pub/software/scm/git/docs/git-send-email.html

* If your mail client supports setting the In-Reply-To header
  via mailto: links, try the mailto: link
Be sure your reply has a Subject: header at the top and a blank line before the message body.
This is a public inbox, see mirroring instructions
for how to clone and mirror all data and code used for this inbox;
as well as URLs for NNTP newsgroup(s).