From mboxrd@z Thu Jan 1 00:00:00 1970 From: osstest service owner Subject: [linux-3.18 test] 113158: tolerable FAIL - PUSHED Date: Sat, 09 Sep 2017 20:32:47 +0000 Message-ID: Mime-Version: 1.0 Content-Type: multipart/mixed; boundary="===============4612308983715562401==" Return-path: List-Unsubscribe: , List-Post: List-Help: List-Subscribe: , Errors-To: xen-devel-bounces@lists.xen.org Sender: "Xen-devel" To: xen-devel@lists.xensource.com, osstest-admin@xenproject.org List-Id: xen-devel@lists.xenproject.org --===============4612308983715562401== Content-Type: text/plain flight 113158 linux-3.18 real [real] http://logs.test-lab.xenproject.org/osstest/logs/113158/ Failures :-/ but no regressions. Tests which did not succeed, but are not blocking: test-amd64-i386-xl-qemuu-win7-amd64 17 guest-stop fail like 112085 test-armhf-armhf-libvirt-xsm 14 saverestore-support-check fail like 112102 test-amd64-amd64-xl-qemuu-win7-amd64 16 guest-localmigrate/x10 fail like 112102 test-amd64-amd64-xl-qemut-win7-amd64 16 guest-localmigrate/x10 fail like 112102 test-amd64-i386-xl-qemut-win7-amd64 16 guest-localmigrate/x10 fail like 112102 test-armhf-armhf-libvirt-raw 13 saverestore-support-check fail like 112102 test-armhf-armhf-libvirt 14 saverestore-support-check fail like 112102 test-amd64-amd64-xl-rtds 10 debian-install fail like 112102 test-amd64-amd64-xl-qemut-ws16-amd64 10 windows-install fail never pass test-amd64-amd64-xl-qemuu-ws16-amd64 10 windows-install fail never pass test-amd64-i386-libvirt 13 migrate-support-check fail never pass test-amd64-i386-libvirt-xsm 13 migrate-support-check fail never pass test-amd64-amd64-libvirt-xsm 13 migrate-support-check fail never pass test-amd64-amd64-libvirt 13 migrate-support-check fail never pass test-amd64-i386-libvirt-qemuu-debianhvm-amd64-xsm 11 migrate-support-check fail never pass test-amd64-amd64-libvirt-qemuu-debianhvm-amd64-xsm 11 migrate-support-check fail never pass test-amd64-i386-libvirt-qcow2 12 migrate-support-check fail never pass test-amd64-i386-xl-qemuu-ws16-amd64 13 guest-saverestore fail never pass test-amd64-amd64-libvirt-vhd 12 migrate-support-check fail never pass test-amd64-amd64-qemuu-nested-amd 17 debian-hvm-install/l1/l2 fail never pass test-armhf-armhf-xl-multivcpu 13 migrate-support-check fail never pass test-armhf-armhf-xl-multivcpu 14 saverestore-support-check fail never pass test-armhf-armhf-libvirt-xsm 13 migrate-support-check fail never pass test-armhf-armhf-xl 13 migrate-support-check fail never pass test-armhf-armhf-xl 14 saverestore-support-check fail never pass test-amd64-i386-xl-qemut-ws16-amd64 13 guest-saverestore fail never pass test-armhf-armhf-xl-xsm 13 migrate-support-check fail never pass test-armhf-armhf-xl-xsm 14 saverestore-support-check fail never pass test-armhf-armhf-libvirt-raw 12 migrate-support-check fail never pass test-armhf-armhf-xl-credit2 13 migrate-support-check fail never pass test-armhf-armhf-xl-credit2 14 saverestore-support-check fail never pass test-armhf-armhf-xl-arndale 13 migrate-support-check fail never pass test-armhf-armhf-xl-arndale 14 saverestore-support-check fail never pass test-armhf-armhf-libvirt 13 migrate-support-check fail never pass test-armhf-armhf-xl-rtds 13 migrate-support-check fail never pass test-armhf-armhf-xl-rtds 14 saverestore-support-check fail never pass test-armhf-armhf-xl-vhd 12 migrate-support-check fail never pass test-armhf-armhf-xl-vhd 13 saverestore-support-check fail never pass test-amd64-amd64-xl-qemut-win10-i386 10 windows-install fail never pass test-amd64-i386-xl-qemuu-win10-i386 10 windows-install fail never pass test-amd64-amd64-xl-qemuu-win10-i386 10 windows-install fail never pass test-amd64-i386-xl-qemut-win10-i386 10 windows-install fail never pass test-armhf-armhf-xl-cubietruck 13 migrate-support-check fail never pass test-armhf-armhf-xl-cubietruck 14 saverestore-support-check fail never pass version targeted for testing: linux 1e0d2875797752db3b008fcbea55d5695cb0893a baseline version: linux dd8b674caeef9381345a6369fba29d425ff433f3 Last test of basis 112102 2017-07-21 17:53:24 Z 50 days Failing since 112351 2017-07-27 22:26:55 Z 43 days 67 attempts Testing same since 113128 2017-09-07 15:16:18 Z 2 days 3 attempts ------------------------------------------------------------ People who touched revisions under test: "Eric W. Biederman" Aaron Ma Akinobu Mita Al Viro AL Yu-Chen Cho Alan Stern Alan Swanson Alex Deucher Alex Williamson Alexander Potapenko Amit Pundir Andrew Morton Andrzej Hajda Anna Schumaker Annie Cherkaev Anton Blanchard Ard Biesheuvel Arnaldo Carvalho de Melo Arnd Bergmann Banajit Goswami Bart Van Assche Ben Hutchings Bin Liu Bjorn Andersson Bjorn Helgaas Boris Brezillon Calvin Owens Chaitra Basappa Charles Milette Charles Milette Cheah Kok Cheong Chen Hong Chen Yu Chris Metcalf Chris Wilson Christian König Christian Lamparter Christoph Hellwig Christoph Lameter Chu Yuan Lin Chuck Lever Chun-Hao Lin Chunyu Hu Colin Ian King Colin King Cong Wang Corey Minyard Dan Carpenter Dan Priamo Danesh Petigara Daniel Borkmann Daniel Borkmann Daniel Vetter Dave Martin David S. Miller Denys Vlasenko Dmitriy Dmitry Torokhov Dmitry Vyukov Doug Ledford Douglas Miller Dragos Bogdan Eric Auger Eric Dumazet Eric W. Biederman Felipe Balbi Florian Fainelli Florian Meier Florian Westphal Gary Guo George G. Davis George G. Davis Gopikrishnaiah Anandan Greg Hackmann Greg Kroah-Hartman Gregory Fong Guoqing Jiang Hannes Frederic Sowa Hannes Reinecke Hannes Reinecke Hans Verkuil Hector Martin Helge Deller Herbert Xu Himanshu Madhani Icenowy Zheng Imre Deak Ingo Molnar J. Bruce Fields Jaegeuk Kim James Bottomley James Hogan James Morris James Morse James Shen Jamie Iles Jan Beulich Jan Kara Jan Stancek Jarkko Sakkinen Jason A. Donenfeld Jassi Brar Jean-Louis Dupond Jeffy Chen Jerry Lee Jia-Ju Bai Jiang Yi Jin Qian Jin Yao Jiri Olsa Jiri Slaby Jiten Thakkar Joe Perches Joel Fernandes Johan Hedberg Johan Hovold Johannes Berg Johannes Thumshirn Jonathan Cameron Jonathan Cameron Jonathan Toppins Joonas Lahtinen Jordan Crouse Josh Poimboeuf Kai-Heng Feng Kalle Valo Kalle Valo Kees Cook Konstantin Khlebnikov Krzysztof Kozlowski Krzysztof Kozlowski Kyle Huey Kyungmin Park Lad, Prabhakar Lars-Peter Clausen Laurent Vivier Leon Romanovsky Linus Torvalds Linus Walleij Lior David Liping Zhang liujian (CE) Lorenzo Stoakes Maciej W. Rozycki Maged Mokhtar Mahesh Bandewar Marc Gonzalez Marc Zyngier Marcel Holtmann Marcelo Ricardo Leitner Marek Szyprowski Mark Brown Mark Rutland Mark Salyzyn Markus Trippelsdorf Martin K. Petersen Martin Liska Martin Schwidefsky Mateusz Jurczyk Mathias Nyman Maurizio Lombardi Mauro Carvalho Chehab Maya Erez Miaoqing Pan Michael Chan Michael Ellerman Michael Gugino Michal Hocko Michal Nazarewicz Mike Christie Mike Manning Miklos Szeredi Mikulas Patocka Milan P. Gandhi Naveen N. Rao Neal Cardwell Neil Horman NeilBrown Nicholas Bellinger Nicholas Mc Guire Ofer Heifetz Oleg Nesterov Oliver Neukum Oliver O'Halloran Pablo Neira Ayuso Pali Rohár Patrick Lai Paul Mackerras Paul Moore Pavel Machek Pavel Shilovsky Peter Chen Peter Oberparleiter Peter Ujfalusi Peter Zijlstra (Intel) Peter Zijlstra Phil Reid Pierguido Lambri Pintu Kumar Prabhakar Lad Rabin Vincent Radim Krčmář Rafael J. Wysocki Ralf Baechle Rob Clark Rob Herring Rohit Vaswani Rohit Vaswani Ronnie Sahlberg Russell King Sabrina Dubroca Sachin Prabhu Samuel Ortiz Sandeep Singh Sasha Levin Sasha Levin Satish Babu Patakokila Sergei A. Trusov Sergei Shtylyov Seunghun Han Shahar Klein Shaohua Li Shyam Sundar S K Sinclair Yeh Stefan Berger Stefan Triller Stefan-Gabriel Mirea Steffen Klassert Stephen Boyd Stephen Boyd Stephen Douthit Stephen Rothwell Steve Capper Steve French Steven Rostedt (VMware) Sudeep Holla Sudip Mukherjee Sudip Mukherjee Sumit Semwal Takashi Iwai Tariq Toukan Tejun Heo Theodore Ts'o Thierry Reding Thomas Bogendoerfer Thomas Gleixner Thomas Jarosch Todd Poynor Tomasz Figa Tony Jones Tony Lindgren Ulf Hansson Valentin Vidic Vinod Koul Vishnu Pratap Singh Vlad Yasevich Vladis Dronov WANG Cong Wanpeng Li Wei Liu Wei Wang Will Deacon Willem de Bruijn Wolfram Sang Xiangliang.Yu Xiao Ni Xin Long Yao Jin Yoshihiro Shimoda Yuchung Cheng Yuejie Shi Zheng Li zhong jiang jobs: build-amd64-xsm pass build-armhf-xsm pass build-i386-xsm pass build-amd64 pass build-armhf pass build-i386 pass build-amd64-libvirt pass build-armhf-libvirt pass build-i386-libvirt pass build-amd64-pvops pass build-armhf-pvops pass build-i386-pvops pass build-amd64-rumprun pass build-i386-rumprun pass test-amd64-amd64-xl pass test-armhf-armhf-xl pass test-amd64-i386-xl pass test-amd64-amd64-xl-qemut-debianhvm-amd64-xsm pass test-amd64-i386-xl-qemut-debianhvm-amd64-xsm pass test-amd64-amd64-libvirt-qemuu-debianhvm-amd64-xsm pass test-amd64-i386-libvirt-qemuu-debianhvm-amd64-xsm pass test-amd64-amd64-xl-qemuu-debianhvm-amd64-xsm pass test-amd64-i386-xl-qemuu-debianhvm-amd64-xsm pass test-amd64-amd64-xl-qemut-stubdom-debianhvm-amd64-xsm pass test-amd64-i386-xl-qemut-stubdom-debianhvm-amd64-xsm pass test-amd64-amd64-libvirt-xsm pass test-armhf-armhf-libvirt-xsm pass test-amd64-i386-libvirt-xsm pass test-amd64-amd64-xl-xsm pass test-armhf-armhf-xl-xsm pass test-amd64-i386-xl-xsm pass test-amd64-amd64-qemuu-nested-amd fail test-amd64-amd64-xl-pvh-amd pass test-amd64-i386-qemut-rhel6hvm-amd pass test-amd64-i386-qemuu-rhel6hvm-amd pass test-amd64-amd64-xl-qemut-debianhvm-amd64 pass test-amd64-i386-xl-qemut-debianhvm-amd64 pass test-amd64-amd64-xl-qemuu-debianhvm-amd64 pass test-amd64-i386-xl-qemuu-debianhvm-amd64 pass test-amd64-i386-freebsd10-amd64 pass test-amd64-amd64-xl-qemuu-ovmf-amd64 pass test-amd64-i386-xl-qemuu-ovmf-amd64 pass test-amd64-amd64-rumprun-amd64 pass test-amd64-amd64-xl-qemut-win7-amd64 fail test-amd64-i386-xl-qemut-win7-amd64 fail test-amd64-amd64-xl-qemuu-win7-amd64 fail test-amd64-i386-xl-qemuu-win7-amd64 fail test-amd64-amd64-xl-qemut-ws16-amd64 fail test-amd64-i386-xl-qemut-ws16-amd64 fail test-amd64-amd64-xl-qemuu-ws16-amd64 fail test-amd64-i386-xl-qemuu-ws16-amd64 fail test-armhf-armhf-xl-arndale pass test-amd64-amd64-xl-credit2 pass test-armhf-armhf-xl-credit2 pass test-armhf-armhf-xl-cubietruck pass test-amd64-amd64-examine pass test-armhf-armhf-examine pass test-amd64-i386-examine pass test-amd64-i386-freebsd10-i386 pass test-amd64-i386-rumprun-i386 pass test-amd64-amd64-xl-qemut-win10-i386 fail test-amd64-i386-xl-qemut-win10-i386 fail test-amd64-amd64-xl-qemuu-win10-i386 fail test-amd64-i386-xl-qemuu-win10-i386 fail test-amd64-amd64-qemuu-nested-intel pass test-amd64-amd64-xl-pvh-intel pass test-amd64-i386-qemut-rhel6hvm-intel pass test-amd64-i386-qemuu-rhel6hvm-intel pass test-amd64-amd64-libvirt pass test-armhf-armhf-libvirt pass test-amd64-i386-libvirt pass test-amd64-amd64-xl-multivcpu pass test-armhf-armhf-xl-multivcpu pass test-amd64-amd64-pair pass test-amd64-i386-pair pass test-amd64-amd64-libvirt-pair pass test-amd64-i386-libvirt-pair pass test-amd64-amd64-amd64-pvgrub pass test-amd64-amd64-i386-pvgrub pass test-amd64-amd64-pygrub pass test-amd64-i386-libvirt-qcow2 pass test-amd64-amd64-xl-qcow2 pass test-armhf-armhf-libvirt-raw pass test-amd64-i386-xl-raw pass test-amd64-amd64-xl-rtds fail test-armhf-armhf-xl-rtds pass test-amd64-amd64-libvirt-vhd pass test-armhf-armhf-xl-vhd pass ------------------------------------------------------------ sg-report-flight on osstest.test-lab.xenproject.org logs: /home/logs/logs images: /home/logs/images Logs, config files, etc. are available at http://logs.test-lab.xenproject.org/osstest/logs Explanation of these reports, and of osstest in general, is at http://xenbits.xen.org/gitweb/?p=osstest.git;a=blob;f=README.email;hb=master http://xenbits.xen.org/gitweb/?p=osstest.git;a=blob;f=README;hb=master Test harness code can be found at http://xenbits.xen.org/gitweb?p=osstest.git;a=summary Pushing revision : + branch=linux-3.18 + revision=1e0d2875797752db3b008fcbea55d5695cb0893a + . ./cri-lock-repos ++ . ./cri-common +++ . ./cri-getconfig ++++ export PERLLIB=.:. ++++ PERLLIB=.:. +++ umask 002 +++ getrepos ++++ getconfig Repos ++++ perl -e ' use Osstest; readglobalconfig(); print $c{"Repos"} or die $!; ' +++ local repos=/home/osstest/repos +++ '[' -z /home/osstest/repos ']' +++ '[' '!' -d /home/osstest/repos ']' +++ echo /home/osstest/repos ++ repos=/home/osstest/repos ++ repos_lock=/home/osstest/repos/lock ++ '[' x '!=' x/home/osstest/repos/lock ']' ++ OSSTEST_REPOS_LOCK_LOCKED=/home/osstest/repos/lock ++ exec with-lock-ex -w /home/osstest/repos/lock ./ap-push linux-3.18 1e0d2875797752db3b008fcbea55d5695cb0893a + branch=linux-3.18 + revision=1e0d2875797752db3b008fcbea55d5695cb0893a + . ./cri-lock-repos ++ . ./cri-common +++ . ./cri-getconfig ++++ export PERLLIB=.:.:. ++++ PERLLIB=.:.:. +++ umask 002 +++ getrepos ++++ getconfig Repos ++++ perl -e ' use Osstest; readglobalconfig(); print $c{"Repos"} or die $!; ' +++ local repos=/home/osstest/repos +++ '[' -z /home/osstest/repos ']' +++ '[' '!' -d /home/osstest/repos ']' +++ echo /home/osstest/repos ++ repos=/home/osstest/repos ++ repos_lock=/home/osstest/repos/lock ++ '[' x/home/osstest/repos/lock '!=' x/home/osstest/repos/lock ']' + . ./cri-common ++ . ./cri-getconfig +++ export PERLLIB=.:.:.:. +++ PERLLIB=.:.:.:. ++ umask 002 + select_xenbranch + case "$branch" in + tree=linux + xenbranch=xen-unstable + '[' xlinux = xlinux ']' + linuxbranch=linux-3.18 + '[' x = x ']' + qemuubranch=qemu-upstream-unstable + select_prevxenbranch ++ ./cri-getprevxenbranch xen-unstable + prevxenbranch=xen-4.9-testing + '[' x1e0d2875797752db3b008fcbea55d5695cb0893a = x ']' + : tested/2.6.39.x + . ./ap-common ++ : osstest@xenbits.xen.org +++ getconfig OsstestUpstream +++ perl -e ' use Osstest; readglobalconfig(); print $c{"OsstestUpstream"} or die $!; ' ++ : ++ : git://xenbits.xen.org/xen.git ++ : osstest@xenbits.xen.org:/home/xen/git/xen.git ++ : git://xenbits.xen.org/qemu-xen-traditional.git ++ : git://git.kernel.org ++ : git://git.kernel.org/pub/scm/linux/kernel/git ++ : git ++ : git://xenbits.xen.org/xtf.git ++ : osstest@xenbits.xen.org:/home/xen/git/xtf.git ++ : git://xenbits.xen.org/xtf.git ++ : git://xenbits.xen.org/libvirt.git ++ : osstest@xenbits.xen.org:/home/xen/git/libvirt.git ++ : git://xenbits.xen.org/libvirt.git ++ : git://xenbits.xen.org/osstest/rumprun.git ++ : git ++ : git://xenbits.xen.org/osstest/rumprun.git ++ : osstest@xenbits.xen.org:/home/xen/git/osstest/rumprun.git ++ : git://git.seabios.org/seabios.git ++ : osstest@xenbits.xen.org:/home/xen/git/osstest/seabios.git ++ : git://xenbits.xen.org/osstest/seabios.git ++ : https://github.com/tianocore/edk2.git ++ : osstest@xenbits.xen.org:/home/xen/git/osstest/ovmf.git ++ : git://xenbits.xen.org/osstest/ovmf.git ++ : git://xenbits.xen.org/osstest/linux-firmware.git ++ : osstest@xenbits.xen.org:/home/osstest/ext/linux-firmware.git ++ : git://git.kernel.org/pub/scm/linux/kernel/git/firmware/linux-firmware.git ++ : osstest@xenbits.xen.org:/home/xen/git/linux-pvops.git ++ : git://xenbits.xen.org/linux-pvops.git ++ : tested/linux-4.9 ++ : tested/linux-arm-xen ++ '[' xgit://git.kernel.org/pub/scm/linux/kernel/git/stable/linux-stable.git = x ']' ++ '[' xgit://git.kernel.org/pub/scm/linux/kernel/git/stable/linux-stable.git = x ']' ++ : git://git.kernel.org/pub/scm/linux/kernel/git/konrad/xen.git ++ : tested/2.6.39.x ++ : daily-cron.linux-3.18 ++ : daily-cron.linux-3.18 ++ : daily-cron.linux-3.18 ++ : daily-cron.linux-3.18 ++ : daily-cron.linux-3.18 ++ : daily-cron.linux-3.18 ++ : daily-cron.linux-3.18 ++ : http://hg.uk.xensource.com/carbon/trunk/linux-2.6.27 ++ : git://xenbits.xen.org/qemu-xen.git ++ : osstest@xenbits.xen.org:/home/xen/git/qemu-xen.git ++ : daily-cron.linux-3.18 ++ : git://xenbits.xen.org/qemu-xen.git ++ : git://git.qemu.org/qemu.git + TREE_LINUX=osstest@xenbits.xen.org:/home/xen/git/linux-pvops.git + TREE_QEMU_UPSTREAM=osstest@xenbits.xen.org:/home/xen/git/qemu-xen.git + TREE_XEN=osstest@xenbits.xen.org:/home/xen/git/xen.git + TREE_LIBVIRT=osstest@xenbits.xen.org:/home/xen/git/libvirt.git + TREE_RUMPRUN=osstest@xenbits.xen.org:/home/xen/git/osstest/rumprun.git + TREE_SEABIOS=osstest@xenbits.xen.org:/home/xen/git/osstest/seabios.git + TREE_OVMF=osstest@xenbits.xen.org:/home/xen/git/osstest/ovmf.git + TREE_XTF=osstest@xenbits.xen.org:/home/xen/git/xtf.git + info_linux_tree linux-3.18 + case $1 in + : git://git.kernel.org/pub/scm/linux/kernel/git/stable/linux-stable.git + : linux-3.18.y + : linux-3.18.y + : git + : git + : git://xenbits.xen.org/linux-pvops.git + : osstest@xenbits.xen.org:/home/xen/git/linux-pvops.git + : tested/linux-3.18 + : refs/heads/tested/linux-3.18 + return 0 + cd /home/osstest/repos/linux + git push osstest@xenbits.xen.org:/home/xen/git/linux-pvops.git 1e0d2875797752db3b008fcbea55d5695cb0893a:refs/heads/tested/linux-3.18 To osstest@xenbits.xen.org:/home/xen/git/linux-pvops.git dd8b674..1e0d287 1e0d2875797752db3b008fcbea55d5695cb0893a -> tested/linux-3.18 + exit 0 --===============4612308983715562401== Content-Type: text/plain; charset="utf-8" MIME-Version: 1.0 Content-Transfer-Encoding: base64 Content-Disposition: inline X19fX19fX19fX19fX19fX19fX19fX19fX19fX19fX19fX19fX19fX19fX19fX18KWGVuLWRldmVs IG1haWxpbmcgbGlzdApYZW4tZGV2ZWxAbGlzdHMueGVuLm9yZwpodHRwczovL2xpc3RzLnhlbi5v cmcveGVuLWRldmVsCg== --===============4612308983715562401==--